{"id":2212,"date":"2025-06-06T22:48:32","date_gmt":"2025-06-06T22:48:32","guid":{"rendered":"https:\/\/www.electronicajnc.com\/web\/?page_id=2212"},"modified":"2025-06-21T21:43:49","modified_gmt":"2025-06-21T21:43:49","slug":"servicios-3","status":"publish","type":"page","link":"https:\/\/www.electronicajnc.com\/web\/servicios-3\/","title":{"rendered":"Cursos de Electr\u00f3nica, Rob\u00f3tica y Metodolog\u00eda STEAM."},"content":{"rendered":"\n\n\n\n\n\n\n\n\n\n\n\n\n\n","protected":false},"excerpt":{"rendered":"","protected":false},"author":86,"featured_media":0,"parent":0,"menu_order":0,"comment_status":"closed","ping_status":"closed","template":"","meta":{"saved_in_kubio":true,"_joinchat":[],"footnotes":""},"class_list":["post-2212","page","type-page","status-publish","hentry"],"kubio_ai_page_context":{"short_desc":"","purpose":"general"},"yoast_head":"<!-- This site is optimized with the Yoast SEO plugin v27.6 - https:\/\/yoast.com\/product\/yoast-seo-wordpress\/ -->\n<title>Cursos de Electr\u00f3nica, Rob\u00f3tica y Metodolog\u00eda STEAM - Electronica JNC<\/title>\n<meta name=\"description\" content=\"Cursos de Electr\u00f3nica, Rob\u00f3tica y metodolog\u00eda STEAM para docentes, somos profesionales con mas de 25 a\u00f1os de experiencia, aprende con nosotros\" \/>\n<meta name=\"robots\" content=\"index, follow, max-snippet:-1, max-image-preview:large, max-video-preview:-1\" \/>\n<link rel=\"canonical\" href=\"https:\/\/www.electronicajnc.com\/web\/servicios-3\/\" \/>\n<meta property=\"og:locale\" content=\"es_ES\" \/>\n<meta property=\"og:type\" content=\"article\" \/>\n<meta property=\"og:title\" content=\"Cursos de Electr\u00f3nica, Rob\u00f3tica y Metodolog\u00eda STEAM - Electronica JNC\" \/>\n<meta property=\"og:description\" content=\"Cursos de Electr\u00f3nica, Rob\u00f3tica y metodolog\u00eda STEAM para docentes, somos profesionales con mas de 25 a\u00f1os de experiencia, aprende con nosotros\" \/>\n<meta property=\"og:url\" content=\"https:\/\/www.electronicajnc.com\/web\/servicios-3\/\" \/>\n<meta property=\"og:site_name\" content=\"Electronica JNC\" \/>\n<meta property=\"article:modified_time\" content=\"2025-06-21T21:43:49+00:00\" \/>\n<meta name=\"twitter:card\" content=\"summary_large_image\" \/>\n<meta name=\"twitter:label1\" content=\"Tiempo de lectura\" \/>\n\t<meta name=\"twitter:data1\" content=\"2 minutos\" \/>\n<script type=\"application\/ld+json\" class=\"yoast-schema-graph\">{\"@context\":\"https:\\\/\\\/schema.org\",\"@graph\":[{\"@type\":\"WebPage\",\"@id\":\"https:\\\/\\\/www.electronicajnc.com\\\/web\\\/servicios-3\\\/\",\"url\":\"https:\\\/\\\/www.electronicajnc.com\\\/web\\\/servicios-3\\\/\",\"name\":\"Cursos de Electr\u00f3nica, Rob\u00f3tica y Metodolog\u00eda STEAM - Electronica JNC\",\"isPartOf\":{\"@id\":\"https:\\\/\\\/www.electronicajnc.com\\\/web\\\/#website\"},\"datePublished\":\"2025-06-06T22:48:32+00:00\",\"dateModified\":\"2025-06-21T21:43:49+00:00\",\"description\":\"Cursos de Electr\u00f3nica, Rob\u00f3tica y metodolog\u00eda STEAM para docentes, somos profesionales con mas de 25 a\u00f1os de experiencia, aprende con nosotros\",\"breadcrumb\":{\"@id\":\"https:\\\/\\\/www.electronicajnc.com\\\/web\\\/servicios-3\\\/#breadcrumb\"},\"inLanguage\":\"es\",\"potentialAction\":[{\"@type\":\"ReadAction\",\"target\":[\"https:\\\/\\\/www.electronicajnc.com\\\/web\\\/servicios-3\\\/\"]}]},{\"@type\":\"BreadcrumbList\",\"@id\":\"https:\\\/\\\/www.electronicajnc.com\\\/web\\\/servicios-3\\\/#breadcrumb\",\"itemListElement\":[{\"@type\":\"ListItem\",\"position\":1,\"name\":\"Portada\",\"item\":\"https:\\\/\\\/www.electronicajnc.com\\\/web\\\/\"},{\"@type\":\"ListItem\",\"position\":2,\"name\":\"Cursos de Electr\u00f3nica\"}]},{\"@type\":\"WebSite\",\"@id\":\"https:\\\/\\\/www.electronicajnc.com\\\/web\\\/#website\",\"url\":\"https:\\\/\\\/www.electronicajnc.com\\\/web\\\/\",\"name\":\"Electronica JNC\",\"description\":\"Robotica Tecnologia Mecatronica en Ecuador\",\"publisher\":{\"@id\":\"https:\\\/\\\/www.electronicajnc.com\\\/web\\\/#organization\"},\"potentialAction\":[{\"@type\":\"SearchAction\",\"target\":{\"@type\":\"EntryPoint\",\"urlTemplate\":\"https:\\\/\\\/www.electronicajnc.com\\\/web\\\/?s={search_term_string}\"},\"query-input\":{\"@type\":\"PropertyValueSpecification\",\"valueRequired\":true,\"valueName\":\"search_term_string\"}}],\"inLanguage\":\"es\"},{\"@type\":\"Organization\",\"@id\":\"https:\\\/\\\/www.electronicajnc.com\\\/web\\\/#organization\",\"name\":\"Electronica JNC\",\"url\":\"https:\\\/\\\/www.electronicajnc.com\\\/web\\\/\",\"logo\":{\"@type\":\"ImageObject\",\"inLanguage\":\"es\",\"@id\":\"https:\\\/\\\/www.electronicajnc.com\\\/web\\\/#\\\/schema\\\/logo\\\/image\\\/\",\"url\":\"https:\\\/\\\/www.electronicajnc.com\\\/web\\\/wp-content\\\/uploads\\\/2023\\\/06\\\/nuevo-logo.jpg\",\"contentUrl\":\"https:\\\/\\\/www.electronicajnc.com\\\/web\\\/wp-content\\\/uploads\\\/2023\\\/06\\\/nuevo-logo.jpg\",\"width\":1256,\"height\":612,\"caption\":\"Electronica JNC\"},\"image\":{\"@id\":\"https:\\\/\\\/www.electronicajnc.com\\\/web\\\/#\\\/schema\\\/logo\\\/image\\\/\"}}]}<\/script>\n<!-- \/ Yoast SEO plugin. -->","yoast_head_json":{"title":"Cursos de Electr\u00f3nica, Rob\u00f3tica y Metodolog\u00eda STEAM - Electronica JNC","description":"Cursos de Electr\u00f3nica, Rob\u00f3tica y metodolog\u00eda STEAM para docentes, somos profesionales con mas de 25 a\u00f1os de experiencia, aprende con nosotros","robots":{"index":"index","follow":"follow","max-snippet":"max-snippet:-1","max-image-preview":"max-image-preview:large","max-video-preview":"max-video-preview:-1"},"canonical":"https:\/\/www.electronicajnc.com\/web\/servicios-3\/","og_locale":"es_ES","og_type":"article","og_title":"Cursos de Electr\u00f3nica, Rob\u00f3tica y Metodolog\u00eda STEAM - Electronica JNC","og_description":"Cursos de Electr\u00f3nica, Rob\u00f3tica y metodolog\u00eda STEAM para docentes, somos profesionales con mas de 25 a\u00f1os de experiencia, aprende con nosotros","og_url":"https:\/\/www.electronicajnc.com\/web\/servicios-3\/","og_site_name":"Electronica JNC","article_modified_time":"2025-06-21T21:43:49+00:00","twitter_card":"summary_large_image","twitter_misc":{"Tiempo de lectura":"2 minutos"},"schema":{"@context":"https:\/\/schema.org","@graph":[{"@type":"WebPage","@id":"https:\/\/www.electronicajnc.com\/web\/servicios-3\/","url":"https:\/\/www.electronicajnc.com\/web\/servicios-3\/","name":"Cursos de Electr\u00f3nica, Rob\u00f3tica y Metodolog\u00eda STEAM - Electronica JNC","isPartOf":{"@id":"https:\/\/www.electronicajnc.com\/web\/#website"},"datePublished":"2025-06-06T22:48:32+00:00","dateModified":"2025-06-21T21:43:49+00:00","description":"Cursos de Electr\u00f3nica, Rob\u00f3tica y metodolog\u00eda STEAM para docentes, somos profesionales con mas de 25 a\u00f1os de experiencia, aprende con nosotros","breadcrumb":{"@id":"https:\/\/www.electronicajnc.com\/web\/servicios-3\/#breadcrumb"},"inLanguage":"es","potentialAction":[{"@type":"ReadAction","target":["https:\/\/www.electronicajnc.com\/web\/servicios-3\/"]}]},{"@type":"BreadcrumbList","@id":"https:\/\/www.electronicajnc.com\/web\/servicios-3\/#breadcrumb","itemListElement":[{"@type":"ListItem","position":1,"name":"Portada","item":"https:\/\/www.electronicajnc.com\/web\/"},{"@type":"ListItem","position":2,"name":"Cursos de Electr\u00f3nica"}]},{"@type":"WebSite","@id":"https:\/\/www.electronicajnc.com\/web\/#website","url":"https:\/\/www.electronicajnc.com\/web\/","name":"Electronica JNC","description":"Robotica Tecnologia Mecatronica en Ecuador","publisher":{"@id":"https:\/\/www.electronicajnc.com\/web\/#organization"},"potentialAction":[{"@type":"SearchAction","target":{"@type":"EntryPoint","urlTemplate":"https:\/\/www.electronicajnc.com\/web\/?s={search_term_string}"},"query-input":{"@type":"PropertyValueSpecification","valueRequired":true,"valueName":"search_term_string"}}],"inLanguage":"es"},{"@type":"Organization","@id":"https:\/\/www.electronicajnc.com\/web\/#organization","name":"Electronica JNC","url":"https:\/\/www.electronicajnc.com\/web\/","logo":{"@type":"ImageObject","inLanguage":"es","@id":"https:\/\/www.electronicajnc.com\/web\/#\/schema\/logo\/image\/","url":"https:\/\/www.electronicajnc.com\/web\/wp-content\/uploads\/2023\/06\/nuevo-logo.jpg","contentUrl":"https:\/\/www.electronicajnc.com\/web\/wp-content\/uploads\/2023\/06\/nuevo-logo.jpg","width":1256,"height":612,"caption":"Electronica JNC"},"image":{"@id":"https:\/\/www.electronicajnc.com\/web\/#\/schema\/logo\/image\/"}}]}},"_links":{"self":[{"href":"https:\/\/www.electronicajnc.com\/web\/wp-json\/wp\/v2\/pages\/2212","targetHints":{"allow":["GET"]}}],"collection":[{"href":"https:\/\/www.electronicajnc.com\/web\/wp-json\/wp\/v2\/pages"}],"about":[{"href":"https:\/\/www.electronicajnc.com\/web\/wp-json\/wp\/v2\/types\/page"}],"author":[{"embeddable":true,"href":"https:\/\/www.electronicajnc.com\/web\/wp-json\/wp\/v2\/users\/86"}],"replies":[{"embeddable":true,"href":"https:\/\/www.electronicajnc.com\/web\/wp-json\/wp\/v2\/comments?post=2212"}],"version-history":[{"count":21,"href":"https:\/\/www.electronicajnc.com\/web\/wp-json\/wp\/v2\/pages\/2212\/revisions"}],"predecessor-version":[{"id":2356,"href":"https:\/\/www.electronicajnc.com\/web\/wp-json\/wp\/v2\/pages\/2212\/revisions\/2356"}],"wp:attachment":[{"href":"https:\/\/www.electronicajnc.com\/web\/wp-json\/wp\/v2\/media?parent=2212"}],"curies":[{"name":"wp","href":"https:\/\/api.w.org\/{rel}","templated":true}]}}