{"id":1031,"date":"2023-10-31T23:31:51","date_gmt":"2023-10-31T23:31:51","guid":{"rendered":"https:\/\/www.electronicajnc.com\/web\/?post_type=product&#038;p=1031"},"modified":"2025-07-31T16:10:05","modified_gmt":"2025-07-31T16:10:05","slug":"sensor-medidor-tds-solidos-disueltos-totales-calidad-agua-ppm","status":"publish","type":"product","link":"https:\/\/www.electronicajnc.com\/web\/producto\/sensor-medidor-tds-solidos-disueltos-totales-calidad-agua-ppm\/","title":{"rendered":"Sensor Medidor TDS Solidos Disueltos Totales Calidad Agua PPM"},"content":{"rendered":"<p class=\"product_title entry-title\">Sensor Medidor TDS Solidos Disueltos Totales Calidad Agua PPM<\/p>\n<p><img fetchpriority=\"high\" decoding=\"async\" class=\"aligncenter\" src=\"https:\/\/www.electronicajnc.com\/web\/wp-content\/uploads\/2023\/10\/TDS-ARDUINO-2.jpg\" alt=\"M\u00f3dulo Sensor Medidor TDS\" width=\"592\" height=\"528\" \/><\/p>\n<p>Este es un kit de sensor\/medidor TDS compatible con Arduino para medir el valor TDS del agua, para reflejar la limpieza del agua. Se puede aplicar al agua dom\u00e9stica, hidrop\u00f3nica y otros campos de pruebas de calidad del agua. Tambi\u00e9n puedes consultar la gu\u00eda de selecci\u00f3n del sensor l\u00edquido para familiarizarte con nuestra serie de sensores l\u00edquidos.<\/p>\n<p>TDS (s\u00f3lidos disueltos totales) indica que cu\u00e1ntos miligramos de s\u00f3lidos solubles disueltos en un litro de agua. En general, cuanto mayor sea el valor de TDS, m\u00e1s s\u00f3lidos solubles disueltos en agua y menos limpia es el agua. Por lo tanto, el valor TDS se puede utilizar como una de las referencias para reflejar la limpieza del agua. El bol\u00edgrafo TDS es un equipo ampliamente utilizado para medir el valor TDS. Es asequible y f\u00e1cil de usar, pero no es capaz de transmitir datos al sistema de control para el monitoreo en l\u00ednea para hacer algunos an\u00e1lisis de calidad del agua. El instrumento profesional tiene alta precisi\u00f3n y puede enviar datos al sistema de control, pero es caro para las personas comunes. Con este fin, hemos lanzado un kit de sensor TDS anal\u00f3gico que es compatible con Arduino, plug and play, f\u00e1cil de usar. A juego con el controlador Arduino, puedes construir un detector TDS f\u00e1cilmente para medir el valor TDS del l\u00edquido.<\/p>\n<h1 class=\"product_title entry-title\">Sensor Medidor TDS Solidos Disueltos Totales Calidad Agua PPM<\/h1>\n<h2><strong>Caracter\u00edsticas<\/strong><\/h2>\n<ul>\n<li>Tarjeta transmisora de se\u00f1al\n<ul>\n<li>Voltaje de entrada: 3.3 ~ 5.5V<\/li>\n<li>Voltaje de salida: 0 ~ 2.3V<\/li>\n<li>Corriente de trabajo: 3 ~ 6mA<\/li>\n<li>TDS Rango de medici\u00f3n: 0 ~ 1000ppm<\/li>\n<li>Precisi\u00f3n de medici\u00f3n TDS: \u00b1 10% F.S. (25 \u2103)<\/li>\n<li>Tama\u00f1o del m\u00f3dulo: 42 * 32mm<\/li>\n<li>M\u00f3dulo de interfaz: PH2.0-3P<\/li>\n<li>Interfaz de electrodo: XH2.54-2P<\/li>\n<\/ul>\n<\/li>\n<li>Sonda TDS\n<ul>\n<li>N\u00famero de agujas: 2<\/li>\n<li>Longitud total: 83cm<\/li>\n<li>Interfaz de conexi\u00f3n: XH2.54-2P<\/li>\n<li>Color: Blanca<\/li>\n<\/ul>\n<\/li>\n<\/ul>\n<div>\n<h2><b>\u00bfD\u00f3nde<\/b><strong>\u00a0conseguir ?<\/strong><\/h2>\n<\/div>\n<p>Puedes conseguir este producto y mucho mas en nuestra tienda de electr\u00f3nica \u201cElectr\u00f3nica JNC\u201d a un excelente precio, de igual manera puedes preguntar por otros productos que tenemos para ti y as\u00ed adquirirlos seg\u00fan tu necesidad para\u00a0 tus proyectos.<\/p>\n<p>Adem\u00e1s de vender realizamos todo tipo de proyectos de Rob\u00f3tica Electr\u00f3nica y de Programaci\u00f3n en Arduino-Raspberry, brindamos asesoramiento en la elaboraci\u00f3n de proyectos y personalizamos sus clases cuando deseas armar un robot.<\/p>\n<p>Somos importadores Directos de todo en Electr\u00f3nica y Rob\u00f3tica directamente desde los fabricantes, a los mejores precios del mercado.<\/p>\n<div class=\"x11i5rnm xat24cr x1mh8g0r x1vvkbs xtlvy1s x126k92a\">\n<div dir=\"auto\">SERVICIO PERSONALIZADO, APOYO TEORICO Y VENTA DE MATERIAL<\/div>\n<\/div>\n<div class=\"x11i5rnm xat24cr x1mh8g0r x1vvkbs xtlvy1s x126k92a\">\n<div dir=\"auto\">COTIZA CON NOSOTROS<\/div>\n<div dir=\"auto\">SERVICIO, EXPERIENCIA, CALIDAD Y CONFIANZA<\/div>\n<div dir=\"auto\">\u00abTodo lo que buscas en un solo lugar\u00bb<\/div>\n<\/div>\n<div dir=\"auto\"><\/div>\n<p><img decoding=\"async\" class=\"aligncenter\" src=\"https:\/\/images.ua.prom.st\/1494267654_1494267654.jpg?PImaGE_ID=1494267654\" \/><\/p>\n<p style=\"text-align: center;\">Realizar un pedido en la web o por \u00a0<a href=\"https:\/\/api.whatsapp.com\/send?phone=593958753126\" target=\"_blank\" rel=\"noopener\">WHATSAPP<\/a>.<\/p>\n<p><img decoding=\"async\" class=\"aligncenter\" src=\"https:\/\/images.ua.prom.st\/1494267867_1494267867.jpg?PImaGE_ID=1494267867\" \/><\/p>\n<p style=\"text-align: center;\">Consulta con un asesor\u00a0 todas tus inquietudes.<\/p>\n<p><img decoding=\"async\" class=\"aligncenter\" src=\"https:\/\/images.ua.prom.st\/1494266627_1494266627.jpg?PImaGE_ID=1494266627\" \/><\/p>\n<p style=\"text-align: center;\">Pregunta las formas de pago.<\/p>\n<p><img decoding=\"async\" class=\"aligncenter\" src=\"https:\/\/images.ua.prom.st\/1494267985_1494267985.jpg?PImaGE_ID=1494267985\" \/><\/p>\n<p style=\"text-align: center;\">Tu pedido llega a la puerta de tu casa.<\/p>\n<p>&nbsp;<\/p>\n<p><strong>\u00a1\u00a1 PREGUNTANOS Sin compromiso !!!!<\/strong><\/p>\n<p>Puede retirar sus pedidos en nuestra\u00a0<a href=\"https:\/\/www.electronicajnc.com\/web\/contactos\" target=\"_blank\" rel=\"noopener\">TIENDA F\u00cdSICA<\/a>\u00a0o realizar sus pedidos\u00a0<a href=\"https:\/\/www.electronicajnc.com\/web\/mi-cuenta\" target=\"_blank\" rel=\"noopener\">ONLINE<\/a>\u00a0o por\u00a0<a href=\"https:\/\/api.whatsapp.com\/send?phone=593958753126\" target=\"_blank\" rel=\"noopener\">WHATSAPP<\/a>.<\/p>\n","protected":false},"excerpt":{"rendered":"<p>El Sensor Medidor TDS es un kit de medidor de TDS compatible con Arduino para medir el valor de TDS del agua, para reflejar la limpieza del agua. El medidor de TDS se puede aplicar al agua dom\u00e9stica, hidrop\u00f3nica y otros campos de pruebas de calidad del agua. Con este producto, puede hacer f\u00e1cilmente un detector de TDS para reflejar la limpieza del agua para proteger su salud.<\/p>\n","protected":false},"featured_media":1032,"comment_status":"closed","ping_status":"closed","template":"","meta":{"saved_in_kubio":false,"_joinchat":[]},"product_brand":[],"product_cat":[21],"product_tag":[691,719,699,697,692,694,696,701,717,318,703,704,700,705,702,693,698,718,35,695],"class_list":{"0":"post-1031","1":"product","2":"type-product","3":"status-publish","4":"has-post-thumbnail","6":"product_cat-modulos_sensores","7":"product_tag-compra-online-kit-arduino","8":"product_tag-control-de-motores-control-de-motores","9":"product_tag-conversion-analogica-a-digital","10":"product_tag-educacion-stem","11":"product_tag-kit-arduino","12":"product_tag-kit-diy","13":"product_tag-kit-iot","14":"product_tag-kit-steam","15":"product_tag-kits-arduino","16":"product_tag-microcontrolador","17":"product_tag-modulo-bluetooth-hc05","18":"product_tag-modulo-sensor","19":"product_tag-nodemcu-esp8266","20":"product_tag-pantalla-i2c","21":"product_tag-pantalla-lcd","22":"product_tag-pantalla-led","23":"product_tag-placa-arduino","24":"product_tag-proyectos-arduino-uno-r3","25":"product_tag-sensor-de-temperatura","26":"product_tag-servomotor","28":"first","29":"instock","30":"taxable","31":"shipping-taxable","32":"purchasable","33":"product-type-simple"},"yoast_head":"<!-- This site is optimized with the Yoast SEO plugin v27.4 - https:\/\/yoast.com\/product\/yoast-seo-wordpress\/ -->\n<title>Sensor Medidor TDS Solidos Disueltos Totales Calidad Agua PPM - Electronica JNC<\/title>\n<meta name=\"description\" content=\"Sensor Medidor TDS Solidos Disueltos Totales Calidad Agua PPM se puede utilizar en aplicaciones de calidad del agua, como agua dom\u00e9stica, hidropon\u00eda.\" \/>\n<meta name=\"robots\" content=\"index, follow, max-snippet:-1, max-image-preview:large, max-video-preview:-1\" \/>\n<link rel=\"canonical\" href=\"https:\/\/www.electronicajnc.com\/web\/producto\/sensor-medidor-tds-solidos-disueltos-totales-calidad-agua-ppm\/\" \/>\n<meta property=\"og:locale\" content=\"es_ES\" \/>\n<meta property=\"og:type\" content=\"article\" \/>\n<meta property=\"og:title\" content=\"Sensor Medidor TDS Solidos Disueltos Totales Calidad Agua PPM - Electronica JNC\" \/>\n<meta property=\"og:description\" content=\"Sensor Medidor TDS Solidos Disueltos Totales Calidad Agua PPM se puede utilizar en aplicaciones de calidad del agua, como agua dom\u00e9stica, hidropon\u00eda.\" \/>\n<meta property=\"og:url\" content=\"https:\/\/www.electronicajnc.com\/web\/producto\/sensor-medidor-tds-solidos-disueltos-totales-calidad-agua-ppm\/\" \/>\n<meta property=\"og:site_name\" content=\"Electronica JNC\" \/>\n<meta property=\"article:modified_time\" content=\"2025-07-31T16:10:05+00:00\" \/>\n<meta property=\"og:image\" content=\"https:\/\/www.electronicajnc.com\/web\/wp-content\/uploads\/2023\/10\/TDS-ARDUINO-2.jpg\" \/>\n\t<meta property=\"og:image:width\" content=\"1209\" \/>\n\t<meta property=\"og:image:height\" content=\"1078\" \/>\n\t<meta property=\"og:image:type\" content=\"image\/jpeg\" \/>\n<meta name=\"twitter:card\" content=\"summary_large_image\" \/>\n<meta name=\"twitter:label1\" content=\"Tiempo de lectura\" \/>\n\t<meta name=\"twitter:data1\" content=\"4 minutos\" \/>\n<script type=\"application\/ld+json\" class=\"yoast-schema-graph\">{\"@context\":\"https:\\\/\\\/schema.org\",\"@graph\":[{\"@type\":\"WebPage\",\"@id\":\"https:\\\/\\\/www.electronicajnc.com\\\/web\\\/producto\\\/sensor-medidor-tds-solidos-disueltos-totales-calidad-agua-ppm\\\/\",\"url\":\"https:\\\/\\\/www.electronicajnc.com\\\/web\\\/producto\\\/sensor-medidor-tds-solidos-disueltos-totales-calidad-agua-ppm\\\/\",\"name\":\"Sensor Medidor TDS Solidos Disueltos Totales Calidad Agua PPM - Electronica JNC\",\"isPartOf\":{\"@id\":\"https:\\\/\\\/www.electronicajnc.com\\\/web\\\/#website\"},\"primaryImageOfPage\":{\"@id\":\"https:\\\/\\\/www.electronicajnc.com\\\/web\\\/producto\\\/sensor-medidor-tds-solidos-disueltos-totales-calidad-agua-ppm\\\/#primaryimage\"},\"image\":{\"@id\":\"https:\\\/\\\/www.electronicajnc.com\\\/web\\\/producto\\\/sensor-medidor-tds-solidos-disueltos-totales-calidad-agua-ppm\\\/#primaryimage\"},\"thumbnailUrl\":\"https:\\\/\\\/www.electronicajnc.com\\\/web\\\/wp-content\\\/uploads\\\/2023\\\/10\\\/TDS-ARDUINO-2.jpg\",\"datePublished\":\"2023-10-31T23:31:51+00:00\",\"dateModified\":\"2025-07-31T16:10:05+00:00\",\"description\":\"Sensor Medidor TDS Solidos Disueltos Totales Calidad Agua PPM se puede utilizar en aplicaciones de calidad del agua, como agua dom\u00e9stica, hidropon\u00eda.\",\"breadcrumb\":{\"@id\":\"https:\\\/\\\/www.electronicajnc.com\\\/web\\\/producto\\\/sensor-medidor-tds-solidos-disueltos-totales-calidad-agua-ppm\\\/#breadcrumb\"},\"inLanguage\":\"es\",\"potentialAction\":[{\"@type\":\"ReadAction\",\"target\":[\"https:\\\/\\\/www.electronicajnc.com\\\/web\\\/producto\\\/sensor-medidor-tds-solidos-disueltos-totales-calidad-agua-ppm\\\/\"]}]},{\"@type\":\"ImageObject\",\"inLanguage\":\"es\",\"@id\":\"https:\\\/\\\/www.electronicajnc.com\\\/web\\\/producto\\\/sensor-medidor-tds-solidos-disueltos-totales-calidad-agua-ppm\\\/#primaryimage\",\"url\":\"https:\\\/\\\/www.electronicajnc.com\\\/web\\\/wp-content\\\/uploads\\\/2023\\\/10\\\/TDS-ARDUINO-2.jpg\",\"contentUrl\":\"https:\\\/\\\/www.electronicajnc.com\\\/web\\\/wp-content\\\/uploads\\\/2023\\\/10\\\/TDS-ARDUINO-2.jpg\",\"width\":1209,\"height\":1078,\"caption\":\"M\u00f3dulo Sensor Medidor TDS\"},{\"@type\":\"BreadcrumbList\",\"@id\":\"https:\\\/\\\/www.electronicajnc.com\\\/web\\\/producto\\\/sensor-medidor-tds-solidos-disueltos-totales-calidad-agua-ppm\\\/#breadcrumb\",\"itemListElement\":[{\"@type\":\"ListItem\",\"position\":1,\"name\":\"Portada\",\"item\":\"https:\\\/\\\/www.electronicajnc.com\\\/web\\\/\"},{\"@type\":\"ListItem\",\"position\":2,\"name\":\"TIENDA\",\"item\":\"https:\\\/\\\/www.electronicajnc.com\\\/web\\\/tienda\\\/\"},{\"@type\":\"ListItem\",\"position\":3,\"name\":\"Sensor Medidor TDS Solidos Disueltos Totales Calidad Agua PPM\"}]},{\"@type\":\"WebSite\",\"@id\":\"https:\\\/\\\/www.electronicajnc.com\\\/web\\\/#website\",\"url\":\"https:\\\/\\\/www.electronicajnc.com\\\/web\\\/\",\"name\":\"Electronica JNC\",\"description\":\"Robotica Tecnologia Mecatronica en Ecuador\",\"publisher\":{\"@id\":\"https:\\\/\\\/www.electronicajnc.com\\\/web\\\/#organization\"},\"potentialAction\":[{\"@type\":\"SearchAction\",\"target\":{\"@type\":\"EntryPoint\",\"urlTemplate\":\"https:\\\/\\\/www.electronicajnc.com\\\/web\\\/?s={search_term_string}\"},\"query-input\":{\"@type\":\"PropertyValueSpecification\",\"valueRequired\":true,\"valueName\":\"search_term_string\"}}],\"inLanguage\":\"es\"},{\"@type\":\"Organization\",\"@id\":\"https:\\\/\\\/www.electronicajnc.com\\\/web\\\/#organization\",\"name\":\"Electronica JNC\",\"url\":\"https:\\\/\\\/www.electronicajnc.com\\\/web\\\/\",\"logo\":{\"@type\":\"ImageObject\",\"inLanguage\":\"es\",\"@id\":\"https:\\\/\\\/www.electronicajnc.com\\\/web\\\/#\\\/schema\\\/logo\\\/image\\\/\",\"url\":\"https:\\\/\\\/www.electronicajnc.com\\\/web\\\/wp-content\\\/uploads\\\/2023\\\/06\\\/nuevo-logo.jpg\",\"contentUrl\":\"https:\\\/\\\/www.electronicajnc.com\\\/web\\\/wp-content\\\/uploads\\\/2023\\\/06\\\/nuevo-logo.jpg\",\"width\":1256,\"height\":612,\"caption\":\"Electronica JNC\"},\"image\":{\"@id\":\"https:\\\/\\\/www.electronicajnc.com\\\/web\\\/#\\\/schema\\\/logo\\\/image\\\/\"}}]}<\/script>\n<!-- \/ Yoast SEO plugin. -->","yoast_head_json":{"title":"Sensor Medidor TDS Solidos Disueltos Totales Calidad Agua PPM - Electronica JNC","description":"Sensor Medidor TDS Solidos Disueltos Totales Calidad Agua PPM se puede utilizar en aplicaciones de calidad del agua, como agua dom\u00e9stica, hidropon\u00eda.","robots":{"index":"index","follow":"follow","max-snippet":"max-snippet:-1","max-image-preview":"max-image-preview:large","max-video-preview":"max-video-preview:-1"},"canonical":"https:\/\/www.electronicajnc.com\/web\/producto\/sensor-medidor-tds-solidos-disueltos-totales-calidad-agua-ppm\/","og_locale":"es_ES","og_type":"article","og_title":"Sensor Medidor TDS Solidos Disueltos Totales Calidad Agua PPM - Electronica JNC","og_description":"Sensor Medidor TDS Solidos Disueltos Totales Calidad Agua PPM se puede utilizar en aplicaciones de calidad del agua, como agua dom\u00e9stica, hidropon\u00eda.","og_url":"https:\/\/www.electronicajnc.com\/web\/producto\/sensor-medidor-tds-solidos-disueltos-totales-calidad-agua-ppm\/","og_site_name":"Electronica JNC","article_modified_time":"2025-07-31T16:10:05+00:00","og_image":[{"width":1209,"height":1078,"url":"https:\/\/www.electronicajnc.com\/web\/wp-content\/uploads\/2023\/10\/TDS-ARDUINO-2.jpg","type":"image\/jpeg"}],"twitter_card":"summary_large_image","twitter_misc":{"Tiempo de lectura":"4 minutos"},"schema":{"@context":"https:\/\/schema.org","@graph":[{"@type":"WebPage","@id":"https:\/\/www.electronicajnc.com\/web\/producto\/sensor-medidor-tds-solidos-disueltos-totales-calidad-agua-ppm\/","url":"https:\/\/www.electronicajnc.com\/web\/producto\/sensor-medidor-tds-solidos-disueltos-totales-calidad-agua-ppm\/","name":"Sensor Medidor TDS Solidos Disueltos Totales Calidad Agua PPM - Electronica JNC","isPartOf":{"@id":"https:\/\/www.electronicajnc.com\/web\/#website"},"primaryImageOfPage":{"@id":"https:\/\/www.electronicajnc.com\/web\/producto\/sensor-medidor-tds-solidos-disueltos-totales-calidad-agua-ppm\/#primaryimage"},"image":{"@id":"https:\/\/www.electronicajnc.com\/web\/producto\/sensor-medidor-tds-solidos-disueltos-totales-calidad-agua-ppm\/#primaryimage"},"thumbnailUrl":"https:\/\/www.electronicajnc.com\/web\/wp-content\/uploads\/2023\/10\/TDS-ARDUINO-2.jpg","datePublished":"2023-10-31T23:31:51+00:00","dateModified":"2025-07-31T16:10:05+00:00","description":"Sensor Medidor TDS Solidos Disueltos Totales Calidad Agua PPM se puede utilizar en aplicaciones de calidad del agua, como agua dom\u00e9stica, hidropon\u00eda.","breadcrumb":{"@id":"https:\/\/www.electronicajnc.com\/web\/producto\/sensor-medidor-tds-solidos-disueltos-totales-calidad-agua-ppm\/#breadcrumb"},"inLanguage":"es","potentialAction":[{"@type":"ReadAction","target":["https:\/\/www.electronicajnc.com\/web\/producto\/sensor-medidor-tds-solidos-disueltos-totales-calidad-agua-ppm\/"]}]},{"@type":"ImageObject","inLanguage":"es","@id":"https:\/\/www.electronicajnc.com\/web\/producto\/sensor-medidor-tds-solidos-disueltos-totales-calidad-agua-ppm\/#primaryimage","url":"https:\/\/www.electronicajnc.com\/web\/wp-content\/uploads\/2023\/10\/TDS-ARDUINO-2.jpg","contentUrl":"https:\/\/www.electronicajnc.com\/web\/wp-content\/uploads\/2023\/10\/TDS-ARDUINO-2.jpg","width":1209,"height":1078,"caption":"M\u00f3dulo Sensor Medidor TDS"},{"@type":"BreadcrumbList","@id":"https:\/\/www.electronicajnc.com\/web\/producto\/sensor-medidor-tds-solidos-disueltos-totales-calidad-agua-ppm\/#breadcrumb","itemListElement":[{"@type":"ListItem","position":1,"name":"Portada","item":"https:\/\/www.electronicajnc.com\/web\/"},{"@type":"ListItem","position":2,"name":"TIENDA","item":"https:\/\/www.electronicajnc.com\/web\/tienda\/"},{"@type":"ListItem","position":3,"name":"Sensor Medidor TDS Solidos Disueltos Totales Calidad Agua PPM"}]},{"@type":"WebSite","@id":"https:\/\/www.electronicajnc.com\/web\/#website","url":"https:\/\/www.electronicajnc.com\/web\/","name":"Electronica JNC","description":"Robotica Tecnologia Mecatronica en Ecuador","publisher":{"@id":"https:\/\/www.electronicajnc.com\/web\/#organization"},"potentialAction":[{"@type":"SearchAction","target":{"@type":"EntryPoint","urlTemplate":"https:\/\/www.electronicajnc.com\/web\/?s={search_term_string}"},"query-input":{"@type":"PropertyValueSpecification","valueRequired":true,"valueName":"search_term_string"}}],"inLanguage":"es"},{"@type":"Organization","@id":"https:\/\/www.electronicajnc.com\/web\/#organization","name":"Electronica JNC","url":"https:\/\/www.electronicajnc.com\/web\/","logo":{"@type":"ImageObject","inLanguage":"es","@id":"https:\/\/www.electronicajnc.com\/web\/#\/schema\/logo\/image\/","url":"https:\/\/www.electronicajnc.com\/web\/wp-content\/uploads\/2023\/06\/nuevo-logo.jpg","contentUrl":"https:\/\/www.electronicajnc.com\/web\/wp-content\/uploads\/2023\/06\/nuevo-logo.jpg","width":1256,"height":612,"caption":"Electronica JNC"},"image":{"@id":"https:\/\/www.electronicajnc.com\/web\/#\/schema\/logo\/image\/"}}]}},"_links":{"self":[{"href":"https:\/\/www.electronicajnc.com\/web\/wp-json\/wp\/v2\/product\/1031","targetHints":{"allow":["GET"]}}],"collection":[{"href":"https:\/\/www.electronicajnc.com\/web\/wp-json\/wp\/v2\/product"}],"about":[{"href":"https:\/\/www.electronicajnc.com\/web\/wp-json\/wp\/v2\/types\/product"}],"replies":[{"embeddable":true,"href":"https:\/\/www.electronicajnc.com\/web\/wp-json\/wp\/v2\/comments?post=1031"}],"wp:featuredmedia":[{"embeddable":true,"href":"https:\/\/www.electronicajnc.com\/web\/wp-json\/wp\/v2\/media\/1032"}],"wp:attachment":[{"href":"https:\/\/www.electronicajnc.com\/web\/wp-json\/wp\/v2\/media?parent=1031"}],"wp:term":[{"taxonomy":"product_brand","embeddable":true,"href":"https:\/\/www.electronicajnc.com\/web\/wp-json\/wp\/v2\/product_brand?post=1031"},{"taxonomy":"product_cat","embeddable":true,"href":"https:\/\/www.electronicajnc.com\/web\/wp-json\/wp\/v2\/product_cat?post=1031"},{"taxonomy":"product_tag","embeddable":true,"href":"https:\/\/www.electronicajnc.com\/web\/wp-json\/wp\/v2\/product_tag?post=1031"}],"curies":[{"name":"wp","href":"https:\/\/api.w.org\/{rel}","templated":true}]}}