{"id":1113,"date":"2023-11-20T14:49:59","date_gmt":"2023-11-20T14:49:59","guid":{"rendered":"https:\/\/www.electronicajnc.com\/web\/?post_type=product&#038;p=1113"},"modified":"2024-08-14T18:56:45","modified_gmt":"2024-08-14T18:56:45","slug":"shift-register-74hc595","status":"publish","type":"product","link":"https:\/\/www.electronicajnc.com\/web\/producto\/shift-register-74hc595\/","title":{"rendered":"SHIFT REGISTER 74HC595"},"content":{"rendered":"<p>SHIFT REGISTER 74HC595<\/p>\n<p><img fetchpriority=\"high\" decoding=\"async\" class=\"aligncenter\" src=\"https:\/\/www.electronicajnc.com\/web\/wp-content\/uploads\/2023\/11\/74hc595.jpg-2.jpg\" alt=\"SHIFT REGISTER 74HC595\" width=\"382\" height=\"327\" \/><\/p>\n<h2 class=\"wp-block-heading\"><span id=\"Que_es_el_registro_de_desplazamiento_74HC595\">\u00bfQu\u00e9 es el registro de desplazamiento 74HC595?<\/span><\/h2>\n<p>Existe un chip, el shift register\u00a0<strong>74HC595<\/strong>\u00a0(que suele venir en la mayor\u00eda de los kits de Arduino) con el que a partir de 3\u00a0salidas digitales\u00a0conseguimos 8 salidas digitales y si ponemos estos chips en serie podemos conseguir\u00a0<em>8 *\u00a0n\u00ba de chips<\/em>\u00a0salidas.<\/p>\n<p>Por lo que s\u00ed necesitamos\u00a0<em>x<\/em>\u00a0salidas, necesitaremos\u00a0<em>x\/8<\/em>\u00a0chips. Vamos a ver un poco m\u00e1s de este chip.<\/p>\n<figure class=\"wp-block-gallery columns-1 is-cropped wp-block-gallery-2 is-layout-flex wp-block-gallery-is-layout-flex\">\n<figure><\/figure>\n<\/figure>\n<p>Las salidas que te mencionaba nos las dan las patillas desde Q0 a Q7 y las tres entradas que ir\u00e1n conectadas a las\u00a0salidas de nuestra placa de Arduino son\u00a0<strong>DS<\/strong>\u00a0(patilla 14),\u00a0<strong>STCP<\/strong>\u00a0(patilla 12) y\u00a0<strong>SHCP<\/strong>\u00a0(patilla 11).<\/p>\n<p>Estas patillas son las m\u00e1s importantes de comprender y en las que vamos a profundizar, en cuanto a las otras, tenemos la entrada de voltaje que es de 5V (patilla 16), por supuesto la conexi\u00f3n a tierra, la patilla 8 y la salida Q7S (patilla 9) la utilizaremos para conectar estos chips en serie.<\/p>\n<h1>SHIFT REGISTER 74HC595<\/h1>\n<p>Comenzamos por las entradas. STCP, en esta entrada enviaremos un pulso cuadrado y sera nuestra se\u00f1al de reloj. DS es la entrada de nuestros datos. Y SHCP lo utilizaremos como disparador para enviar los datos a las patillas de salida (Q0 a Q7)<\/p>\n<div>\n<h2><b>\u00bfD\u00f3nde<\/b><strong>\u00a0conseguir ?<\/strong><\/h2>\n<\/div>\n<p>Puedes conseguir este producto y mucho mas en nuestra tienda de electr\u00f3nica \u201cElectr\u00f3nica JNC\u201d a un excelente precio, de igual manera puedes preguntar por otros productos que tenemos para ti y as\u00ed adquirirlos seg\u00fan tu necesidad para\u00a0 tus proyectos.<\/p>\n<p>Adem\u00e1s de vender realizamos todo tipo de proyectos de Rob\u00f3tica Electr\u00f3nica y de Programaci\u00f3n en Arduino-Raspberry, brindamos asesoramiento en la elaboraci\u00f3n de proyectos y personalizamos sus clases cuando deseas armar un robot.<\/p>\n<p>Somos importadores Directos de todo en Electr\u00f3nica y Rob\u00f3tica directamente desde los fabricantes, a los mejores precios del mercado.<\/p>\n<div class=\"x11i5rnm xat24cr x1mh8g0r x1vvkbs xtlvy1s x126k92a\">\n<div dir=\"auto\">SERVICIO PERSONALIZADO, APOYO TEORICO Y VENTA DE MATERIAL<\/div>\n<\/div>\n<div class=\"x11i5rnm xat24cr x1mh8g0r x1vvkbs xtlvy1s x126k92a\">\n<div dir=\"auto\">COTIZA CON NOSOTROS<\/div>\n<div dir=\"auto\">SERVICIO, EXPERIENCIA, CALIDAD Y CONFIANZA<\/div>\n<div dir=\"auto\">\u00abTodo lo que buscas en un solo lugar\u00bb<\/div>\n<\/div>\n<div dir=\"auto\"><\/div>\n<p><img decoding=\"async\" class=\"aligncenter\" src=\"https:\/\/images.ua.prom.st\/1494267654_1494267654.jpg?PImaGE_ID=1494267654\" \/><\/p>\n<p style=\"text-align: center;\">Realizar un pedido en la web o por \u00a0<a href=\"https:\/\/api.whatsapp.com\/send?phone=593958753126\" target=\"_blank\" rel=\"noopener\">WHATSAPP<\/a>.<\/p>\n<p><img decoding=\"async\" class=\"aligncenter\" src=\"https:\/\/images.ua.prom.st\/1494267867_1494267867.jpg?PImaGE_ID=1494267867\" \/><\/p>\n<p style=\"text-align: center;\">Consulta con un asesor\u00a0 todas tus inquietudes.<\/p>\n<p><img decoding=\"async\" class=\"aligncenter\" src=\"https:\/\/images.ua.prom.st\/1494266627_1494266627.jpg?PImaGE_ID=1494266627\" \/><\/p>\n<p style=\"text-align: center;\">Pregunta las formas de pago.<\/p>\n<p><img decoding=\"async\" class=\"aligncenter\" src=\"https:\/\/images.ua.prom.st\/1494267985_1494267985.jpg?PImaGE_ID=1494267985\" \/><\/p>\n<p style=\"text-align: center;\">Tu pedido llega a la puerta de tu casa.<\/p>\n<p>&nbsp;<\/p>\n<p><strong>\u00a1\u00a1 PREG\u00daNTANOS Sin compromiso !!!!<\/strong><\/p>\n<p>Puede retirar sus pedidos en nuestra\u00a0<a href=\"https:\/\/www.electronicajnc.com\/web\/contactos\" target=\"_blank\" rel=\"noopener\">TIENDA F\u00cdSICA<\/a>\u00a0o realizar sus pedidos\u00a0<a href=\"https:\/\/www.electronicajnc.com\/web\/mi-cuenta\" target=\"_blank\" rel=\"noopener\">ONLINE<\/a>\u00a0o por\u00a0<a href=\"https:\/\/api.whatsapp.com\/send?phone=593958753126\" target=\"_blank\" rel=\"noopener\">WHATSAPP<\/a>.<\/p>\n<p>&nbsp;<\/p>\n","protected":false},"excerpt":{"rendered":"<p>Gracias a su memoria interna de 8 posiciones, permite almacenar los estados de la entrada serie (cada pulso de reloj en el pin SH_CP con un estado de entrada en el pin DS) cuando el pin ST_CP est\u00e1 en nivel bajo y \u00absoltarlos\u00bb juntos en las 8 salidas en paralelo cuando el pin SH_CP pasa a alto.<\/p>\n","protected":false},"featured_media":1114,"comment_status":"closed","ping_status":"closed","template":"","meta":{"saved_in_kubio":false,"_joinchat":[]},"product_brand":[],"product_cat":[309],"product_tag":[738,688,737,691,736,686,719,699,697,692,687,694,685,696,717,693,698,718,739,695],"class_list":{"0":"post-1113","1":"product","2":"type-product","3":"status-publish","4":"has-post-thumbnail","6":"product_cat-componentes-electronicos","7":"product_tag-74hc595","8":"product_tag-aprender-iot","9":"product_tag-circuitos-integrado","10":"product_tag-compra-online-kit-arduino","11":"product_tag-compuertas","12":"product_tag-comunicacion-inalambrica","13":"product_tag-control-de-motores-control-de-motores","14":"product_tag-conversion-analogica-a-digital","15":"product_tag-educacion-stem","16":"product_tag-kit-arduino","17":"product_tag-kit-de-electronica","18":"product_tag-kit-diy","19":"product_tag-kit-internet-de-las-cosas","20":"product_tag-kit-iot","21":"product_tag-kits-arduino","22":"product_tag-pantalla-led","23":"product_tag-placa-arduino","24":"product_tag-proyectos-arduino-uno-r3","25":"product_tag-registro","26":"product_tag-servomotor","28":"first","29":"instock","30":"taxable","31":"shipping-taxable","32":"purchasable","33":"product-type-simple"},"yoast_head":"<!-- This site is optimized with the Yoast SEO plugin v27.4 - https:\/\/yoast.com\/product\/yoast-seo-wordpress\/ -->\n<title>SHIFT REGISTER 74HC595 - Electronica JNC<\/title>\n<meta name=\"description\" content=\"SHIFT REGISTER 74HC595 Su ventaja ante otros chips del mismo tipo: tiene un registro que mantiene el dato en los pines de salida sin variaci\u00f3n\" \/>\n<meta name=\"robots\" content=\"index, follow, max-snippet:-1, max-image-preview:large, max-video-preview:-1\" \/>\n<link rel=\"canonical\" href=\"https:\/\/www.electronicajnc.com\/web\/producto\/shift-register-74hc595\/\" \/>\n<meta property=\"og:locale\" content=\"es_ES\" \/>\n<meta property=\"og:type\" content=\"article\" \/>\n<meta property=\"og:title\" content=\"SHIFT REGISTER 74HC595 - Electronica JNC\" \/>\n<meta property=\"og:description\" content=\"SHIFT REGISTER 74HC595 Su ventaja ante otros chips del mismo tipo: tiene un registro que mantiene el dato en los pines de salida sin variaci\u00f3n\" \/>\n<meta property=\"og:url\" content=\"https:\/\/www.electronicajnc.com\/web\/producto\/shift-register-74hc595\/\" \/>\n<meta property=\"og:site_name\" content=\"Electronica JNC\" \/>\n<meta property=\"article:modified_time\" content=\"2024-08-14T18:56:45+00:00\" \/>\n<meta property=\"og:image\" content=\"https:\/\/www.electronicajnc.com\/web\/wp-content\/uploads\/2023\/11\/74hc595.jpg\" \/>\n\t<meta property=\"og:image:width\" content=\"1028\" \/>\n\t<meta property=\"og:image:height\" content=\"1256\" \/>\n\t<meta property=\"og:image:type\" content=\"image\/jpeg\" \/>\n<meta name=\"twitter:card\" content=\"summary_large_image\" \/>\n<meta name=\"twitter:label1\" content=\"Tiempo de lectura\" \/>\n\t<meta name=\"twitter:data1\" content=\"3 minutos\" \/>\n<script type=\"application\/ld+json\" class=\"yoast-schema-graph\">{\"@context\":\"https:\\\/\\\/schema.org\",\"@graph\":[{\"@type\":\"WebPage\",\"@id\":\"https:\\\/\\\/www.electronicajnc.com\\\/web\\\/producto\\\/shift-register-74hc595\\\/\",\"url\":\"https:\\\/\\\/www.electronicajnc.com\\\/web\\\/producto\\\/shift-register-74hc595\\\/\",\"name\":\"SHIFT REGISTER 74HC595 - Electronica JNC\",\"isPartOf\":{\"@id\":\"https:\\\/\\\/www.electronicajnc.com\\\/web\\\/#website\"},\"primaryImageOfPage\":{\"@id\":\"https:\\\/\\\/www.electronicajnc.com\\\/web\\\/producto\\\/shift-register-74hc595\\\/#primaryimage\"},\"image\":{\"@id\":\"https:\\\/\\\/www.electronicajnc.com\\\/web\\\/producto\\\/shift-register-74hc595\\\/#primaryimage\"},\"thumbnailUrl\":\"https:\\\/\\\/www.electronicajnc.com\\\/web\\\/wp-content\\\/uploads\\\/2023\\\/11\\\/74hc595.jpg\",\"datePublished\":\"2023-11-20T14:49:59+00:00\",\"dateModified\":\"2024-08-14T18:56:45+00:00\",\"description\":\"SHIFT REGISTER 74HC595 Su ventaja ante otros chips del mismo tipo: tiene un registro que mantiene el dato en los pines de salida sin variaci\u00f3n\",\"breadcrumb\":{\"@id\":\"https:\\\/\\\/www.electronicajnc.com\\\/web\\\/producto\\\/shift-register-74hc595\\\/#breadcrumb\"},\"inLanguage\":\"es\",\"potentialAction\":[{\"@type\":\"ReadAction\",\"target\":[\"https:\\\/\\\/www.electronicajnc.com\\\/web\\\/producto\\\/shift-register-74hc595\\\/\"]}]},{\"@type\":\"ImageObject\",\"inLanguage\":\"es\",\"@id\":\"https:\\\/\\\/www.electronicajnc.com\\\/web\\\/producto\\\/shift-register-74hc595\\\/#primaryimage\",\"url\":\"https:\\\/\\\/www.electronicajnc.com\\\/web\\\/wp-content\\\/uploads\\\/2023\\\/11\\\/74hc595.jpg\",\"contentUrl\":\"https:\\\/\\\/www.electronicajnc.com\\\/web\\\/wp-content\\\/uploads\\\/2023\\\/11\\\/74hc595.jpg\",\"width\":1028,\"height\":1256,\"caption\":\"SHIFT REGISTER 74HC595\"},{\"@type\":\"BreadcrumbList\",\"@id\":\"https:\\\/\\\/www.electronicajnc.com\\\/web\\\/producto\\\/shift-register-74hc595\\\/#breadcrumb\",\"itemListElement\":[{\"@type\":\"ListItem\",\"position\":1,\"name\":\"Portada\",\"item\":\"https:\\\/\\\/www.electronicajnc.com\\\/web\\\/\"},{\"@type\":\"ListItem\",\"position\":2,\"name\":\"TIENDA\",\"item\":\"https:\\\/\\\/www.electronicajnc.com\\\/web\\\/tienda\\\/\"},{\"@type\":\"ListItem\",\"position\":3,\"name\":\"SHIFT REGISTER 74HC595\"}]},{\"@type\":\"WebSite\",\"@id\":\"https:\\\/\\\/www.electronicajnc.com\\\/web\\\/#website\",\"url\":\"https:\\\/\\\/www.electronicajnc.com\\\/web\\\/\",\"name\":\"Electronica JNC\",\"description\":\"Robotica Tecnologia Mecatronica en Ecuador\",\"publisher\":{\"@id\":\"https:\\\/\\\/www.electronicajnc.com\\\/web\\\/#organization\"},\"potentialAction\":[{\"@type\":\"SearchAction\",\"target\":{\"@type\":\"EntryPoint\",\"urlTemplate\":\"https:\\\/\\\/www.electronicajnc.com\\\/web\\\/?s={search_term_string}\"},\"query-input\":{\"@type\":\"PropertyValueSpecification\",\"valueRequired\":true,\"valueName\":\"search_term_string\"}}],\"inLanguage\":\"es\"},{\"@type\":\"Organization\",\"@id\":\"https:\\\/\\\/www.electronicajnc.com\\\/web\\\/#organization\",\"name\":\"Electronica JNC\",\"url\":\"https:\\\/\\\/www.electronicajnc.com\\\/web\\\/\",\"logo\":{\"@type\":\"ImageObject\",\"inLanguage\":\"es\",\"@id\":\"https:\\\/\\\/www.electronicajnc.com\\\/web\\\/#\\\/schema\\\/logo\\\/image\\\/\",\"url\":\"https:\\\/\\\/www.electronicajnc.com\\\/web\\\/wp-content\\\/uploads\\\/2023\\\/06\\\/nuevo-logo.jpg\",\"contentUrl\":\"https:\\\/\\\/www.electronicajnc.com\\\/web\\\/wp-content\\\/uploads\\\/2023\\\/06\\\/nuevo-logo.jpg\",\"width\":1256,\"height\":612,\"caption\":\"Electronica JNC\"},\"image\":{\"@id\":\"https:\\\/\\\/www.electronicajnc.com\\\/web\\\/#\\\/schema\\\/logo\\\/image\\\/\"}}]}<\/script>\n<!-- \/ Yoast SEO plugin. -->","yoast_head_json":{"title":"SHIFT REGISTER 74HC595 - Electronica JNC","description":"SHIFT REGISTER 74HC595 Su ventaja ante otros chips del mismo tipo: tiene un registro que mantiene el dato en los pines de salida sin variaci\u00f3n","robots":{"index":"index","follow":"follow","max-snippet":"max-snippet:-1","max-image-preview":"max-image-preview:large","max-video-preview":"max-video-preview:-1"},"canonical":"https:\/\/www.electronicajnc.com\/web\/producto\/shift-register-74hc595\/","og_locale":"es_ES","og_type":"article","og_title":"SHIFT REGISTER 74HC595 - Electronica JNC","og_description":"SHIFT REGISTER 74HC595 Su ventaja ante otros chips del mismo tipo: tiene un registro que mantiene el dato en los pines de salida sin variaci\u00f3n","og_url":"https:\/\/www.electronicajnc.com\/web\/producto\/shift-register-74hc595\/","og_site_name":"Electronica JNC","article_modified_time":"2024-08-14T18:56:45+00:00","og_image":[{"width":1028,"height":1256,"url":"https:\/\/www.electronicajnc.com\/web\/wp-content\/uploads\/2023\/11\/74hc595.jpg","type":"image\/jpeg"}],"twitter_card":"summary_large_image","twitter_misc":{"Tiempo de lectura":"3 minutos"},"schema":{"@context":"https:\/\/schema.org","@graph":[{"@type":"WebPage","@id":"https:\/\/www.electronicajnc.com\/web\/producto\/shift-register-74hc595\/","url":"https:\/\/www.electronicajnc.com\/web\/producto\/shift-register-74hc595\/","name":"SHIFT REGISTER 74HC595 - Electronica JNC","isPartOf":{"@id":"https:\/\/www.electronicajnc.com\/web\/#website"},"primaryImageOfPage":{"@id":"https:\/\/www.electronicajnc.com\/web\/producto\/shift-register-74hc595\/#primaryimage"},"image":{"@id":"https:\/\/www.electronicajnc.com\/web\/producto\/shift-register-74hc595\/#primaryimage"},"thumbnailUrl":"https:\/\/www.electronicajnc.com\/web\/wp-content\/uploads\/2023\/11\/74hc595.jpg","datePublished":"2023-11-20T14:49:59+00:00","dateModified":"2024-08-14T18:56:45+00:00","description":"SHIFT REGISTER 74HC595 Su ventaja ante otros chips del mismo tipo: tiene un registro que mantiene el dato en los pines de salida sin variaci\u00f3n","breadcrumb":{"@id":"https:\/\/www.electronicajnc.com\/web\/producto\/shift-register-74hc595\/#breadcrumb"},"inLanguage":"es","potentialAction":[{"@type":"ReadAction","target":["https:\/\/www.electronicajnc.com\/web\/producto\/shift-register-74hc595\/"]}]},{"@type":"ImageObject","inLanguage":"es","@id":"https:\/\/www.electronicajnc.com\/web\/producto\/shift-register-74hc595\/#primaryimage","url":"https:\/\/www.electronicajnc.com\/web\/wp-content\/uploads\/2023\/11\/74hc595.jpg","contentUrl":"https:\/\/www.electronicajnc.com\/web\/wp-content\/uploads\/2023\/11\/74hc595.jpg","width":1028,"height":1256,"caption":"SHIFT REGISTER 74HC595"},{"@type":"BreadcrumbList","@id":"https:\/\/www.electronicajnc.com\/web\/producto\/shift-register-74hc595\/#breadcrumb","itemListElement":[{"@type":"ListItem","position":1,"name":"Portada","item":"https:\/\/www.electronicajnc.com\/web\/"},{"@type":"ListItem","position":2,"name":"TIENDA","item":"https:\/\/www.electronicajnc.com\/web\/tienda\/"},{"@type":"ListItem","position":3,"name":"SHIFT REGISTER 74HC595"}]},{"@type":"WebSite","@id":"https:\/\/www.electronicajnc.com\/web\/#website","url":"https:\/\/www.electronicajnc.com\/web\/","name":"Electronica JNC","description":"Robotica Tecnologia Mecatronica en Ecuador","publisher":{"@id":"https:\/\/www.electronicajnc.com\/web\/#organization"},"potentialAction":[{"@type":"SearchAction","target":{"@type":"EntryPoint","urlTemplate":"https:\/\/www.electronicajnc.com\/web\/?s={search_term_string}"},"query-input":{"@type":"PropertyValueSpecification","valueRequired":true,"valueName":"search_term_string"}}],"inLanguage":"es"},{"@type":"Organization","@id":"https:\/\/www.electronicajnc.com\/web\/#organization","name":"Electronica JNC","url":"https:\/\/www.electronicajnc.com\/web\/","logo":{"@type":"ImageObject","inLanguage":"es","@id":"https:\/\/www.electronicajnc.com\/web\/#\/schema\/logo\/image\/","url":"https:\/\/www.electronicajnc.com\/web\/wp-content\/uploads\/2023\/06\/nuevo-logo.jpg","contentUrl":"https:\/\/www.electronicajnc.com\/web\/wp-content\/uploads\/2023\/06\/nuevo-logo.jpg","width":1256,"height":612,"caption":"Electronica JNC"},"image":{"@id":"https:\/\/www.electronicajnc.com\/web\/#\/schema\/logo\/image\/"}}]}},"_links":{"self":[{"href":"https:\/\/www.electronicajnc.com\/web\/wp-json\/wp\/v2\/product\/1113","targetHints":{"allow":["GET"]}}],"collection":[{"href":"https:\/\/www.electronicajnc.com\/web\/wp-json\/wp\/v2\/product"}],"about":[{"href":"https:\/\/www.electronicajnc.com\/web\/wp-json\/wp\/v2\/types\/product"}],"replies":[{"embeddable":true,"href":"https:\/\/www.electronicajnc.com\/web\/wp-json\/wp\/v2\/comments?post=1113"}],"wp:featuredmedia":[{"embeddable":true,"href":"https:\/\/www.electronicajnc.com\/web\/wp-json\/wp\/v2\/media\/1114"}],"wp:attachment":[{"href":"https:\/\/www.electronicajnc.com\/web\/wp-json\/wp\/v2\/media?parent=1113"}],"wp:term":[{"taxonomy":"product_brand","embeddable":true,"href":"https:\/\/www.electronicajnc.com\/web\/wp-json\/wp\/v2\/product_brand?post=1113"},{"taxonomy":"product_cat","embeddable":true,"href":"https:\/\/www.electronicajnc.com\/web\/wp-json\/wp\/v2\/product_cat?post=1113"},{"taxonomy":"product_tag","embeddable":true,"href":"https:\/\/www.electronicajnc.com\/web\/wp-json\/wp\/v2\/product_tag?post=1113"}],"curies":[{"name":"wp","href":"https:\/\/api.w.org\/{rel}","templated":true}]}}