{"id":1151,"date":"2023-11-21T14:19:46","date_gmt":"2023-11-21T14:19:46","guid":{"rendered":"https:\/\/www.electronicajnc.com\/web\/?post_type=product&#038;p=1151"},"modified":"2023-11-21T14:20:26","modified_gmt":"2023-11-21T14:20:26","slug":"robot-de-perro-mecanico-solar-steam","status":"publish","type":"product","link":"https:\/\/www.electronicajnc.com\/web\/producto\/robot-de-perro-mecanico-solar-steam\/","title":{"rendered":"Robot de perro mec\u00e1nico solar steam"},"content":{"rendered":"<p>Robot de perro mec\u00e1nico solar\u00a0 steam Robot Mec\u00e1nico El\u00e9ctrico Con Energ\u00eda Solar Para Perros, Tecnolog\u00eda Cient\u00edfica, Juguetes Educativos De Ensamblaje De Bricolaje, Regalos De Desarrollo Intelectual, Navidad, para ideal para iniciar el mundo de la Rob\u00f3tica<\/p>\n<p><img fetchpriority=\"high\" decoding=\"async\" class=\"aligncenter\" src=\"https:\/\/www.electronicajnc.com\/web\/wp-content\/uploads\/2023\/11\/DOG-1.jpg\" alt=\"perro robot de energ\u00eda solar de ciencia y educaci\u00f3n\" width=\"582\" height=\"582\" \/><\/p>\n<div class=\"_2lHZTmSd\">\n<div>Los productos de la serie de robots bi\u00f3nicos cuadr\u00fapedos se ensamblan con piezas peque\u00f1as, lo que puede mejorar la capacidad pr\u00e1ctica y la creatividad, son impulsados \u200b\u200bpor los engranajes peque\u00f1os del motor para impulsar los engranajes grandes, y usted puede aprender los principios del funcionamiento mec\u00e1nico.<\/div>\n<div><\/div>\n<\/div>\n<div class=\"_2lHZTmSd\">\n<div>No se requieren bater\u00edas. \u00a1Montaje inteligente, f\u00e1cil y r\u00e1pido! \u00a1Sin destornillador, pegamento ni cables! Siempre que haya luz solar despu\u00e9s de completar el ensamblaje, el panel solar convierte la energ\u00eda luminosa en energ\u00eda el\u00e9ctrica para impulsar el motor y los engranajes. girar para convertir la energ\u00eda el\u00e9ctrica en energ\u00eda cin\u00e9tica.<\/div>\n<div><\/div>\n<h1>Robot de perro mec\u00e1nico solar steam<\/h1>\n<\/div>\n<div class=\"_2lHZTmSd\">\n<div>Especificaci\u00f3n:<\/div>\n<div>Nombre: Perro mec\u00e1nico el\u00e9ctrico con energ\u00eda solar G\u00e9nero:<\/div>\n<div>Unisex\/Mujeres\/Hombres<\/div>\n<div>Modelo: Perro autoinstalado<\/div>\n<div>Rango de edad: &gt;5 a\u00f1os<\/div>\n<div>Material: pl\u00e1stico ABS + componentes electr\u00f3nicos<\/div>\n<div>Color: como muestra la imagen<\/div>\n<div>Estilo: Cachorro Tama\u00f1o: 12*6*7,5 cm<\/div>\n<div>Bater\u00eda: Solar o Bater\u00eda<\/div>\n<div>Caja de embalaje<\/div>\n<div>El paquete incluye: 1 * juguete para perros autoinstalado<\/div>\n<\/div>\n<p>Robot de perro mec\u00e1nico solar<\/p>\n<div>\n<h2><b>\u00bfD\u00f3nde<\/b><strong>\u00a0conseguir ?<\/strong><\/h2>\n<\/div>\n<p>Puedes conseguir este producto y mucho mas en nuestra tienda de electr\u00f3nica \u201cElectr\u00f3nica JNC\u201d a un excelente precio, de igual manera puedes preguntar por otros productos que tenemos para ti y as\u00ed adquirirlos seg\u00fan tu necesidad para\u00a0 tus proyectos.<\/p>\n<p>Adem\u00e1s de vender realizamos todo tipo de proyectos de Rob\u00f3tica Electr\u00f3nica y de Programaci\u00f3n en Arduino-Raspberry, brindamos asesoramiento en la elaboraci\u00f3n de proyectos y personalizamos sus clases cuando deseas armar un robot.<\/p>\n<p>Somos importadores Directos de todo en Electr\u00f3nica y Rob\u00f3tica directamente desde los fabricantes, a los mejores precios del mercado.<\/p>\n<div class=\"x11i5rnm xat24cr x1mh8g0r x1vvkbs xtlvy1s x126k92a\">\n<div dir=\"auto\">SERVICIO PERSONALIZADO, APOYO TEORICO Y VENTA DE MATERIAL<\/div>\n<\/div>\n<div class=\"x11i5rnm xat24cr x1mh8g0r x1vvkbs xtlvy1s x126k92a\">\n<div dir=\"auto\">COTIZA CON NOSOTROS<\/div>\n<div dir=\"auto\">SERVICIO, EXPERIENCIA, CALIDAD Y CONFIANZA<\/div>\n<div dir=\"auto\">\u00abTodo lo que buscas en un solo lugar\u00bb<\/div>\n<\/div>\n<div dir=\"auto\"><\/div>\n<p><img decoding=\"async\" class=\"aligncenter\" src=\"https:\/\/images.ua.prom.st\/1494267654_1494267654.jpg?PImaGE_ID=1494267654\" \/><\/p>\n<p style=\"text-align: center;\">Realizar un pedido en la web o por \u00a0<a href=\"https:\/\/api.whatsapp.com\/send?phone=593958753126\" target=\"_blank\" rel=\"noopener\">WHATSAPP<\/a>.<\/p>\n<p><img decoding=\"async\" class=\"aligncenter\" src=\"https:\/\/images.ua.prom.st\/1494267867_1494267867.jpg?PImaGE_ID=1494267867\" \/><\/p>\n<p style=\"text-align: center;\">Consulta con un asesor\u00a0 todas tus inquietudes.<\/p>\n<p><img decoding=\"async\" class=\"aligncenter\" src=\"https:\/\/images.ua.prom.st\/1494266627_1494266627.jpg?PImaGE_ID=1494266627\" \/><\/p>\n<p style=\"text-align: center;\">Pregunta las formas de pago.<\/p>\n<p><img decoding=\"async\" class=\"aligncenter\" src=\"https:\/\/images.ua.prom.st\/1494267985_1494267985.jpg?PImaGE_ID=1494267985\" \/><\/p>\n<p style=\"text-align: center;\">Tu pedido llega a la puerta de tu casa.<\/p>\n<p>&nbsp;<\/p>\n<p><strong>\u00a1\u00a1 PREG\u00daNTANOS Sin compromiso !!!!<\/strong><\/p>\n<p>Puede retirar sus pedidos en nuestra\u00a0<a href=\"https:\/\/www.electronicajnc.com\/web\/contactos\" target=\"_blank\" rel=\"noopener\">TIENDA F\u00cdSICA<\/a>\u00a0o realizar sus pedidos\u00a0<a href=\"https:\/\/www.electronicajnc.com\/web\/mi-cuenta\" target=\"_blank\" rel=\"noopener\">ONLINE<\/a>\u00a0o por\u00a0<a href=\"https:\/\/api.whatsapp.com\/send?phone=593958753126\" target=\"_blank\" rel=\"noopener\">WHATSAPP<\/a>.<\/p>\n","protected":false},"excerpt":{"rendered":"<p><span class=\"a-list-item\">El perro robot el\u00e9ctrico tiene extremidades flexibles que imitan las acciones de perros reales, mejorando su destreza y fluidez. Puede moverse libremente y brindar diversi\u00f3n ilimitada a los ni\u00f1os, Ideal para a<\/span><span class=\"a-list-item\">aprendizaje interactivo con energ\u00eda solar desbloquea un nivel\u00a0 Con su interesante dise\u00f1o y funciones inteligentes, despierta la curiosidad y fomenta la creatividad, y a los chicos les encantar\u00e1 descubrir un mundo de diversi\u00f3n educativa e interactiva con este lindo y entretenido compa\u00f1ero.<\/span><\/p>\n","protected":false},"featured_media":1152,"comment_status":"closed","ping_status":"closed","template":"","meta":{"saved_in_kubio":false,"_joinchat":[]},"product_brand":[],"product_cat":[323],"product_tag":[758,335,760,755,756,759,701,761,332,333,762,747,757],"class_list":{"0":"post-1151","1":"product","2":"type-product","3":"status-publish","4":"has-post-thumbnail","6":"product_cat-kits-steam","7":"product_tag-autoestima","8":"product_tag-clases-de-robotica","9":"product_tag-concentracion","10":"product_tag-creatividad","11":"product_tag-desarrollo-cognitivo","12":"product_tag-imaginacion","13":"product_tag-kit-steam","14":"product_tag-navidad","15":"product_tag-proyecto-steam","16":"product_tag-regalo","17":"product_tag-regalo-navidad-para-ninos","18":"product_tag-steam","19":"product_tag-trabajo-en-equipo","21":"first","22":"instock","23":"taxable","24":"shipping-taxable","25":"purchasable","26":"product-type-simple"},"yoast_head":"<!-- This site is optimized with the Yoast SEO plugin v27.4 - https:\/\/yoast.com\/product\/yoast-seo-wordpress\/ -->\n<title>Robot de perro mec\u00e1nico solar steam - Electronica JNC<\/title>\n<meta name=\"description\" content=\"Robot de perro mec\u00e1nico solar steam ayuda al desarrollo cognitivo, aumenta su capacidad de aprendizaje y funci\u00f3n cerebral y estimula su imaginaci\u00f3n.\" \/>\n<meta name=\"robots\" content=\"index, follow, max-snippet:-1, max-image-preview:large, max-video-preview:-1\" \/>\n<link rel=\"canonical\" href=\"https:\/\/www.electronicajnc.com\/web\/producto\/robot-de-perro-mecanico-solar-steam\/\" \/>\n<meta property=\"og:locale\" content=\"es_ES\" \/>\n<meta property=\"og:type\" content=\"article\" \/>\n<meta property=\"og:title\" content=\"Robot de perro mec\u00e1nico solar steam - Electronica JNC\" \/>\n<meta property=\"og:description\" content=\"Robot de perro mec\u00e1nico solar steam ayuda al desarrollo cognitivo, aumenta su capacidad de aprendizaje y funci\u00f3n cerebral y estimula su imaginaci\u00f3n.\" \/>\n<meta property=\"og:url\" content=\"https:\/\/www.electronicajnc.com\/web\/producto\/robot-de-perro-mecanico-solar-steam\/\" \/>\n<meta property=\"og:site_name\" content=\"Electronica JNC\" \/>\n<meta property=\"article:modified_time\" content=\"2023-11-21T14:20:26+00:00\" \/>\n<meta property=\"og:image\" content=\"https:\/\/www.electronicajnc.com\/web\/wp-content\/uploads\/2023\/11\/DOG-PORTADA.jpg\" \/>\n\t<meta property=\"og:image:width\" content=\"864\" \/>\n\t<meta property=\"og:image:height\" content=\"849\" \/>\n\t<meta property=\"og:image:type\" content=\"image\/jpeg\" \/>\n<meta name=\"twitter:card\" content=\"summary_large_image\" \/>\n<meta name=\"twitter:label1\" content=\"Tiempo de lectura\" \/>\n\t<meta name=\"twitter:data1\" content=\"3 minutos\" \/>\n<script type=\"application\/ld+json\" class=\"yoast-schema-graph\">{\"@context\":\"https:\\\/\\\/schema.org\",\"@graph\":[{\"@type\":\"WebPage\",\"@id\":\"https:\\\/\\\/www.electronicajnc.com\\\/web\\\/producto\\\/robot-de-perro-mecanico-solar-steam\\\/\",\"url\":\"https:\\\/\\\/www.electronicajnc.com\\\/web\\\/producto\\\/robot-de-perro-mecanico-solar-steam\\\/\",\"name\":\"Robot de perro mec\u00e1nico solar steam - Electronica JNC\",\"isPartOf\":{\"@id\":\"https:\\\/\\\/www.electronicajnc.com\\\/web\\\/#website\"},\"primaryImageOfPage\":{\"@id\":\"https:\\\/\\\/www.electronicajnc.com\\\/web\\\/producto\\\/robot-de-perro-mecanico-solar-steam\\\/#primaryimage\"},\"image\":{\"@id\":\"https:\\\/\\\/www.electronicajnc.com\\\/web\\\/producto\\\/robot-de-perro-mecanico-solar-steam\\\/#primaryimage\"},\"thumbnailUrl\":\"https:\\\/\\\/www.electronicajnc.com\\\/web\\\/wp-content\\\/uploads\\\/2023\\\/11\\\/DOG-PORTADA.jpg\",\"datePublished\":\"2023-11-21T14:19:46+00:00\",\"dateModified\":\"2023-11-21T14:20:26+00:00\",\"description\":\"Robot de perro mec\u00e1nico solar steam ayuda al desarrollo cognitivo, aumenta su capacidad de aprendizaje y funci\u00f3n cerebral y estimula su imaginaci\u00f3n.\",\"breadcrumb\":{\"@id\":\"https:\\\/\\\/www.electronicajnc.com\\\/web\\\/producto\\\/robot-de-perro-mecanico-solar-steam\\\/#breadcrumb\"},\"inLanguage\":\"es\",\"potentialAction\":[{\"@type\":\"ReadAction\",\"target\":[\"https:\\\/\\\/www.electronicajnc.com\\\/web\\\/producto\\\/robot-de-perro-mecanico-solar-steam\\\/\"]}]},{\"@type\":\"ImageObject\",\"inLanguage\":\"es\",\"@id\":\"https:\\\/\\\/www.electronicajnc.com\\\/web\\\/producto\\\/robot-de-perro-mecanico-solar-steam\\\/#primaryimage\",\"url\":\"https:\\\/\\\/www.electronicajnc.com\\\/web\\\/wp-content\\\/uploads\\\/2023\\\/11\\\/DOG-PORTADA.jpg\",\"contentUrl\":\"https:\\\/\\\/www.electronicajnc.com\\\/web\\\/wp-content\\\/uploads\\\/2023\\\/11\\\/DOG-PORTADA.jpg\",\"width\":864,\"height\":849,\"caption\":\"perro robot de energ\u00eda solar de ciencia y educaci\u00f3n\"},{\"@type\":\"BreadcrumbList\",\"@id\":\"https:\\\/\\\/www.electronicajnc.com\\\/web\\\/producto\\\/robot-de-perro-mecanico-solar-steam\\\/#breadcrumb\",\"itemListElement\":[{\"@type\":\"ListItem\",\"position\":1,\"name\":\"Portada\",\"item\":\"https:\\\/\\\/www.electronicajnc.com\\\/web\\\/\"},{\"@type\":\"ListItem\",\"position\":2,\"name\":\"TIENDA\",\"item\":\"https:\\\/\\\/www.electronicajnc.com\\\/web\\\/tienda\\\/\"},{\"@type\":\"ListItem\",\"position\":3,\"name\":\"Robot de perro mec\u00e1nico solar steam\"}]},{\"@type\":\"WebSite\",\"@id\":\"https:\\\/\\\/www.electronicajnc.com\\\/web\\\/#website\",\"url\":\"https:\\\/\\\/www.electronicajnc.com\\\/web\\\/\",\"name\":\"Electronica JNC\",\"description\":\"Robotica Tecnologia Mecatronica en Ecuador\",\"publisher\":{\"@id\":\"https:\\\/\\\/www.electronicajnc.com\\\/web\\\/#organization\"},\"potentialAction\":[{\"@type\":\"SearchAction\",\"target\":{\"@type\":\"EntryPoint\",\"urlTemplate\":\"https:\\\/\\\/www.electronicajnc.com\\\/web\\\/?s={search_term_string}\"},\"query-input\":{\"@type\":\"PropertyValueSpecification\",\"valueRequired\":true,\"valueName\":\"search_term_string\"}}],\"inLanguage\":\"es\"},{\"@type\":\"Organization\",\"@id\":\"https:\\\/\\\/www.electronicajnc.com\\\/web\\\/#organization\",\"name\":\"Electronica JNC\",\"url\":\"https:\\\/\\\/www.electronicajnc.com\\\/web\\\/\",\"logo\":{\"@type\":\"ImageObject\",\"inLanguage\":\"es\",\"@id\":\"https:\\\/\\\/www.electronicajnc.com\\\/web\\\/#\\\/schema\\\/logo\\\/image\\\/\",\"url\":\"https:\\\/\\\/www.electronicajnc.com\\\/web\\\/wp-content\\\/uploads\\\/2023\\\/06\\\/nuevo-logo.jpg\",\"contentUrl\":\"https:\\\/\\\/www.electronicajnc.com\\\/web\\\/wp-content\\\/uploads\\\/2023\\\/06\\\/nuevo-logo.jpg\",\"width\":1256,\"height\":612,\"caption\":\"Electronica JNC\"},\"image\":{\"@id\":\"https:\\\/\\\/www.electronicajnc.com\\\/web\\\/#\\\/schema\\\/logo\\\/image\\\/\"}}]}<\/script>\n<!-- \/ Yoast SEO plugin. -->","yoast_head_json":{"title":"Robot de perro mec\u00e1nico solar steam - Electronica JNC","description":"Robot de perro mec\u00e1nico solar steam ayuda al desarrollo cognitivo, aumenta su capacidad de aprendizaje y funci\u00f3n cerebral y estimula su imaginaci\u00f3n.","robots":{"index":"index","follow":"follow","max-snippet":"max-snippet:-1","max-image-preview":"max-image-preview:large","max-video-preview":"max-video-preview:-1"},"canonical":"https:\/\/www.electronicajnc.com\/web\/producto\/robot-de-perro-mecanico-solar-steam\/","og_locale":"es_ES","og_type":"article","og_title":"Robot de perro mec\u00e1nico solar steam - Electronica JNC","og_description":"Robot de perro mec\u00e1nico solar steam ayuda al desarrollo cognitivo, aumenta su capacidad de aprendizaje y funci\u00f3n cerebral y estimula su imaginaci\u00f3n.","og_url":"https:\/\/www.electronicajnc.com\/web\/producto\/robot-de-perro-mecanico-solar-steam\/","og_site_name":"Electronica JNC","article_modified_time":"2023-11-21T14:20:26+00:00","og_image":[{"width":864,"height":849,"url":"https:\/\/www.electronicajnc.com\/web\/wp-content\/uploads\/2023\/11\/DOG-PORTADA.jpg","type":"image\/jpeg"}],"twitter_card":"summary_large_image","twitter_misc":{"Tiempo de lectura":"3 minutos"},"schema":{"@context":"https:\/\/schema.org","@graph":[{"@type":"WebPage","@id":"https:\/\/www.electronicajnc.com\/web\/producto\/robot-de-perro-mecanico-solar-steam\/","url":"https:\/\/www.electronicajnc.com\/web\/producto\/robot-de-perro-mecanico-solar-steam\/","name":"Robot de perro mec\u00e1nico solar steam - Electronica JNC","isPartOf":{"@id":"https:\/\/www.electronicajnc.com\/web\/#website"},"primaryImageOfPage":{"@id":"https:\/\/www.electronicajnc.com\/web\/producto\/robot-de-perro-mecanico-solar-steam\/#primaryimage"},"image":{"@id":"https:\/\/www.electronicajnc.com\/web\/producto\/robot-de-perro-mecanico-solar-steam\/#primaryimage"},"thumbnailUrl":"https:\/\/www.electronicajnc.com\/web\/wp-content\/uploads\/2023\/11\/DOG-PORTADA.jpg","datePublished":"2023-11-21T14:19:46+00:00","dateModified":"2023-11-21T14:20:26+00:00","description":"Robot de perro mec\u00e1nico solar steam ayuda al desarrollo cognitivo, aumenta su capacidad de aprendizaje y funci\u00f3n cerebral y estimula su imaginaci\u00f3n.","breadcrumb":{"@id":"https:\/\/www.electronicajnc.com\/web\/producto\/robot-de-perro-mecanico-solar-steam\/#breadcrumb"},"inLanguage":"es","potentialAction":[{"@type":"ReadAction","target":["https:\/\/www.electronicajnc.com\/web\/producto\/robot-de-perro-mecanico-solar-steam\/"]}]},{"@type":"ImageObject","inLanguage":"es","@id":"https:\/\/www.electronicajnc.com\/web\/producto\/robot-de-perro-mecanico-solar-steam\/#primaryimage","url":"https:\/\/www.electronicajnc.com\/web\/wp-content\/uploads\/2023\/11\/DOG-PORTADA.jpg","contentUrl":"https:\/\/www.electronicajnc.com\/web\/wp-content\/uploads\/2023\/11\/DOG-PORTADA.jpg","width":864,"height":849,"caption":"perro robot de energ\u00eda solar de ciencia y educaci\u00f3n"},{"@type":"BreadcrumbList","@id":"https:\/\/www.electronicajnc.com\/web\/producto\/robot-de-perro-mecanico-solar-steam\/#breadcrumb","itemListElement":[{"@type":"ListItem","position":1,"name":"Portada","item":"https:\/\/www.electronicajnc.com\/web\/"},{"@type":"ListItem","position":2,"name":"TIENDA","item":"https:\/\/www.electronicajnc.com\/web\/tienda\/"},{"@type":"ListItem","position":3,"name":"Robot de perro mec\u00e1nico solar steam"}]},{"@type":"WebSite","@id":"https:\/\/www.electronicajnc.com\/web\/#website","url":"https:\/\/www.electronicajnc.com\/web\/","name":"Electronica JNC","description":"Robotica Tecnologia Mecatronica en Ecuador","publisher":{"@id":"https:\/\/www.electronicajnc.com\/web\/#organization"},"potentialAction":[{"@type":"SearchAction","target":{"@type":"EntryPoint","urlTemplate":"https:\/\/www.electronicajnc.com\/web\/?s={search_term_string}"},"query-input":{"@type":"PropertyValueSpecification","valueRequired":true,"valueName":"search_term_string"}}],"inLanguage":"es"},{"@type":"Organization","@id":"https:\/\/www.electronicajnc.com\/web\/#organization","name":"Electronica JNC","url":"https:\/\/www.electronicajnc.com\/web\/","logo":{"@type":"ImageObject","inLanguage":"es","@id":"https:\/\/www.electronicajnc.com\/web\/#\/schema\/logo\/image\/","url":"https:\/\/www.electronicajnc.com\/web\/wp-content\/uploads\/2023\/06\/nuevo-logo.jpg","contentUrl":"https:\/\/www.electronicajnc.com\/web\/wp-content\/uploads\/2023\/06\/nuevo-logo.jpg","width":1256,"height":612,"caption":"Electronica JNC"},"image":{"@id":"https:\/\/www.electronicajnc.com\/web\/#\/schema\/logo\/image\/"}}]}},"_links":{"self":[{"href":"https:\/\/www.electronicajnc.com\/web\/wp-json\/wp\/v2\/product\/1151","targetHints":{"allow":["GET"]}}],"collection":[{"href":"https:\/\/www.electronicajnc.com\/web\/wp-json\/wp\/v2\/product"}],"about":[{"href":"https:\/\/www.electronicajnc.com\/web\/wp-json\/wp\/v2\/types\/product"}],"replies":[{"embeddable":true,"href":"https:\/\/www.electronicajnc.com\/web\/wp-json\/wp\/v2\/comments?post=1151"}],"wp:featuredmedia":[{"embeddable":true,"href":"https:\/\/www.electronicajnc.com\/web\/wp-json\/wp\/v2\/media\/1152"}],"wp:attachment":[{"href":"https:\/\/www.electronicajnc.com\/web\/wp-json\/wp\/v2\/media?parent=1151"}],"wp:term":[{"taxonomy":"product_brand","embeddable":true,"href":"https:\/\/www.electronicajnc.com\/web\/wp-json\/wp\/v2\/product_brand?post=1151"},{"taxonomy":"product_cat","embeddable":true,"href":"https:\/\/www.electronicajnc.com\/web\/wp-json\/wp\/v2\/product_cat?post=1151"},{"taxonomy":"product_tag","embeddable":true,"href":"https:\/\/www.electronicajnc.com\/web\/wp-json\/wp\/v2\/product_tag?post=1151"}],"curies":[{"name":"wp","href":"https:\/\/api.w.org\/{rel}","templated":true}]}}