{"id":1193,"date":"2023-11-22T01:03:48","date_gmt":"2023-11-22T01:03:48","guid":{"rendered":"https:\/\/www.electronicajnc.com\/web\/?post_type=product&#038;p=1193"},"modified":"2024-08-26T21:24:47","modified_gmt":"2024-08-26T21:24:47","slug":"sensor-muscular-emg-arduino-ad8832","status":"publish","type":"product","link":"https:\/\/www.electronicajnc.com\/web\/producto\/sensor-muscular-emg-arduino-ad8832\/","title":{"rendered":"Sensor Muscular Emg Arduino AD8832"},"content":{"rendered":"<p class=\"product_title entry-title\">Sensor Muscular Emg Arduino AD8832<\/p>\n<p><img decoding=\"async\" class=\"aligncenter\" src=\"https:\/\/www.electronicajnc.com\/web\/wp-content\/uploads\/2023\/11\/emg-muscular-4.jpg\" alt=\"SENSOR MUSCULAR ECG EMG 3,3V AD8832\" \/><\/p>\n<p>&nbsp;<\/p>\n<p>La medici\u00f3n de la actividad muscular se ha utilizado tradicionalmente en la investigaci\u00f3n m\u00e9dica mediante la detecci\u00f3n de la electrromyograf\u00eda (EMG). Sin embargo, con el advenimiento de microcontroladores m\u00e1s peque\u00f1os pero m\u00e1s potentes y circuitos integrados, los circuitos y sensores EMG se pueden utilizar en una variedad de aplicaciones. Sistema de control.<\/p>\n<p>El sensor medir\u00e1 la actividad el\u00e9ctrica filtrada y rectificada de la salida muscular 0-Vs volts, el tama\u00f1o de salida se toma dependiendo de la cantidad de actividad en el m\u00fasculo seleccionado.<\/p>\n<ul class=\"a-unordered-list a-vertical a-spacing-mini\">\n<li><span class=\"a-list-item\">La medici\u00f3n de la actividad muscular se ha utilizado tradicionalmente en la investigaci\u00f3n m\u00e9dica mediante la detecci\u00f3n de la electrromyograf\u00eda (EMG).<\/span><\/li>\n<li><span class=\"a-list-item\">Sin embargo, con el advenimiento de microcontroladores m\u00e1s peque\u00f1os pero m\u00e1s potentes y circuitos integrados, los circuitos y sensores EMG se pueden utilizar en una variedad de aplicaciones. Sistema de control.<\/span><\/li>\n<li><span class=\"a-list-item\">El sensor medir\u00e1 la actividad el\u00e9ctrica filtrada y rectificada de la salida muscular 0-Vs volts, el tama\u00f1o de salida se toma dependiendo de la cantidad de actividad en el m\u00fasculo seleccionado.<\/span><\/li>\n<li><span class=\"a-list-item\">F\u00e1cil de usar el controlador Arduino para detectar la actividad muscular.<\/span><\/li>\n<li><span class=\"a-list-item\">\u00c1reas de aplicaci\u00f3n: videojuegos, robots, dispositivos m\u00e9dicos, dispositivos inteligentes port\u00e1tiles, electr\u00f3nica m\u00f3vil<\/span><\/li>\n<\/ul>\n<h1 class=\"product_title entry-title\">Sensor Muscular Emg Arduino Raspberry<\/h1>\n<p>Caracter\u00edsticas del producto:<br \/>\n1. Tama\u00f1o peque\u00f1o y f\u00e1cil de llevar.<br \/>\n2. Dise\u00f1ado espec\u00edficamente para controladores Arduino;<br \/>\n3. Compatibilidad fuerte;<br \/>\n4. Cable EMG profesional.<\/p>\n<div>\n<h2><b>\u00bfD\u00f3nde<\/b><strong>\u00a0conseguir ?<\/strong><\/h2>\n<\/div>\n<p>Puedes conseguir este producto y mucho mas en nuestra tienda de electr\u00f3nica \u201cElectr\u00f3nica JNC\u201d a un excelente precio, de igual manera puedes preguntar por otros productos que tenemos para ti y as\u00ed adquirirlos seg\u00fan tu necesidad para\u00a0 tus proyectos.<\/p>\n<p>Adem\u00e1s de vender realizamos todo tipo de proyectos de Rob\u00f3tica Electr\u00f3nica y de Programaci\u00f3n en Arduino-Raspberry, brindamos asesoramiento en la elaboraci\u00f3n de proyectos y personalizamos sus clases cuando deseas armar un robot.<\/p>\n<p>Somos importadores Directos de todo en Electr\u00f3nica y Rob\u00f3tica directamente desde los fabricantes, a los mejores precios del mercado.<\/p>\n<div class=\"x11i5rnm xat24cr x1mh8g0r x1vvkbs xtlvy1s x126k92a\">\n<div dir=\"auto\">SERVICIO PERSONALIZADO, APOYO TEORICO Y VENTA DE MATERIAL<\/div>\n<\/div>\n<div class=\"x11i5rnm xat24cr x1mh8g0r x1vvkbs xtlvy1s x126k92a\">\n<div dir=\"auto\">COTIZA CON NOSOTROS<\/div>\n<div dir=\"auto\">SERVICIO, EXPERIENCIA, CALIDAD Y CONFIANZA<\/div>\n<div dir=\"auto\">\u00abTodo lo que buscas en un solo lugar\u00bb<\/div>\n<\/div>\n<div dir=\"auto\"><\/div>\n<p><img decoding=\"async\" class=\"aligncenter\" src=\"https:\/\/images.ua.prom.st\/1494267654_1494267654.jpg?PImaGE_ID=1494267654\" \/><\/p>\n<p style=\"text-align: center;\">Realizar un pedido en la web o por \u00a0<a href=\"https:\/\/api.whatsapp.com\/send?phone=593958753126\" target=\"_blank\" rel=\"noopener\">WHATSAPP<\/a>.<\/p>\n<p><img decoding=\"async\" class=\"aligncenter\" src=\"https:\/\/images.ua.prom.st\/1494267867_1494267867.jpg?PImaGE_ID=1494267867\" \/><\/p>\n<p style=\"text-align: center;\">Consulta con un asesor\u00a0 todas tus inquietudes.<\/p>\n<p><img decoding=\"async\" class=\"aligncenter\" src=\"https:\/\/images.ua.prom.st\/1494266627_1494266627.jpg?PImaGE_ID=1494266627\" \/><\/p>\n<p style=\"text-align: center;\">Pregunta las formas de pago.<\/p>\n<p><img decoding=\"async\" class=\"aligncenter\" src=\"https:\/\/images.ua.prom.st\/1494267985_1494267985.jpg?PImaGE_ID=1494267985\" \/><\/p>\n<p style=\"text-align: center;\">Tu pedido llega a la puerta de tu casa.<\/p>\n<p>&nbsp;<\/p>\n<p><strong>\u00a1\u00a1 PREG\u00daNTANOS Sin compromiso !!!!<\/strong><\/p>\n<p>Puede retirar sus pedidos en nuestra\u00a0<a href=\"https:\/\/www.electronicajnc.com\/web\/contactos\" target=\"_blank\" rel=\"noopener\">TIENDA F\u00cdSICA<\/a>\u00a0o realizar sus pedidos\u00a0<a href=\"https:\/\/www.electronicajnc.com\/web\/mi-cuenta\" target=\"_blank\" rel=\"noopener\">ONLINE<\/a>\u00a0o por\u00a0<a href=\"https:\/\/api.whatsapp.com\/send?phone=593958753126\" target=\"_blank\" rel=\"noopener\">WHATSAPP<\/a>.<\/p>\n","protected":false},"excerpt":{"rendered":"<p>La medici\u00f3n de la actividad muscular se ha utilizado tradicionalmente en la investigaci\u00f3n m\u00e9dica mediante la detecci\u00f3n de la electrromyograf\u00eda (EMG). Sin embargo, con el advenimiento de microcontroladores m\u00e1s peque\u00f1os pero m\u00e1s potentes y circuitos integrados, los circuitos y sensores EMG se pueden utilizar en una variedad de aplicaciones. Sistema de control. AD8832<\/p>\n","protected":false},"featured_media":1194,"comment_status":"closed","ping_status":"closed","template":"","meta":{"saved_in_kubio":false,"_joinchat":[]},"product_brand":[],"product_cat":[21],"product_tag":[774,775,776,773,231,552],"class_list":{"0":"post-1193","1":"product","2":"type-product","3":"status-publish","4":"has-post-thumbnail","6":"product_cat-modulos_sensores","7":"product_tag-emg","8":"product_tag-muscular","9":"product_tag-musculo","10":"product_tag-senales-bioelectricas","11":"product_tag-sensor","12":"product_tag-sensores-etiquetas-arduino","14":"first","15":"instock","16":"taxable","17":"shipping-taxable","18":"purchasable","19":"product-type-simple"},"yoast_head":"<!-- This site is optimized with the Yoast SEO plugin v27.5 - https:\/\/yoast.com\/product\/yoast-seo-wordpress\/ -->\n<title>Sensor Muscular Emg Arduino AD8832 - Electronica JNC<\/title>\n<meta name=\"description\" content=\"Sensor Muscular Emg Arduino AD8832 Esta actividad el\u00e9ctrica se puede representar como un electrocardiograma y emitirse como una lectura anal\u00f3gica.\" \/>\n<meta name=\"robots\" content=\"index, follow, max-snippet:-1, max-image-preview:large, max-video-preview:-1\" \/>\n<link rel=\"canonical\" href=\"https:\/\/www.electronicajnc.com\/web\/producto\/sensor-muscular-emg-arduino-ad8832\/\" \/>\n<meta property=\"og:locale\" content=\"es_ES\" \/>\n<meta property=\"og:type\" content=\"article\" \/>\n<meta property=\"og:title\" content=\"Sensor Muscular Emg Arduino AD8832 - Electronica JNC\" \/>\n<meta property=\"og:description\" content=\"Sensor Muscular Emg Arduino AD8832 Esta actividad el\u00e9ctrica se puede representar como un electrocardiograma y emitirse como una lectura anal\u00f3gica.\" \/>\n<meta property=\"og:url\" content=\"https:\/\/www.electronicajnc.com\/web\/producto\/sensor-muscular-emg-arduino-ad8832\/\" \/>\n<meta property=\"og:site_name\" content=\"Electronica JNC\" \/>\n<meta property=\"article:modified_time\" content=\"2024-08-26T21:24:47+00:00\" \/>\n<meta property=\"og:image\" content=\"https:\/\/www.electronicajnc.com\/web\/wp-content\/uploads\/2023\/11\/emg-muscular.jpg\" \/>\n\t<meta property=\"og:image:width\" content=\"1024\" \/>\n\t<meta property=\"og:image:height\" content=\"1064\" \/>\n\t<meta property=\"og:image:type\" content=\"image\/jpeg\" \/>\n<meta name=\"twitter:card\" content=\"summary_large_image\" \/>\n<meta name=\"twitter:label1\" content=\"Tiempo de lectura\" \/>\n\t<meta name=\"twitter:data1\" content=\"3 minutos\" \/>\n<script type=\"application\/ld+json\" class=\"yoast-schema-graph\">{\"@context\":\"https:\\\/\\\/schema.org\",\"@graph\":[{\"@type\":\"WebPage\",\"@id\":\"https:\\\/\\\/www.electronicajnc.com\\\/web\\\/producto\\\/sensor-muscular-emg-arduino-ad8832\\\/\",\"url\":\"https:\\\/\\\/www.electronicajnc.com\\\/web\\\/producto\\\/sensor-muscular-emg-arduino-ad8832\\\/\",\"name\":\"Sensor Muscular Emg Arduino AD8832 - Electronica JNC\",\"isPartOf\":{\"@id\":\"https:\\\/\\\/www.electronicajnc.com\\\/web\\\/#website\"},\"primaryImageOfPage\":{\"@id\":\"https:\\\/\\\/www.electronicajnc.com\\\/web\\\/producto\\\/sensor-muscular-emg-arduino-ad8832\\\/#primaryimage\"},\"image\":{\"@id\":\"https:\\\/\\\/www.electronicajnc.com\\\/web\\\/producto\\\/sensor-muscular-emg-arduino-ad8832\\\/#primaryimage\"},\"thumbnailUrl\":\"https:\\\/\\\/www.electronicajnc.com\\\/web\\\/wp-content\\\/uploads\\\/2023\\\/11\\\/emg-muscular.jpg\",\"datePublished\":\"2023-11-22T01:03:48+00:00\",\"dateModified\":\"2024-08-26T21:24:47+00:00\",\"description\":\"Sensor Muscular Emg Arduino AD8832 Esta actividad el\u00e9ctrica se puede representar como un electrocardiograma y emitirse como una lectura anal\u00f3gica.\",\"breadcrumb\":{\"@id\":\"https:\\\/\\\/www.electronicajnc.com\\\/web\\\/producto\\\/sensor-muscular-emg-arduino-ad8832\\\/#breadcrumb\"},\"inLanguage\":\"es\",\"potentialAction\":[{\"@type\":\"ReadAction\",\"target\":[\"https:\\\/\\\/www.electronicajnc.com\\\/web\\\/producto\\\/sensor-muscular-emg-arduino-ad8832\\\/\"]}]},{\"@type\":\"ImageObject\",\"inLanguage\":\"es\",\"@id\":\"https:\\\/\\\/www.electronicajnc.com\\\/web\\\/producto\\\/sensor-muscular-emg-arduino-ad8832\\\/#primaryimage\",\"url\":\"https:\\\/\\\/www.electronicajnc.com\\\/web\\\/wp-content\\\/uploads\\\/2023\\\/11\\\/emg-muscular.jpg\",\"contentUrl\":\"https:\\\/\\\/www.electronicajnc.com\\\/web\\\/wp-content\\\/uploads\\\/2023\\\/11\\\/emg-muscular.jpg\",\"width\":1024,\"height\":1064,\"caption\":\"Sensor Muscular Emg Arduino Raspberry\"},{\"@type\":\"BreadcrumbList\",\"@id\":\"https:\\\/\\\/www.electronicajnc.com\\\/web\\\/producto\\\/sensor-muscular-emg-arduino-ad8832\\\/#breadcrumb\",\"itemListElement\":[{\"@type\":\"ListItem\",\"position\":1,\"name\":\"Portada\",\"item\":\"https:\\\/\\\/www.electronicajnc.com\\\/web\\\/\"},{\"@type\":\"ListItem\",\"position\":2,\"name\":\"TIENDA\",\"item\":\"https:\\\/\\\/www.electronicajnc.com\\\/web\\\/tienda\\\/\"},{\"@type\":\"ListItem\",\"position\":3,\"name\":\"Sensor Muscular Emg Arduino AD8832\"}]},{\"@type\":\"WebSite\",\"@id\":\"https:\\\/\\\/www.electronicajnc.com\\\/web\\\/#website\",\"url\":\"https:\\\/\\\/www.electronicajnc.com\\\/web\\\/\",\"name\":\"Electronica JNC\",\"description\":\"Robotica Tecnologia Mecatronica en Ecuador\",\"publisher\":{\"@id\":\"https:\\\/\\\/www.electronicajnc.com\\\/web\\\/#organization\"},\"potentialAction\":[{\"@type\":\"SearchAction\",\"target\":{\"@type\":\"EntryPoint\",\"urlTemplate\":\"https:\\\/\\\/www.electronicajnc.com\\\/web\\\/?s={search_term_string}\"},\"query-input\":{\"@type\":\"PropertyValueSpecification\",\"valueRequired\":true,\"valueName\":\"search_term_string\"}}],\"inLanguage\":\"es\"},{\"@type\":\"Organization\",\"@id\":\"https:\\\/\\\/www.electronicajnc.com\\\/web\\\/#organization\",\"name\":\"Electronica JNC\",\"url\":\"https:\\\/\\\/www.electronicajnc.com\\\/web\\\/\",\"logo\":{\"@type\":\"ImageObject\",\"inLanguage\":\"es\",\"@id\":\"https:\\\/\\\/www.electronicajnc.com\\\/web\\\/#\\\/schema\\\/logo\\\/image\\\/\",\"url\":\"https:\\\/\\\/www.electronicajnc.com\\\/web\\\/wp-content\\\/uploads\\\/2023\\\/06\\\/nuevo-logo.jpg\",\"contentUrl\":\"https:\\\/\\\/www.electronicajnc.com\\\/web\\\/wp-content\\\/uploads\\\/2023\\\/06\\\/nuevo-logo.jpg\",\"width\":1256,\"height\":612,\"caption\":\"Electronica JNC\"},\"image\":{\"@id\":\"https:\\\/\\\/www.electronicajnc.com\\\/web\\\/#\\\/schema\\\/logo\\\/image\\\/\"}}]}<\/script>\n<!-- \/ Yoast SEO plugin. -->","yoast_head_json":{"title":"Sensor Muscular Emg Arduino AD8832 - Electronica JNC","description":"Sensor Muscular Emg Arduino AD8832 Esta actividad el\u00e9ctrica se puede representar como un electrocardiograma y emitirse como una lectura anal\u00f3gica.","robots":{"index":"index","follow":"follow","max-snippet":"max-snippet:-1","max-image-preview":"max-image-preview:large","max-video-preview":"max-video-preview:-1"},"canonical":"https:\/\/www.electronicajnc.com\/web\/producto\/sensor-muscular-emg-arduino-ad8832\/","og_locale":"es_ES","og_type":"article","og_title":"Sensor Muscular Emg Arduino AD8832 - Electronica JNC","og_description":"Sensor Muscular Emg Arduino AD8832 Esta actividad el\u00e9ctrica se puede representar como un electrocardiograma y emitirse como una lectura anal\u00f3gica.","og_url":"https:\/\/www.electronicajnc.com\/web\/producto\/sensor-muscular-emg-arduino-ad8832\/","og_site_name":"Electronica JNC","article_modified_time":"2024-08-26T21:24:47+00:00","og_image":[{"width":1024,"height":1064,"url":"https:\/\/www.electronicajnc.com\/web\/wp-content\/uploads\/2023\/11\/emg-muscular.jpg","type":"image\/jpeg"}],"twitter_card":"summary_large_image","twitter_misc":{"Tiempo de lectura":"3 minutos"},"schema":{"@context":"https:\/\/schema.org","@graph":[{"@type":"WebPage","@id":"https:\/\/www.electronicajnc.com\/web\/producto\/sensor-muscular-emg-arduino-ad8832\/","url":"https:\/\/www.electronicajnc.com\/web\/producto\/sensor-muscular-emg-arduino-ad8832\/","name":"Sensor Muscular Emg Arduino AD8832 - Electronica JNC","isPartOf":{"@id":"https:\/\/www.electronicajnc.com\/web\/#website"},"primaryImageOfPage":{"@id":"https:\/\/www.electronicajnc.com\/web\/producto\/sensor-muscular-emg-arduino-ad8832\/#primaryimage"},"image":{"@id":"https:\/\/www.electronicajnc.com\/web\/producto\/sensor-muscular-emg-arduino-ad8832\/#primaryimage"},"thumbnailUrl":"https:\/\/www.electronicajnc.com\/web\/wp-content\/uploads\/2023\/11\/emg-muscular.jpg","datePublished":"2023-11-22T01:03:48+00:00","dateModified":"2024-08-26T21:24:47+00:00","description":"Sensor Muscular Emg Arduino AD8832 Esta actividad el\u00e9ctrica se puede representar como un electrocardiograma y emitirse como una lectura anal\u00f3gica.","breadcrumb":{"@id":"https:\/\/www.electronicajnc.com\/web\/producto\/sensor-muscular-emg-arduino-ad8832\/#breadcrumb"},"inLanguage":"es","potentialAction":[{"@type":"ReadAction","target":["https:\/\/www.electronicajnc.com\/web\/producto\/sensor-muscular-emg-arduino-ad8832\/"]}]},{"@type":"ImageObject","inLanguage":"es","@id":"https:\/\/www.electronicajnc.com\/web\/producto\/sensor-muscular-emg-arduino-ad8832\/#primaryimage","url":"https:\/\/www.electronicajnc.com\/web\/wp-content\/uploads\/2023\/11\/emg-muscular.jpg","contentUrl":"https:\/\/www.electronicajnc.com\/web\/wp-content\/uploads\/2023\/11\/emg-muscular.jpg","width":1024,"height":1064,"caption":"Sensor Muscular Emg Arduino Raspberry"},{"@type":"BreadcrumbList","@id":"https:\/\/www.electronicajnc.com\/web\/producto\/sensor-muscular-emg-arduino-ad8832\/#breadcrumb","itemListElement":[{"@type":"ListItem","position":1,"name":"Portada","item":"https:\/\/www.electronicajnc.com\/web\/"},{"@type":"ListItem","position":2,"name":"TIENDA","item":"https:\/\/www.electronicajnc.com\/web\/tienda\/"},{"@type":"ListItem","position":3,"name":"Sensor Muscular Emg Arduino AD8832"}]},{"@type":"WebSite","@id":"https:\/\/www.electronicajnc.com\/web\/#website","url":"https:\/\/www.electronicajnc.com\/web\/","name":"Electronica JNC","description":"Robotica Tecnologia Mecatronica en Ecuador","publisher":{"@id":"https:\/\/www.electronicajnc.com\/web\/#organization"},"potentialAction":[{"@type":"SearchAction","target":{"@type":"EntryPoint","urlTemplate":"https:\/\/www.electronicajnc.com\/web\/?s={search_term_string}"},"query-input":{"@type":"PropertyValueSpecification","valueRequired":true,"valueName":"search_term_string"}}],"inLanguage":"es"},{"@type":"Organization","@id":"https:\/\/www.electronicajnc.com\/web\/#organization","name":"Electronica JNC","url":"https:\/\/www.electronicajnc.com\/web\/","logo":{"@type":"ImageObject","inLanguage":"es","@id":"https:\/\/www.electronicajnc.com\/web\/#\/schema\/logo\/image\/","url":"https:\/\/www.electronicajnc.com\/web\/wp-content\/uploads\/2023\/06\/nuevo-logo.jpg","contentUrl":"https:\/\/www.electronicajnc.com\/web\/wp-content\/uploads\/2023\/06\/nuevo-logo.jpg","width":1256,"height":612,"caption":"Electronica JNC"},"image":{"@id":"https:\/\/www.electronicajnc.com\/web\/#\/schema\/logo\/image\/"}}]}},"_links":{"self":[{"href":"https:\/\/www.electronicajnc.com\/web\/wp-json\/wp\/v2\/product\/1193","targetHints":{"allow":["GET"]}}],"collection":[{"href":"https:\/\/www.electronicajnc.com\/web\/wp-json\/wp\/v2\/product"}],"about":[{"href":"https:\/\/www.electronicajnc.com\/web\/wp-json\/wp\/v2\/types\/product"}],"replies":[{"embeddable":true,"href":"https:\/\/www.electronicajnc.com\/web\/wp-json\/wp\/v2\/comments?post=1193"}],"wp:featuredmedia":[{"embeddable":true,"href":"https:\/\/www.electronicajnc.com\/web\/wp-json\/wp\/v2\/media\/1194"}],"wp:attachment":[{"href":"https:\/\/www.electronicajnc.com\/web\/wp-json\/wp\/v2\/media?parent=1193"}],"wp:term":[{"taxonomy":"product_brand","embeddable":true,"href":"https:\/\/www.electronicajnc.com\/web\/wp-json\/wp\/v2\/product_brand?post=1193"},{"taxonomy":"product_cat","embeddable":true,"href":"https:\/\/www.electronicajnc.com\/web\/wp-json\/wp\/v2\/product_cat?post=1193"},{"taxonomy":"product_tag","embeddable":true,"href":"https:\/\/www.electronicajnc.com\/web\/wp-json\/wp\/v2\/product_tag?post=1193"}],"curies":[{"name":"wp","href":"https:\/\/api.w.org\/{rel}","templated":true}]}}