{"id":1263,"date":"2023-11-24T21:08:06","date_gmt":"2023-11-24T21:08:06","guid":{"rendered":"https:\/\/www.electronicajnc.com\/web\/?post_type=product&#038;p=1263"},"modified":"2025-05-27T16:09:28","modified_gmt":"2025-05-27T16:09:28","slug":"servo-motor-tower-pro-mg996r","status":"publish","type":"product","link":"https:\/\/www.electronicajnc.com\/web\/producto\/servo-motor-tower-pro-mg996r\/","title":{"rendered":"Servo Motor Tower Pro Mg996r"},"content":{"rendered":"<p class=\"ui-pdp-title\">Servo Motor Tower Pro Mg996r<\/p>\n<p><img fetchpriority=\"high\" decoding=\"async\" class=\"aligncenter\" src=\"https:\/\/www.electronicajnc.com\/web\/wp-content\/uploads\/2023\/11\/servo-996.3.jpg\" alt=\"Servo Motor Tower Pro Mg996r\" width=\"566\" height=\"348\" \/><span class=\"a-list-item\">El MG996R de Tower Pro es una versi\u00f3n mejorada de la popular serie MG995.\u00a0Gracias a un nuevo dise\u00f1o de PCB y un sistema de control IC, es significativamente m\u00e1s preciso que su predecesor y ahora tambi\u00e9n es adecuado para aplicaciones precisas como helic\u00f3pteros y otros modelos de aviones. \u00a1Dale a tu kit de robot la potencia y velocidad necesarias! Este servo es ideal para Modelos teledirigidos como aviones.<\/span><\/p>\n<ul class=\"a-unordered-list a-vertical a-spacing-mini\">\n<li class=\"a-spacing-mini\"><span class=\"a-list-item\">helic\u00f3ptero<\/span><\/li>\n<li class=\"a-spacing-mini\"><span class=\"a-list-item\">carros<\/span><\/li>\n<li class=\"a-spacing-mini\"><span class=\"a-list-item\">Barcos y robots. \u00a0\u00a0<\/span><\/li>\n<\/ul>\n<h1 class=\"ui-pdp-title\">Servo Motor Tower Pro Mg996r<\/h1>\n<p><span class=\"a-list-item\"> Convence por su excelente relaci\u00f3n precio\/rendimiento y su fuerza de accionamiento particularmente alta de 11 kg\/cm Calidad de Tower Pro: compramos nuestros servos Tower Pro directamente del fabricante.<\/span><\/p>\n<ul>\n<li><strong>Especificaciones:<\/strong><\/li>\n<li>Modelo: MG996R<\/li>\n<li>Torque: 9.4kg\/cm (4.8V), 11kg\/cm (6V)<\/li>\n<li>Voltaje de operaci\u00f3n: 4.8 \u2013 7.2V<\/li>\n<li>Velocidad de Operaci\u00f3n (4.8V sin carga): 0.2 seg \/ 60 grados<\/li>\n<li>Velocidad de Operaci\u00f3n (6V sin carga): 0.16 seg \/ 60 grados<\/li>\n<li>Tama\u00f1o: 40,6 x 19,8 x 42,9 mm<\/li>\n<li>Peso: 55g<\/li>\n<li>Plug: JR, FUTABA general<\/li>\n<li>Angulo de Rotaci\u00f3n: 180\u00b0 m\u00e1ximo<\/li>\n<li>Material engranajes: Metal<\/li>\n<li>Pulso ciclo: 20mS<\/li>\n<li>Ancho del pulso: entre 600uS y 2400uS<\/li>\n<li>Rango de Temperatura: -30 a +60 \u00b0C<\/li>\n<\/ul>\n<div>\n<h2><b>\u00bfD\u00f3nde<\/b><strong>\u00a0conseguir ?<\/strong><\/h2>\n<\/div>\n<p>Puedes conseguir este producto y mucho mas en nuestra tienda de electr\u00f3nica \u201cElectr\u00f3nica JNC\u201d a un excelente precio, de igual manera puedes preguntar por otros productos que tenemos para ti y as\u00ed adquirirlos seg\u00fan tu necesidad para\u00a0 tus proyectos.<\/p>\n<p>Adem\u00e1s de vender realizamos todo tipo de proyectos de Rob\u00f3tica Electr\u00f3nica y de Programaci\u00f3n en Arduino-Raspberry, brindamos asesoramiento en la elaboraci\u00f3n de proyectos y personalizamos sus clases cuando deseas armar un robot.<\/p>\n<p>Somos importadores Directos de todo en Electr\u00f3nica y Rob\u00f3tica directamente desde los fabricantes, a los mejores precios del mercado.<\/p>\n<div class=\"x11i5rnm xat24cr x1mh8g0r x1vvkbs xtlvy1s x126k92a\">\n<div dir=\"auto\">SERVICIO PERSONALIZADO, APOYO TEORICO Y VENTA DE MATERIAL<\/div>\n<\/div>\n<div class=\"x11i5rnm xat24cr x1mh8g0r x1vvkbs xtlvy1s x126k92a\">\n<div dir=\"auto\">COTIZA CON NOSOTROS<\/div>\n<div dir=\"auto\">SERVICIO, EXPERIENCIA, CALIDAD Y CONFIANZA<\/div>\n<div dir=\"auto\">\u00abTodo lo que buscas en un solo lugar\u00bb<\/div>\n<\/div>\n<div dir=\"auto\"><\/div>\n<p><img decoding=\"async\" class=\"aligncenter\" src=\"https:\/\/images.ua.prom.st\/1494267654_1494267654.jpg?PImaGE_ID=1494267654\" \/><\/p>\n<p style=\"text-align: center;\">Realizar un pedido en la web o por \u00a0<a href=\"https:\/\/api.whatsapp.com\/send?phone=593958753126\" target=\"_blank\" rel=\"noopener\">WHATSAPP<\/a>.<\/p>\n<p><img decoding=\"async\" class=\"aligncenter\" src=\"https:\/\/images.ua.prom.st\/1494267867_1494267867.jpg?PImaGE_ID=1494267867\" \/><\/p>\n<p style=\"text-align: center;\">Consulta con un asesor\u00a0 todas tus inquietudes.<\/p>\n<p><img decoding=\"async\" class=\"aligncenter\" src=\"https:\/\/images.ua.prom.st\/1494266627_1494266627.jpg?PImaGE_ID=1494266627\" \/><\/p>\n<p style=\"text-align: center;\">Pregunta las formas de pago.<\/p>\n<p><img decoding=\"async\" class=\"aligncenter\" src=\"https:\/\/images.ua.prom.st\/1494267985_1494267985.jpg?PImaGE_ID=1494267985\" \/><\/p>\n<p style=\"text-align: center;\">Tu pedido llega a la puerta de tu casa.<\/p>\n<p>&nbsp;<\/p>\n<p><strong>\u00a1\u00a1 PREG\u00daNTANOS Sin compromiso !!!!<\/strong><\/p>\n<p>Puede retirar sus pedidos en nuestra\u00a0<a href=\"https:\/\/www.electronicajnc.com\/web\/contactos\" target=\"_blank\" rel=\"noopener\">TIENDA F\u00cdSICA<\/a>\u00a0o realizar sus pedidos\u00a0<a href=\"https:\/\/www.electronicajnc.com\/web\/mi-cuenta\" target=\"_blank\" rel=\"noopener\">ONLINE<\/a>\u00a0o por\u00a0<a href=\"https:\/\/api.whatsapp.com\/send?phone=593958753126\" target=\"_blank\" rel=\"noopener\">WHATSAPP<\/a>.<\/p>\n","protected":false},"excerpt":{"rendered":"<p>Posee un conector universal tipo \u201cS\u201d que encaja perfectamente en la mayor\u00eda de los receptores de radio control incluyendo los Futaba, JR, GWS, Cirrus, Hitec y otros. Los cables en el conector est\u00e1n distribuidos de la siguiente forma: Cafe = Tierra (GND), \u00a0Rojo = VCC (5V), \u00a0Naranja = Se\u00f1al de control (PWM).<\/p>\n","protected":false},"featured_media":1264,"comment_status":"closed","ping_status":"closed","template":"","meta":{"saved_in_kubio":false,"_joinchat":[]},"product_brand":[],"product_cat":[53,15],"product_tag":[196,866,869,865,470,863,868,862,860,555,867,80,31,861,695,747,864],"class_list":{"0":"post-1263","1":"product","2":"type-product","3":"status-publish","4":"has-post-thumbnail","6":"product_cat-kits-de-robotica","7":"product_cat-sin-categorizar","8":"product_tag-arduino","9":"product_tag-barco","10":"product_tag-brazo","11":"product_tag-coche-inteligente","12":"product_tag-digital","13":"product_tag-gear","14":"product_tag-helicoptero","15":"product_tag-metal","16":"product_tag-mg996r","17":"product_tag-motor","18":"product_tag-rc","19":"product_tag-robot","20":"product_tag-robotica","21":"product_tag-servo","22":"product_tag-servomotor","23":"product_tag-steam","24":"product_tag-torque","26":"first","27":"instock","28":"taxable","29":"shipping-taxable","30":"product-type-simple"},"yoast_head":"<!-- This site is optimized with the Yoast SEO plugin v27.5 - https:\/\/yoast.com\/product\/yoast-seo-wordpress\/ -->\n<title>Servo Motor Tower Pro Mg996r - Electronica JNC<\/title>\n<meta name=\"description\" content=\"Servo Motor Tower Pro Mg996r Tiene la facilidad de trabajar con diversidad de plataformas de desarrollo como Arduino, PICs, Raspberry, o microcontrolador.\" \/>\n<meta name=\"robots\" content=\"index, follow, max-snippet:-1, max-image-preview:large, max-video-preview:-1\" \/>\n<link rel=\"canonical\" href=\"https:\/\/www.electronicajnc.com\/web\/producto\/servo-motor-tower-pro-mg996r\/\" \/>\n<meta property=\"og:locale\" content=\"es_ES\" \/>\n<meta property=\"og:type\" content=\"article\" \/>\n<meta property=\"og:title\" content=\"Servo Motor Tower Pro Mg996r - Electronica JNC\" \/>\n<meta property=\"og:description\" content=\"Servo Motor Tower Pro Mg996r Tiene la facilidad de trabajar con diversidad de plataformas de desarrollo como Arduino, PICs, Raspberry, o microcontrolador.\" \/>\n<meta property=\"og:url\" content=\"https:\/\/www.electronicajnc.com\/web\/producto\/servo-motor-tower-pro-mg996r\/\" \/>\n<meta property=\"og:site_name\" content=\"Electronica JNC\" \/>\n<meta property=\"article:modified_time\" content=\"2025-05-27T16:09:28+00:00\" \/>\n<meta property=\"og:image\" content=\"https:\/\/www.electronicajnc.com\/web\/wp-content\/uploads\/2023\/11\/servo-996.jpg\" \/>\n\t<meta property=\"og:image:width\" content=\"1028\" \/>\n\t<meta property=\"og:image:height\" content=\"1124\" \/>\n\t<meta property=\"og:image:type\" content=\"image\/jpeg\" \/>\n<meta name=\"twitter:card\" content=\"summary_large_image\" \/>\n<meta name=\"twitter:label1\" content=\"Tiempo de lectura\" \/>\n\t<meta name=\"twitter:data1\" content=\"3 minutos\" \/>\n<script type=\"application\/ld+json\" class=\"yoast-schema-graph\">{\"@context\":\"https:\\\/\\\/schema.org\",\"@graph\":[{\"@type\":\"WebPage\",\"@id\":\"https:\\\/\\\/www.electronicajnc.com\\\/web\\\/producto\\\/servo-motor-tower-pro-mg996r\\\/\",\"url\":\"https:\\\/\\\/www.electronicajnc.com\\\/web\\\/producto\\\/servo-motor-tower-pro-mg996r\\\/\",\"name\":\"Servo Motor Tower Pro Mg996r - Electronica JNC\",\"isPartOf\":{\"@id\":\"https:\\\/\\\/www.electronicajnc.com\\\/web\\\/#website\"},\"primaryImageOfPage\":{\"@id\":\"https:\\\/\\\/www.electronicajnc.com\\\/web\\\/producto\\\/servo-motor-tower-pro-mg996r\\\/#primaryimage\"},\"image\":{\"@id\":\"https:\\\/\\\/www.electronicajnc.com\\\/web\\\/producto\\\/servo-motor-tower-pro-mg996r\\\/#primaryimage\"},\"thumbnailUrl\":\"https:\\\/\\\/www.electronicajnc.com\\\/web\\\/wp-content\\\/uploads\\\/2023\\\/11\\\/servo-996.jpg\",\"datePublished\":\"2023-11-24T21:08:06+00:00\",\"dateModified\":\"2025-05-27T16:09:28+00:00\",\"description\":\"Servo Motor Tower Pro Mg996r Tiene la facilidad de trabajar con diversidad de plataformas de desarrollo como Arduino, PICs, Raspberry, o microcontrolador.\",\"breadcrumb\":{\"@id\":\"https:\\\/\\\/www.electronicajnc.com\\\/web\\\/producto\\\/servo-motor-tower-pro-mg996r\\\/#breadcrumb\"},\"inLanguage\":\"es\",\"potentialAction\":[{\"@type\":\"ReadAction\",\"target\":[\"https:\\\/\\\/www.electronicajnc.com\\\/web\\\/producto\\\/servo-motor-tower-pro-mg996r\\\/\"]}]},{\"@type\":\"ImageObject\",\"inLanguage\":\"es\",\"@id\":\"https:\\\/\\\/www.electronicajnc.com\\\/web\\\/producto\\\/servo-motor-tower-pro-mg996r\\\/#primaryimage\",\"url\":\"https:\\\/\\\/www.electronicajnc.com\\\/web\\\/wp-content\\\/uploads\\\/2023\\\/11\\\/servo-996.jpg\",\"contentUrl\":\"https:\\\/\\\/www.electronicajnc.com\\\/web\\\/wp-content\\\/uploads\\\/2023\\\/11\\\/servo-996.jpg\",\"width\":1028,\"height\":1124,\"caption\":\"Servo Motor Tower Pro Mg996r\"},{\"@type\":\"BreadcrumbList\",\"@id\":\"https:\\\/\\\/www.electronicajnc.com\\\/web\\\/producto\\\/servo-motor-tower-pro-mg996r\\\/#breadcrumb\",\"itemListElement\":[{\"@type\":\"ListItem\",\"position\":1,\"name\":\"Portada\",\"item\":\"https:\\\/\\\/www.electronicajnc.com\\\/web\\\/\"},{\"@type\":\"ListItem\",\"position\":2,\"name\":\"TIENDA\",\"item\":\"https:\\\/\\\/www.electronicajnc.com\\\/web\\\/tienda\\\/\"},{\"@type\":\"ListItem\",\"position\":3,\"name\":\"Servo Motor Tower Pro Mg996r\"}]},{\"@type\":\"WebSite\",\"@id\":\"https:\\\/\\\/www.electronicajnc.com\\\/web\\\/#website\",\"url\":\"https:\\\/\\\/www.electronicajnc.com\\\/web\\\/\",\"name\":\"Electronica JNC\",\"description\":\"Robotica Tecnologia Mecatronica en Ecuador\",\"publisher\":{\"@id\":\"https:\\\/\\\/www.electronicajnc.com\\\/web\\\/#organization\"},\"potentialAction\":[{\"@type\":\"SearchAction\",\"target\":{\"@type\":\"EntryPoint\",\"urlTemplate\":\"https:\\\/\\\/www.electronicajnc.com\\\/web\\\/?s={search_term_string}\"},\"query-input\":{\"@type\":\"PropertyValueSpecification\",\"valueRequired\":true,\"valueName\":\"search_term_string\"}}],\"inLanguage\":\"es\"},{\"@type\":\"Organization\",\"@id\":\"https:\\\/\\\/www.electronicajnc.com\\\/web\\\/#organization\",\"name\":\"Electronica JNC\",\"url\":\"https:\\\/\\\/www.electronicajnc.com\\\/web\\\/\",\"logo\":{\"@type\":\"ImageObject\",\"inLanguage\":\"es\",\"@id\":\"https:\\\/\\\/www.electronicajnc.com\\\/web\\\/#\\\/schema\\\/logo\\\/image\\\/\",\"url\":\"https:\\\/\\\/www.electronicajnc.com\\\/web\\\/wp-content\\\/uploads\\\/2023\\\/06\\\/nuevo-logo.jpg\",\"contentUrl\":\"https:\\\/\\\/www.electronicajnc.com\\\/web\\\/wp-content\\\/uploads\\\/2023\\\/06\\\/nuevo-logo.jpg\",\"width\":1256,\"height\":612,\"caption\":\"Electronica JNC\"},\"image\":{\"@id\":\"https:\\\/\\\/www.electronicajnc.com\\\/web\\\/#\\\/schema\\\/logo\\\/image\\\/\"}}]}<\/script>\n<!-- \/ Yoast SEO plugin. -->","yoast_head_json":{"title":"Servo Motor Tower Pro Mg996r - Electronica JNC","description":"Servo Motor Tower Pro Mg996r Tiene la facilidad de trabajar con diversidad de plataformas de desarrollo como Arduino, PICs, Raspberry, o microcontrolador.","robots":{"index":"index","follow":"follow","max-snippet":"max-snippet:-1","max-image-preview":"max-image-preview:large","max-video-preview":"max-video-preview:-1"},"canonical":"https:\/\/www.electronicajnc.com\/web\/producto\/servo-motor-tower-pro-mg996r\/","og_locale":"es_ES","og_type":"article","og_title":"Servo Motor Tower Pro Mg996r - Electronica JNC","og_description":"Servo Motor Tower Pro Mg996r Tiene la facilidad de trabajar con diversidad de plataformas de desarrollo como Arduino, PICs, Raspberry, o microcontrolador.","og_url":"https:\/\/www.electronicajnc.com\/web\/producto\/servo-motor-tower-pro-mg996r\/","og_site_name":"Electronica JNC","article_modified_time":"2025-05-27T16:09:28+00:00","og_image":[{"width":1028,"height":1124,"url":"https:\/\/www.electronicajnc.com\/web\/wp-content\/uploads\/2023\/11\/servo-996.jpg","type":"image\/jpeg"}],"twitter_card":"summary_large_image","twitter_misc":{"Tiempo de lectura":"3 minutos"},"schema":{"@context":"https:\/\/schema.org","@graph":[{"@type":"WebPage","@id":"https:\/\/www.electronicajnc.com\/web\/producto\/servo-motor-tower-pro-mg996r\/","url":"https:\/\/www.electronicajnc.com\/web\/producto\/servo-motor-tower-pro-mg996r\/","name":"Servo Motor Tower Pro Mg996r - Electronica JNC","isPartOf":{"@id":"https:\/\/www.electronicajnc.com\/web\/#website"},"primaryImageOfPage":{"@id":"https:\/\/www.electronicajnc.com\/web\/producto\/servo-motor-tower-pro-mg996r\/#primaryimage"},"image":{"@id":"https:\/\/www.electronicajnc.com\/web\/producto\/servo-motor-tower-pro-mg996r\/#primaryimage"},"thumbnailUrl":"https:\/\/www.electronicajnc.com\/web\/wp-content\/uploads\/2023\/11\/servo-996.jpg","datePublished":"2023-11-24T21:08:06+00:00","dateModified":"2025-05-27T16:09:28+00:00","description":"Servo Motor Tower Pro Mg996r Tiene la facilidad de trabajar con diversidad de plataformas de desarrollo como Arduino, PICs, Raspberry, o microcontrolador.","breadcrumb":{"@id":"https:\/\/www.electronicajnc.com\/web\/producto\/servo-motor-tower-pro-mg996r\/#breadcrumb"},"inLanguage":"es","potentialAction":[{"@type":"ReadAction","target":["https:\/\/www.electronicajnc.com\/web\/producto\/servo-motor-tower-pro-mg996r\/"]}]},{"@type":"ImageObject","inLanguage":"es","@id":"https:\/\/www.electronicajnc.com\/web\/producto\/servo-motor-tower-pro-mg996r\/#primaryimage","url":"https:\/\/www.electronicajnc.com\/web\/wp-content\/uploads\/2023\/11\/servo-996.jpg","contentUrl":"https:\/\/www.electronicajnc.com\/web\/wp-content\/uploads\/2023\/11\/servo-996.jpg","width":1028,"height":1124,"caption":"Servo Motor Tower Pro Mg996r"},{"@type":"BreadcrumbList","@id":"https:\/\/www.electronicajnc.com\/web\/producto\/servo-motor-tower-pro-mg996r\/#breadcrumb","itemListElement":[{"@type":"ListItem","position":1,"name":"Portada","item":"https:\/\/www.electronicajnc.com\/web\/"},{"@type":"ListItem","position":2,"name":"TIENDA","item":"https:\/\/www.electronicajnc.com\/web\/tienda\/"},{"@type":"ListItem","position":3,"name":"Servo Motor Tower Pro Mg996r"}]},{"@type":"WebSite","@id":"https:\/\/www.electronicajnc.com\/web\/#website","url":"https:\/\/www.electronicajnc.com\/web\/","name":"Electronica JNC","description":"Robotica Tecnologia Mecatronica en Ecuador","publisher":{"@id":"https:\/\/www.electronicajnc.com\/web\/#organization"},"potentialAction":[{"@type":"SearchAction","target":{"@type":"EntryPoint","urlTemplate":"https:\/\/www.electronicajnc.com\/web\/?s={search_term_string}"},"query-input":{"@type":"PropertyValueSpecification","valueRequired":true,"valueName":"search_term_string"}}],"inLanguage":"es"},{"@type":"Organization","@id":"https:\/\/www.electronicajnc.com\/web\/#organization","name":"Electronica JNC","url":"https:\/\/www.electronicajnc.com\/web\/","logo":{"@type":"ImageObject","inLanguage":"es","@id":"https:\/\/www.electronicajnc.com\/web\/#\/schema\/logo\/image\/","url":"https:\/\/www.electronicajnc.com\/web\/wp-content\/uploads\/2023\/06\/nuevo-logo.jpg","contentUrl":"https:\/\/www.electronicajnc.com\/web\/wp-content\/uploads\/2023\/06\/nuevo-logo.jpg","width":1256,"height":612,"caption":"Electronica JNC"},"image":{"@id":"https:\/\/www.electronicajnc.com\/web\/#\/schema\/logo\/image\/"}}]}},"_links":{"self":[{"href":"https:\/\/www.electronicajnc.com\/web\/wp-json\/wp\/v2\/product\/1263","targetHints":{"allow":["GET"]}}],"collection":[{"href":"https:\/\/www.electronicajnc.com\/web\/wp-json\/wp\/v2\/product"}],"about":[{"href":"https:\/\/www.electronicajnc.com\/web\/wp-json\/wp\/v2\/types\/product"}],"replies":[{"embeddable":true,"href":"https:\/\/www.electronicajnc.com\/web\/wp-json\/wp\/v2\/comments?post=1263"}],"wp:featuredmedia":[{"embeddable":true,"href":"https:\/\/www.electronicajnc.com\/web\/wp-json\/wp\/v2\/media\/1264"}],"wp:attachment":[{"href":"https:\/\/www.electronicajnc.com\/web\/wp-json\/wp\/v2\/media?parent=1263"}],"wp:term":[{"taxonomy":"product_brand","embeddable":true,"href":"https:\/\/www.electronicajnc.com\/web\/wp-json\/wp\/v2\/product_brand?post=1263"},{"taxonomy":"product_cat","embeddable":true,"href":"https:\/\/www.electronicajnc.com\/web\/wp-json\/wp\/v2\/product_cat?post=1263"},{"taxonomy":"product_tag","embeddable":true,"href":"https:\/\/www.electronicajnc.com\/web\/wp-json\/wp\/v2\/product_tag?post=1263"}],"curies":[{"name":"wp","href":"https:\/\/api.w.org\/{rel}","templated":true}]}}