{"id":1310,"date":"2023-12-05T20:31:25","date_gmt":"2023-12-05T20:31:25","guid":{"rendered":"https:\/\/www.electronicajnc.com\/web\/?post_type=product&#038;p=1310"},"modified":"2023-12-05T20:37:21","modified_gmt":"2023-12-05T20:37:21","slug":"modulo-dfplayer-mini-mp3-player","status":"publish","type":"product","link":"https:\/\/www.electronicajnc.com\/web\/producto\/modulo-dfplayer-mini-mp3-player\/","title":{"rendered":"MODULO DFPLAYER MINI Mp3 Player"},"content":{"rendered":"<p class=\"product_title entry-title\">MODULO DFPLAYER MINI Mp3 Player<\/p>\n<p>El DFPlayer Mini es un m\u00f3dulo MP3 compacto y econ\u00f3mico que se puede conectar directamente al altavoz. El m\u00f3dulo con fuente de alimentaci\u00f3n de bater\u00eda, altavoz, teclado se puede utilizar solo o a trav\u00e9s del control de puerto serial, como para Arduino UNO o cualquier microcontrolador con un m\u00f3dulo de puerto serial. El m\u00f3dulo en s\u00ed perfectamente integrado decodificador de hardware MP3, WAV, WMA. Mientras que el software admite el controlador de tarjeta TF para admitir el sistema de archivos FAT16 y FAT32. Se puede hacer mediante un comando serial simple, reproduce la m\u00fasica especificada, as\u00ed como tambi\u00e9n c\u00f3mo reproducir m\u00fasica y otras funciones, sin tediosos bajos, f\u00e1ciles de usar, estables y confiables.<\/p>\n<h1 class=\"product_title entry-title\">MODULO DFPLAYER MINI Mp3 Player<\/h1>\n<ul>\n<li>Alimentaci\u00f3n: 3.2V a 5V.<\/li>\n<li>Samples soportados (kHz): 8\/11.025\/12\/16\/22.05\/24\/32\/44.1\/48.<\/li>\n<li>Salida: 24 -bit DAC con soporte para rango din\u00e1mico 90dB.<\/li>\n<li>Sistema de archivos: FAT16 y FAT32. M\u00e1x: 32G (tarjeta Micro SD no incluida).<\/li>\n<li>Interfaz: Pines de control I\/O para pulsadores o modo Serial.<\/li>\n<li>Soporta hasta 100 directorios. Cada directorio soporta un m\u00e1ximo de 255 archivos de audio.<\/li>\n<li>Volumen ajustable en 30 niveles.<\/li>\n<\/ul>\n<div>\n<h2><b>\u00bfD\u00f3nde<\/b><strong>\u00a0conseguir ?<\/strong><\/h2>\n<\/div>\n<p>Puedes conseguir este producto y mucho mas en nuestra tienda de electr\u00f3nica \u201cElectr\u00f3nica JNC\u201d a un excelente precio, de igual manera puedes preguntar por otros productos que tenemos para ti y as\u00ed adquirirlos seg\u00fan tu necesidad para\u00a0 tus proyectos.<\/p>\n<p>Adem\u00e1s de vender realizamos todo tipo de proyectos de Rob\u00f3tica Electr\u00f3nica y de Programaci\u00f3n en Arduino-Raspberry, brindamos asesoramiento en la elaboraci\u00f3n de proyectos y personalizamos sus clases cuando deseas armar un robot.<\/p>\n<p>Somos importadores Directos de todo en Electr\u00f3nica y Rob\u00f3tica directamente desde los fabricantes, a los mejores precios del mercado.<\/p>\n<div class=\"x11i5rnm xat24cr x1mh8g0r x1vvkbs xtlvy1s x126k92a\">\n<div dir=\"auto\">SERVICIO PERSONALIZADO, APOYO TEORICO Y VENTA DE MATERIAL<\/div>\n<\/div>\n<div class=\"x11i5rnm xat24cr x1mh8g0r x1vvkbs xtlvy1s x126k92a\">\n<div dir=\"auto\">COTIZA CON NOSOTROS<\/div>\n<div dir=\"auto\">SERVICIO, EXPERIENCIA, CALIDAD Y CONFIANZA<\/div>\n<div dir=\"auto\">\u00abTodo lo que buscas en un solo lugar\u00bb<\/div>\n<\/div>\n<div dir=\"auto\"><\/div>\n<p><img decoding=\"async\" class=\"aligncenter\" src=\"https:\/\/images.ua.prom.st\/1494267654_1494267654.jpg?PImaGE_ID=1494267654\" \/><\/p>\n<p style=\"text-align: center;\">Realizar un pedido en la web o por \u00a0<a href=\"https:\/\/api.whatsapp.com\/send?phone=593958753126\" target=\"_blank\" rel=\"noopener\">WHATSAPP<\/a>.<\/p>\n<p><img decoding=\"async\" class=\"aligncenter\" src=\"https:\/\/images.ua.prom.st\/1494267867_1494267867.jpg?PImaGE_ID=1494267867\" \/><\/p>\n<p style=\"text-align: center;\">Consulta con un asesor\u00a0 todas tus inquietudes.<\/p>\n<p><img decoding=\"async\" class=\"aligncenter\" src=\"https:\/\/images.ua.prom.st\/1494266627_1494266627.jpg?PImaGE_ID=1494266627\" \/><\/p>\n<p style=\"text-align: center;\">Pregunta las formas de pago.<\/p>\n<p><img decoding=\"async\" class=\"aligncenter\" src=\"https:\/\/images.ua.prom.st\/1494267985_1494267985.jpg?PImaGE_ID=1494267985\" \/><\/p>\n<p style=\"text-align: center;\">Tu pedido llega a la puerta de tu casa.<\/p>\n<p>&nbsp;<\/p>\n<p><strong>\u00a1\u00a1 PREG\u00daNTANOS Sin compromiso !!!!<\/strong><\/p>\n<p>Puede retirar sus pedidos en nuestra\u00a0<a href=\"https:\/\/www.electronicajnc.com\/web\/contactos\" target=\"_blank\" rel=\"noopener\">TIENDA F\u00cdSICA<\/a>\u00a0o realizar sus pedidos\u00a0<a href=\"https:\/\/www.electronicajnc.com\/web\/mi-cuenta\" target=\"_blank\" rel=\"noopener\">ONLINE<\/a>\u00a0o por\u00a0<a href=\"https:\/\/api.whatsapp.com\/send?phone=593958753126\" target=\"_blank\" rel=\"noopener\">WHATSAPP<\/a>.<\/p>\n<p>&nbsp;<\/p>\n","protected":false},"excerpt":{"rendered":"<p>Esta peque\u00f1a placa es un peque\u00f1o reproductor de audio MP3 con amplificador integrado y que puede funcionar por si s\u00f3lo simplemente conectando unos pulsadores que permiten la reproducci\u00f3n de archivos directamente cargados en una tarjeta de memoria Micro SD.<\/p>\n","protected":false},"featured_media":1313,"comment_status":"closed","ping_status":"closed","template":"","meta":{"saved_in_kubio":false,"_joinchat":[]},"product_brand":[],"product_cat":[21],"product_tag":[196,699,904,697,741,706,742,743,692,694,696,701,744,318,180,408,703,704,745,905,700,705,702,693,698,906,746,733,35,695,617],"class_list":{"0":"post-1310","1":"product","2":"type-product","3":"status-publish","4":"has-post-thumbnail","6":"product_cat-modulos_sensores","7":"product_tag-arduino","8":"product_tag-conversion-analogica-a-digital","9":"product_tag-dfplayer","10":"product_tag-educacion-stem","11":"product_tag-escudo","12":"product_tag-esp01-8266","13":"product_tag-ethernet","14":"product_tag-internet","15":"product_tag-kit-arduino","16":"product_tag-kit-diy","17":"product_tag-kit-iot","18":"product_tag-kit-steam","19":"product_tag-lan","20":"product_tag-microcontrolador","21":"product_tag-mini","22":"product_tag-modulo","23":"product_tag-modulo-bluetooth-hc05","24":"product_tag-modulo-sensor","25":"product_tag-montaje","26":"product_tag-mp3","27":"product_tag-nodemcu-esp8266","28":"product_tag-pantalla-i2c","29":"product_tag-pantalla-lcd","30":"product_tag-pantalla-led","31":"product_tag-placa-arduino","32":"product_tag-player","33":"product_tag-red","34":"product_tag-sd","35":"product_tag-sensor-de-temperatura","36":"product_tag-servomotor","37":"product_tag-shield","39":"first","40":"instock","41":"taxable","42":"shipping-taxable","43":"purchasable","44":"product-type-simple"},"yoast_head":"<!-- This site is optimized with the Yoast SEO plugin v27.6 - https:\/\/yoast.com\/product\/yoast-seo-wordpress\/ -->\n<title>MODULO DFPLAYER MINI Mp3 Player - Electronica JNC<\/title>\n<meta name=\"description\" content=\"MODULO DFPLAYER MINI Mp3 Player es un peque\u00f1o reproductor de audio MP3 con amplificador integrado y que puede funcionar por si s\u00f3lo.\" \/>\n<meta name=\"robots\" content=\"index, follow, max-snippet:-1, max-image-preview:large, max-video-preview:-1\" \/>\n<link rel=\"canonical\" href=\"https:\/\/www.electronicajnc.com\/web\/producto\/modulo-dfplayer-mini-mp3-player\/\" \/>\n<meta property=\"og:locale\" content=\"es_ES\" \/>\n<meta property=\"og:type\" content=\"article\" \/>\n<meta property=\"og:title\" content=\"MODULO DFPLAYER MINI Mp3 Player - Electronica JNC\" \/>\n<meta property=\"og:description\" content=\"MODULO DFPLAYER MINI Mp3 Player es un peque\u00f1o reproductor de audio MP3 con amplificador integrado y que puede funcionar por si s\u00f3lo.\" \/>\n<meta property=\"og:url\" content=\"https:\/\/www.electronicajnc.com\/web\/producto\/modulo-dfplayer-mini-mp3-player\/\" \/>\n<meta property=\"og:site_name\" content=\"Electronica JNC\" \/>\n<meta property=\"article:modified_time\" content=\"2023-12-05T20:37:21+00:00\" \/>\n<meta property=\"og:image\" content=\"https:\/\/www.electronicajnc.com\/web\/wp-content\/uploads\/2023\/12\/DF-PLAYER-1.jpg\" \/>\n\t<meta property=\"og:image:width\" content=\"1035\" \/>\n\t<meta property=\"og:image:height\" content=\"988\" \/>\n\t<meta property=\"og:image:type\" content=\"image\/jpeg\" \/>\n<meta name=\"twitter:card\" content=\"summary_large_image\" \/>\n<meta name=\"twitter:label1\" content=\"Tiempo de lectura\" \/>\n\t<meta name=\"twitter:data1\" content=\"3 minutos\" \/>\n<script type=\"application\/ld+json\" class=\"yoast-schema-graph\">{\"@context\":\"https:\\\/\\\/schema.org\",\"@graph\":[{\"@type\":\"WebPage\",\"@id\":\"https:\\\/\\\/www.electronicajnc.com\\\/web\\\/producto\\\/modulo-dfplayer-mini-mp3-player\\\/\",\"url\":\"https:\\\/\\\/www.electronicajnc.com\\\/web\\\/producto\\\/modulo-dfplayer-mini-mp3-player\\\/\",\"name\":\"MODULO DFPLAYER MINI Mp3 Player - Electronica JNC\",\"isPartOf\":{\"@id\":\"https:\\\/\\\/www.electronicajnc.com\\\/web\\\/#website\"},\"primaryImageOfPage\":{\"@id\":\"https:\\\/\\\/www.electronicajnc.com\\\/web\\\/producto\\\/modulo-dfplayer-mini-mp3-player\\\/#primaryimage\"},\"image\":{\"@id\":\"https:\\\/\\\/www.electronicajnc.com\\\/web\\\/producto\\\/modulo-dfplayer-mini-mp3-player\\\/#primaryimage\"},\"thumbnailUrl\":\"https:\\\/\\\/www.electronicajnc.com\\\/web\\\/wp-content\\\/uploads\\\/2023\\\/12\\\/DF-PLAYER-1.jpg\",\"datePublished\":\"2023-12-05T20:31:25+00:00\",\"dateModified\":\"2023-12-05T20:37:21+00:00\",\"description\":\"MODULO DFPLAYER MINI Mp3 Player es un peque\u00f1o reproductor de audio MP3 con amplificador integrado y que puede funcionar por si s\u00f3lo.\",\"breadcrumb\":{\"@id\":\"https:\\\/\\\/www.electronicajnc.com\\\/web\\\/producto\\\/modulo-dfplayer-mini-mp3-player\\\/#breadcrumb\"},\"inLanguage\":\"es\",\"potentialAction\":[{\"@type\":\"ReadAction\",\"target\":[\"https:\\\/\\\/www.electronicajnc.com\\\/web\\\/producto\\\/modulo-dfplayer-mini-mp3-player\\\/\"]}]},{\"@type\":\"ImageObject\",\"inLanguage\":\"es\",\"@id\":\"https:\\\/\\\/www.electronicajnc.com\\\/web\\\/producto\\\/modulo-dfplayer-mini-mp3-player\\\/#primaryimage\",\"url\":\"https:\\\/\\\/www.electronicajnc.com\\\/web\\\/wp-content\\\/uploads\\\/2023\\\/12\\\/DF-PLAYER-1.jpg\",\"contentUrl\":\"https:\\\/\\\/www.electronicajnc.com\\\/web\\\/wp-content\\\/uploads\\\/2023\\\/12\\\/DF-PLAYER-1.jpg\",\"width\":1035,\"height\":988,\"caption\":\"MODULO DFPLAYER MINI Mp3 Player\"},{\"@type\":\"BreadcrumbList\",\"@id\":\"https:\\\/\\\/www.electronicajnc.com\\\/web\\\/producto\\\/modulo-dfplayer-mini-mp3-player\\\/#breadcrumb\",\"itemListElement\":[{\"@type\":\"ListItem\",\"position\":1,\"name\":\"Portada\",\"item\":\"https:\\\/\\\/www.electronicajnc.com\\\/web\\\/\"},{\"@type\":\"ListItem\",\"position\":2,\"name\":\"TIENDA\",\"item\":\"https:\\\/\\\/www.electronicajnc.com\\\/web\\\/tienda\\\/\"},{\"@type\":\"ListItem\",\"position\":3,\"name\":\"MODULO DFPLAYER MINI Mp3 Player\"}]},{\"@type\":\"WebSite\",\"@id\":\"https:\\\/\\\/www.electronicajnc.com\\\/web\\\/#website\",\"url\":\"https:\\\/\\\/www.electronicajnc.com\\\/web\\\/\",\"name\":\"Electronica JNC\",\"description\":\"Robotica Tecnologia Mecatronica en Ecuador\",\"publisher\":{\"@id\":\"https:\\\/\\\/www.electronicajnc.com\\\/web\\\/#organization\"},\"potentialAction\":[{\"@type\":\"SearchAction\",\"target\":{\"@type\":\"EntryPoint\",\"urlTemplate\":\"https:\\\/\\\/www.electronicajnc.com\\\/web\\\/?s={search_term_string}\"},\"query-input\":{\"@type\":\"PropertyValueSpecification\",\"valueRequired\":true,\"valueName\":\"search_term_string\"}}],\"inLanguage\":\"es\"},{\"@type\":\"Organization\",\"@id\":\"https:\\\/\\\/www.electronicajnc.com\\\/web\\\/#organization\",\"name\":\"Electronica JNC\",\"url\":\"https:\\\/\\\/www.electronicajnc.com\\\/web\\\/\",\"logo\":{\"@type\":\"ImageObject\",\"inLanguage\":\"es\",\"@id\":\"https:\\\/\\\/www.electronicajnc.com\\\/web\\\/#\\\/schema\\\/logo\\\/image\\\/\",\"url\":\"https:\\\/\\\/www.electronicajnc.com\\\/web\\\/wp-content\\\/uploads\\\/2023\\\/06\\\/nuevo-logo.jpg\",\"contentUrl\":\"https:\\\/\\\/www.electronicajnc.com\\\/web\\\/wp-content\\\/uploads\\\/2023\\\/06\\\/nuevo-logo.jpg\",\"width\":1256,\"height\":612,\"caption\":\"Electronica JNC\"},\"image\":{\"@id\":\"https:\\\/\\\/www.electronicajnc.com\\\/web\\\/#\\\/schema\\\/logo\\\/image\\\/\"}}]}<\/script>\n<!-- \/ Yoast SEO plugin. -->","yoast_head_json":{"title":"MODULO DFPLAYER MINI Mp3 Player - Electronica JNC","description":"MODULO DFPLAYER MINI Mp3 Player es un peque\u00f1o reproductor de audio MP3 con amplificador integrado y que puede funcionar por si s\u00f3lo.","robots":{"index":"index","follow":"follow","max-snippet":"max-snippet:-1","max-image-preview":"max-image-preview:large","max-video-preview":"max-video-preview:-1"},"canonical":"https:\/\/www.electronicajnc.com\/web\/producto\/modulo-dfplayer-mini-mp3-player\/","og_locale":"es_ES","og_type":"article","og_title":"MODULO DFPLAYER MINI Mp3 Player - Electronica JNC","og_description":"MODULO DFPLAYER MINI Mp3 Player es un peque\u00f1o reproductor de audio MP3 con amplificador integrado y que puede funcionar por si s\u00f3lo.","og_url":"https:\/\/www.electronicajnc.com\/web\/producto\/modulo-dfplayer-mini-mp3-player\/","og_site_name":"Electronica JNC","article_modified_time":"2023-12-05T20:37:21+00:00","og_image":[{"width":1035,"height":988,"url":"https:\/\/www.electronicajnc.com\/web\/wp-content\/uploads\/2023\/12\/DF-PLAYER-1.jpg","type":"image\/jpeg"}],"twitter_card":"summary_large_image","twitter_misc":{"Tiempo de lectura":"3 minutos"},"schema":{"@context":"https:\/\/schema.org","@graph":[{"@type":"WebPage","@id":"https:\/\/www.electronicajnc.com\/web\/producto\/modulo-dfplayer-mini-mp3-player\/","url":"https:\/\/www.electronicajnc.com\/web\/producto\/modulo-dfplayer-mini-mp3-player\/","name":"MODULO DFPLAYER MINI Mp3 Player - Electronica JNC","isPartOf":{"@id":"https:\/\/www.electronicajnc.com\/web\/#website"},"primaryImageOfPage":{"@id":"https:\/\/www.electronicajnc.com\/web\/producto\/modulo-dfplayer-mini-mp3-player\/#primaryimage"},"image":{"@id":"https:\/\/www.electronicajnc.com\/web\/producto\/modulo-dfplayer-mini-mp3-player\/#primaryimage"},"thumbnailUrl":"https:\/\/www.electronicajnc.com\/web\/wp-content\/uploads\/2023\/12\/DF-PLAYER-1.jpg","datePublished":"2023-12-05T20:31:25+00:00","dateModified":"2023-12-05T20:37:21+00:00","description":"MODULO DFPLAYER MINI Mp3 Player es un peque\u00f1o reproductor de audio MP3 con amplificador integrado y que puede funcionar por si s\u00f3lo.","breadcrumb":{"@id":"https:\/\/www.electronicajnc.com\/web\/producto\/modulo-dfplayer-mini-mp3-player\/#breadcrumb"},"inLanguage":"es","potentialAction":[{"@type":"ReadAction","target":["https:\/\/www.electronicajnc.com\/web\/producto\/modulo-dfplayer-mini-mp3-player\/"]}]},{"@type":"ImageObject","inLanguage":"es","@id":"https:\/\/www.electronicajnc.com\/web\/producto\/modulo-dfplayer-mini-mp3-player\/#primaryimage","url":"https:\/\/www.electronicajnc.com\/web\/wp-content\/uploads\/2023\/12\/DF-PLAYER-1.jpg","contentUrl":"https:\/\/www.electronicajnc.com\/web\/wp-content\/uploads\/2023\/12\/DF-PLAYER-1.jpg","width":1035,"height":988,"caption":"MODULO DFPLAYER MINI Mp3 Player"},{"@type":"BreadcrumbList","@id":"https:\/\/www.electronicajnc.com\/web\/producto\/modulo-dfplayer-mini-mp3-player\/#breadcrumb","itemListElement":[{"@type":"ListItem","position":1,"name":"Portada","item":"https:\/\/www.electronicajnc.com\/web\/"},{"@type":"ListItem","position":2,"name":"TIENDA","item":"https:\/\/www.electronicajnc.com\/web\/tienda\/"},{"@type":"ListItem","position":3,"name":"MODULO DFPLAYER MINI Mp3 Player"}]},{"@type":"WebSite","@id":"https:\/\/www.electronicajnc.com\/web\/#website","url":"https:\/\/www.electronicajnc.com\/web\/","name":"Electronica JNC","description":"Robotica Tecnologia Mecatronica en Ecuador","publisher":{"@id":"https:\/\/www.electronicajnc.com\/web\/#organization"},"potentialAction":[{"@type":"SearchAction","target":{"@type":"EntryPoint","urlTemplate":"https:\/\/www.electronicajnc.com\/web\/?s={search_term_string}"},"query-input":{"@type":"PropertyValueSpecification","valueRequired":true,"valueName":"search_term_string"}}],"inLanguage":"es"},{"@type":"Organization","@id":"https:\/\/www.electronicajnc.com\/web\/#organization","name":"Electronica JNC","url":"https:\/\/www.electronicajnc.com\/web\/","logo":{"@type":"ImageObject","inLanguage":"es","@id":"https:\/\/www.electronicajnc.com\/web\/#\/schema\/logo\/image\/","url":"https:\/\/www.electronicajnc.com\/web\/wp-content\/uploads\/2023\/06\/nuevo-logo.jpg","contentUrl":"https:\/\/www.electronicajnc.com\/web\/wp-content\/uploads\/2023\/06\/nuevo-logo.jpg","width":1256,"height":612,"caption":"Electronica JNC"},"image":{"@id":"https:\/\/www.electronicajnc.com\/web\/#\/schema\/logo\/image\/"}}]}},"_links":{"self":[{"href":"https:\/\/www.electronicajnc.com\/web\/wp-json\/wp\/v2\/product\/1310","targetHints":{"allow":["GET"]}}],"collection":[{"href":"https:\/\/www.electronicajnc.com\/web\/wp-json\/wp\/v2\/product"}],"about":[{"href":"https:\/\/www.electronicajnc.com\/web\/wp-json\/wp\/v2\/types\/product"}],"replies":[{"embeddable":true,"href":"https:\/\/www.electronicajnc.com\/web\/wp-json\/wp\/v2\/comments?post=1310"}],"wp:featuredmedia":[{"embeddable":true,"href":"https:\/\/www.electronicajnc.com\/web\/wp-json\/wp\/v2\/media\/1313"}],"wp:attachment":[{"href":"https:\/\/www.electronicajnc.com\/web\/wp-json\/wp\/v2\/media?parent=1310"}],"wp:term":[{"taxonomy":"product_brand","embeddable":true,"href":"https:\/\/www.electronicajnc.com\/web\/wp-json\/wp\/v2\/product_brand?post=1310"},{"taxonomy":"product_cat","embeddable":true,"href":"https:\/\/www.electronicajnc.com\/web\/wp-json\/wp\/v2\/product_cat?post=1310"},{"taxonomy":"product_tag","embeddable":true,"href":"https:\/\/www.electronicajnc.com\/web\/wp-json\/wp\/v2\/product_tag?post=1310"}],"curies":[{"name":"wp","href":"https:\/\/api.w.org\/{rel}","templated":true}]}}