{"id":1448,"date":"2024-03-04T19:29:42","date_gmt":"2024-03-04T19:29:42","guid":{"rendered":"https:\/\/www.electronicajnc.com\/web\/?post_type=product&#038;p=1448"},"modified":"2025-09-11T17:44:40","modified_gmt":"2025-09-11T17:44:40","slug":"motor-reductor-de-doble-eje-tipo-i-3-vcc","status":"publish","type":"product","link":"https:\/\/www.electronicajnc.com\/web\/producto\/motor-reductor-de-doble-eje-tipo-i-3-vcc\/","title":{"rendered":"Motor reductor de doble eje tipo I, 3 Vcc"},"content":{"rendered":"<p class=\"page-title\"><span class=\"base\" data-ui-id=\"page-title-wrapper\">Motor reductor de doble eje tipo I, 3 Vcc<\/span><\/p>\n<p style=\"text-align: left;\"><img fetchpriority=\"high\" decoding=\"async\" class=\"aligncenter\" src=\"https:\/\/www.electronicajnc.com\/web\/wp-content\/uploads\/2023\/08\/motoreductor-amarillo.jpg\" alt=\"Motoreductor motor DC 3-9V, doble eje\" width=\"502\" height=\"347\" \/><\/p>\n<p>Este motor DC posee una caja reductora integrada que le permite entregar un buen torque en un peque\u00f1o tama\u00f1o y bajo voltaje. La carcasa del motor es de pl\u00e1stico resistente, no toxico y de color amarillo.<\/p>\n<p>El Motorreductor Amarillo para Carrito y compatible para proyectos con Arduino es un dispositivo electromec\u00e1nico que te permite reducir la velocidad a un alto par. Excelente tracci\u00f3n sobre una gran variedad de superficies estos motorreductores con eje dual.<\/p>\n<p>Este Motorreductor es ideal para crear tu propio carrito, se utilizan en la realizaci\u00f3n de plataformas rob\u00f3ticas. Si est\u00e1s pensando en construir un robot de sumo, un robot seguidor de l\u00edneas, o cualquier robot con tracci\u00f3n diferencial, este motorreductor es ideal para darle movimiento a tu creaci\u00f3n.<\/p>\n<h1 class=\"page-title\"><span class=\"base\" data-ui-id=\"page-title-wrapper\">Motor reductor de doble eje tipo I, 3 Vcc<\/span><\/h1>\n<p><strong>Caracter\u00edsticas del motor:<\/strong><\/p>\n<ul>\n<li>Motor Ref. TGP01D-A130-12215-48<\/li>\n<li>Motor DC de im\u00e1n permanente y escobillas de carb\u00f3n<\/li>\n<li>Caja reductora 1:48 con pi\u00f1oner\u00eda pl\u00e1stica<\/li>\n<li>Eje biaxial<\/li>\n<li>Rango del voltaje de operaci\u00f3n:\u00a03\u00a0V a 6 V<\/li>\n<li>Voltaje de operaci\u00f3n nominal:\u00a03 V<\/li>\n<li>Velocidad sin carga @ 3 V:\u00a0110 rpm<\/li>\n<li>Corriente sin carga @\u00a03 V: 120 mA (0.12 A)<\/li>\n<li>Corriente bloqueado @\u00a03 V: 450 mA (0.45 A)<\/li>\n<li>Torque bloqueado: 0.27 kgf\u00b7cm \u00a0(0.027 N\u00b7m)<\/li>\n<li>Dimensiones:\u00a06.92 cm x 2.25 cm x 1.88 cm<\/li>\n<li>Peso aprox:\u00a035 g\n<div><\/div>\n<div>\n<h2><b>\u00bfD\u00f3nde<\/b><strong>\u00a0conseguir ?<\/strong><\/h2>\n<\/div>\n<p>Puedes conseguir este producto y mucho mas en nuestra tienda de electr\u00f3nica \u201cElectr\u00f3nica JNC\u201d a un excelente precio, de igual manera puedes preguntar por otros productos que tenemos para ti y as\u00ed adquirirlos seg\u00fan tu necesidad para\u00a0 tus proyectos.<\/p>\n<p>Adem\u00e1s de vender realizamos todo tipo de proyectos de Rob\u00f3tica Electr\u00f3nica y de Programaci\u00f3n en Arduino-Raspberry, brindamos asesoramiento en la elaboraci\u00f3n de proyectos y personalizamos sus clases cuando deseas armar un robot.<\/p>\n<p>Somos importadores Directos de todo en Electr\u00f3nica y Rob\u00f3tica directamente desde los fabricantes, a los mejores precios del mercado.<\/p>\n<div class=\"x11i5rnm xat24cr x1mh8g0r x1vvkbs xtlvy1s x126k92a\">\n<div dir=\"auto\">SERVICIO PERSONALIZADO, APOYO TEORICO Y VENTA DE MATERIAL<\/div>\n<\/div>\n<div class=\"x11i5rnm xat24cr x1mh8g0r x1vvkbs xtlvy1s x126k92a\">\n<div dir=\"auto\">COTIZA CON NOSOTROS<\/div>\n<div dir=\"auto\">SERVICIO, EXPERIENCIA, CALIDAD Y CONFIANZA<\/div>\n<div dir=\"auto\">\u00abTodo lo que buscas en un solo lugar\u00bb<\/div>\n<\/div>\n<div dir=\"auto\"><\/div>\n<p><img decoding=\"async\" class=\"aligncenter\" src=\"https:\/\/images.ua.prom.st\/1494267654_1494267654.jpg?PImaGE_ID=1494267654\" \/><\/p>\n<p style=\"text-align: center;\">Realizar un pedido en la web o por \u00a0<a href=\"https:\/\/api.whatsapp.com\/send?phone=593958753126\" target=\"_blank\" rel=\"noopener\">WHATSAPP<\/a>.<\/p>\n<p><img decoding=\"async\" class=\"aligncenter\" src=\"https:\/\/images.ua.prom.st\/1494267867_1494267867.jpg?PImaGE_ID=1494267867\" \/><\/p>\n<p style=\"text-align: center;\">Consulta con un asesor\u00a0 todas tus inquietudes.<\/p>\n<p><img decoding=\"async\" class=\"aligncenter\" src=\"https:\/\/images.ua.prom.st\/1494266627_1494266627.jpg?PImaGE_ID=1494266627\" \/><\/p>\n<p style=\"text-align: center;\">Pregunta las formas de pago.<\/p>\n<p><img decoding=\"async\" class=\"aligncenter\" src=\"https:\/\/images.ua.prom.st\/1494267985_1494267985.jpg?PImaGE_ID=1494267985\" \/><\/p>\n<p style=\"text-align: center;\">Tu pedido llega a la puerta de tu casa.<\/p>\n<p>&nbsp;<\/p>\n<p><strong>\u00a1\u00a1 PREG\u00daNTANOS Sin compromiso !!!!<\/strong><\/p>\n<p>Puede retirar sus pedidos en nuestra\u00a0<a href=\"https:\/\/www.electronicajnc.com\/web\/contactos\" target=\"_blank\" rel=\"noopener\">TIENDA F\u00cdSICA<\/a>\u00a0o realizar sus pedidos\u00a0<a href=\"https:\/\/www.electronicajnc.com\/web\/mi-cuenta\" target=\"_blank\" rel=\"noopener\">ONLINE<\/a>\u00a0o por\u00a0<a href=\"https:\/\/api.whatsapp.com\/send?phone=593958753126\" target=\"_blank\" rel=\"noopener\">WHATSAPP<\/a>.<\/li>\n<\/ul>\n","protected":false},"excerpt":{"rendered":"<p>El motor mas utilizado para robots con ruedas en Arduino. No es un simple motor sino que viene unido a una caja reductora con engranajes en su interior que mejora su instalaci\u00f3n. Su doble eje a 90 grados permite no s\u00f3lo la instalaci\u00f3n de ruedas sino tambi\u00e9n ruedas ranuradas para encoders, permitiendo leer la velocidad de giro del eje y as\u00ed pudiendo calcular la velocidad del robot.<\/p>\n","protected":false},"featured_media":1449,"comment_status":"closed","ping_status":"closed","template":"","meta":{"saved_in_kubio":false,"_joinchat":[]},"product_brand":[],"product_cat":[309],"product_tag":[688,691,686,719,699,710,697,706,712,692,714,711,687,708,709,713,694,685,696,701,717,715,318,703,704,555,638,700,705,702,693,698,707,32,718,639,31,640,35,695],"class_list":{"0":"post-1448","1":"product","2":"type-product","3":"status-publish","4":"has-post-thumbnail","6":"product_cat-componentes-electronicos","7":"product_tag-aprender-iot","8":"product_tag-compra-online-kit-arduino","9":"product_tag-comunicacion-inalambrica","10":"product_tag-control-de-motores-control-de-motores","11":"product_tag-conversion-analogica-a-digital","12":"product_tag-diseno-de-circuitos","13":"product_tag-educacion-stem","14":"product_tag-esp01-8266","15":"product_tag-internet-de-las-cosas-iot","16":"product_tag-kit-arduino","17":"product_tag-kit-arduino-ecuador","18":"product_tag-kit-arduino-mas-vendido","19":"product_tag-kit-de-electronica","20":"product_tag-kit-de-inicio-arduino","21":"product_tag-kit-de-proyecto-arduino","22":"product_tag-kit-de-robotica","23":"product_tag-kit-diy","24":"product_tag-kit-internet-de-las-cosas","25":"product_tag-kit-iot","26":"product_tag-kit-steam","27":"product_tag-kits-arduino","28":"product_tag-mejor-kit-arduino-ecuador","29":"product_tag-microcontrolador","30":"product_tag-modulo-bluetooth-hc05","31":"product_tag-modulo-sensor","32":"product_tag-motor","33":"product_tag-motoreductor","34":"product_tag-nodemcu-esp8266","35":"product_tag-pantalla-i2c","36":"product_tag-pantalla-lcd","37":"product_tag-pantalla-led","38":"product_tag-placa-arduino","39":"product_tag-placa-de-pruebas","40":"product_tag-programacion","41":"product_tag-proyectos-arduino-uno-r3","42":"product_tag-robot-caseros","43":"product_tag-robotica","44":"product_tag-robots-escolares","45":"product_tag-sensor-de-temperatura","46":"product_tag-servomotor","48":"first","49":"instock","50":"taxable","51":"shipping-taxable","52":"product-type-simple"},"yoast_head":"<!-- This site is optimized with the Yoast SEO plugin v27.6 - https:\/\/yoast.com\/product\/yoast-seo-wordpress\/ -->\n<title>Motor reductor de doble eje tipo I, 3 Vcc - Electronica JNC<\/title>\n<meta name=\"description\" content=\"Motoreductor motor DC 3-9V, doble eje El motor mas utilizado para robots con ruedas en Arduino, con una caja reductora con engranajes en su interior.\" \/>\n<meta name=\"robots\" content=\"index, follow, max-snippet:-1, max-image-preview:large, max-video-preview:-1\" \/>\n<link rel=\"canonical\" href=\"https:\/\/www.electronicajnc.com\/web\/producto\/motor-reductor-de-doble-eje-tipo-i-3-vcc\/\" \/>\n<meta property=\"og:locale\" content=\"es_ES\" \/>\n<meta property=\"og:type\" content=\"article\" \/>\n<meta property=\"og:title\" content=\"Motor reductor de doble eje tipo I, 3 Vcc - Electronica JNC\" \/>\n<meta property=\"og:description\" content=\"Motoreductor motor DC 3-9V, doble eje El motor mas utilizado para robots con ruedas en Arduino, con una caja reductora con engranajes en su interior.\" \/>\n<meta property=\"og:url\" content=\"https:\/\/www.electronicajnc.com\/web\/producto\/motor-reductor-de-doble-eje-tipo-i-3-vcc\/\" \/>\n<meta property=\"og:site_name\" content=\"Electronica JNC\" \/>\n<meta property=\"article:modified_time\" content=\"2025-09-11T17:44:40+00:00\" \/>\n<meta property=\"og:image\" content=\"https:\/\/www.electronicajnc.com\/web\/wp-content\/uploads\/2024\/03\/motor-amarillo-reductor.jpg\" \/>\n\t<meta property=\"og:image:width\" content=\"980\" \/>\n\t<meta property=\"og:image:height\" content=\"974\" \/>\n\t<meta property=\"og:image:type\" content=\"image\/jpeg\" \/>\n<meta name=\"twitter:card\" content=\"summary_large_image\" \/>\n<meta name=\"twitter:label1\" content=\"Tiempo de lectura\" \/>\n\t<meta name=\"twitter:data1\" content=\"3 minutos\" \/>\n<script type=\"application\/ld+json\" class=\"yoast-schema-graph\">{\"@context\":\"https:\\\/\\\/schema.org\",\"@graph\":[{\"@type\":\"WebPage\",\"@id\":\"https:\\\/\\\/www.electronicajnc.com\\\/web\\\/producto\\\/motor-reductor-de-doble-eje-tipo-i-3-vcc\\\/\",\"url\":\"https:\\\/\\\/www.electronicajnc.com\\\/web\\\/producto\\\/motor-reductor-de-doble-eje-tipo-i-3-vcc\\\/\",\"name\":\"Motor reductor de doble eje tipo I, 3 Vcc - Electronica JNC\",\"isPartOf\":{\"@id\":\"https:\\\/\\\/www.electronicajnc.com\\\/web\\\/#website\"},\"primaryImageOfPage\":{\"@id\":\"https:\\\/\\\/www.electronicajnc.com\\\/web\\\/producto\\\/motor-reductor-de-doble-eje-tipo-i-3-vcc\\\/#primaryimage\"},\"image\":{\"@id\":\"https:\\\/\\\/www.electronicajnc.com\\\/web\\\/producto\\\/motor-reductor-de-doble-eje-tipo-i-3-vcc\\\/#primaryimage\"},\"thumbnailUrl\":\"https:\\\/\\\/www.electronicajnc.com\\\/web\\\/wp-content\\\/uploads\\\/2024\\\/03\\\/motor-amarillo-reductor.jpg\",\"datePublished\":\"2024-03-04T19:29:42+00:00\",\"dateModified\":\"2025-09-11T17:44:40+00:00\",\"description\":\"Motoreductor motor DC 3-9V, doble eje El motor mas utilizado para robots con ruedas en Arduino, con una caja reductora con engranajes en su interior.\",\"breadcrumb\":{\"@id\":\"https:\\\/\\\/www.electronicajnc.com\\\/web\\\/producto\\\/motor-reductor-de-doble-eje-tipo-i-3-vcc\\\/#breadcrumb\"},\"inLanguage\":\"es\",\"potentialAction\":[{\"@type\":\"ReadAction\",\"target\":[\"https:\\\/\\\/www.electronicajnc.com\\\/web\\\/producto\\\/motor-reductor-de-doble-eje-tipo-i-3-vcc\\\/\"]}]},{\"@type\":\"ImageObject\",\"inLanguage\":\"es\",\"@id\":\"https:\\\/\\\/www.electronicajnc.com\\\/web\\\/producto\\\/motor-reductor-de-doble-eje-tipo-i-3-vcc\\\/#primaryimage\",\"url\":\"https:\\\/\\\/www.electronicajnc.com\\\/web\\\/wp-content\\\/uploads\\\/2024\\\/03\\\/motor-amarillo-reductor.jpg\",\"contentUrl\":\"https:\\\/\\\/www.electronicajnc.com\\\/web\\\/wp-content\\\/uploads\\\/2024\\\/03\\\/motor-amarillo-reductor.jpg\",\"width\":980,\"height\":974,\"caption\":\"Motor reductor de doble eje tipo I, 3 Vcc\"},{\"@type\":\"BreadcrumbList\",\"@id\":\"https:\\\/\\\/www.electronicajnc.com\\\/web\\\/producto\\\/motor-reductor-de-doble-eje-tipo-i-3-vcc\\\/#breadcrumb\",\"itemListElement\":[{\"@type\":\"ListItem\",\"position\":1,\"name\":\"Portada\",\"item\":\"https:\\\/\\\/www.electronicajnc.com\\\/web\\\/\"},{\"@type\":\"ListItem\",\"position\":2,\"name\":\"TIENDA\",\"item\":\"https:\\\/\\\/www.electronicajnc.com\\\/web\\\/tienda\\\/\"},{\"@type\":\"ListItem\",\"position\":3,\"name\":\"Motor reductor de doble eje tipo I, 3 Vcc\"}]},{\"@type\":\"WebSite\",\"@id\":\"https:\\\/\\\/www.electronicajnc.com\\\/web\\\/#website\",\"url\":\"https:\\\/\\\/www.electronicajnc.com\\\/web\\\/\",\"name\":\"Electronica JNC\",\"description\":\"Robotica Tecnologia Mecatronica en Ecuador\",\"publisher\":{\"@id\":\"https:\\\/\\\/www.electronicajnc.com\\\/web\\\/#organization\"},\"potentialAction\":[{\"@type\":\"SearchAction\",\"target\":{\"@type\":\"EntryPoint\",\"urlTemplate\":\"https:\\\/\\\/www.electronicajnc.com\\\/web\\\/?s={search_term_string}\"},\"query-input\":{\"@type\":\"PropertyValueSpecification\",\"valueRequired\":true,\"valueName\":\"search_term_string\"}}],\"inLanguage\":\"es\"},{\"@type\":\"Organization\",\"@id\":\"https:\\\/\\\/www.electronicajnc.com\\\/web\\\/#organization\",\"name\":\"Electronica JNC\",\"url\":\"https:\\\/\\\/www.electronicajnc.com\\\/web\\\/\",\"logo\":{\"@type\":\"ImageObject\",\"inLanguage\":\"es\",\"@id\":\"https:\\\/\\\/www.electronicajnc.com\\\/web\\\/#\\\/schema\\\/logo\\\/image\\\/\",\"url\":\"https:\\\/\\\/www.electronicajnc.com\\\/web\\\/wp-content\\\/uploads\\\/2023\\\/06\\\/nuevo-logo.jpg\",\"contentUrl\":\"https:\\\/\\\/www.electronicajnc.com\\\/web\\\/wp-content\\\/uploads\\\/2023\\\/06\\\/nuevo-logo.jpg\",\"width\":1256,\"height\":612,\"caption\":\"Electronica JNC\"},\"image\":{\"@id\":\"https:\\\/\\\/www.electronicajnc.com\\\/web\\\/#\\\/schema\\\/logo\\\/image\\\/\"}}]}<\/script>\n<!-- \/ Yoast SEO plugin. -->","yoast_head_json":{"title":"Motor reductor de doble eje tipo I, 3 Vcc - Electronica JNC","description":"Motoreductor motor DC 3-9V, doble eje El motor mas utilizado para robots con ruedas en Arduino, con una caja reductora con engranajes en su interior.","robots":{"index":"index","follow":"follow","max-snippet":"max-snippet:-1","max-image-preview":"max-image-preview:large","max-video-preview":"max-video-preview:-1"},"canonical":"https:\/\/www.electronicajnc.com\/web\/producto\/motor-reductor-de-doble-eje-tipo-i-3-vcc\/","og_locale":"es_ES","og_type":"article","og_title":"Motor reductor de doble eje tipo I, 3 Vcc - Electronica JNC","og_description":"Motoreductor motor DC 3-9V, doble eje El motor mas utilizado para robots con ruedas en Arduino, con una caja reductora con engranajes en su interior.","og_url":"https:\/\/www.electronicajnc.com\/web\/producto\/motor-reductor-de-doble-eje-tipo-i-3-vcc\/","og_site_name":"Electronica JNC","article_modified_time":"2025-09-11T17:44:40+00:00","og_image":[{"width":980,"height":974,"url":"https:\/\/www.electronicajnc.com\/web\/wp-content\/uploads\/2024\/03\/motor-amarillo-reductor.jpg","type":"image\/jpeg"}],"twitter_card":"summary_large_image","twitter_misc":{"Tiempo de lectura":"3 minutos"},"schema":{"@context":"https:\/\/schema.org","@graph":[{"@type":"WebPage","@id":"https:\/\/www.electronicajnc.com\/web\/producto\/motor-reductor-de-doble-eje-tipo-i-3-vcc\/","url":"https:\/\/www.electronicajnc.com\/web\/producto\/motor-reductor-de-doble-eje-tipo-i-3-vcc\/","name":"Motor reductor de doble eje tipo I, 3 Vcc - Electronica JNC","isPartOf":{"@id":"https:\/\/www.electronicajnc.com\/web\/#website"},"primaryImageOfPage":{"@id":"https:\/\/www.electronicajnc.com\/web\/producto\/motor-reductor-de-doble-eje-tipo-i-3-vcc\/#primaryimage"},"image":{"@id":"https:\/\/www.electronicajnc.com\/web\/producto\/motor-reductor-de-doble-eje-tipo-i-3-vcc\/#primaryimage"},"thumbnailUrl":"https:\/\/www.electronicajnc.com\/web\/wp-content\/uploads\/2024\/03\/motor-amarillo-reductor.jpg","datePublished":"2024-03-04T19:29:42+00:00","dateModified":"2025-09-11T17:44:40+00:00","description":"Motoreductor motor DC 3-9V, doble eje El motor mas utilizado para robots con ruedas en Arduino, con una caja reductora con engranajes en su interior.","breadcrumb":{"@id":"https:\/\/www.electronicajnc.com\/web\/producto\/motor-reductor-de-doble-eje-tipo-i-3-vcc\/#breadcrumb"},"inLanguage":"es","potentialAction":[{"@type":"ReadAction","target":["https:\/\/www.electronicajnc.com\/web\/producto\/motor-reductor-de-doble-eje-tipo-i-3-vcc\/"]}]},{"@type":"ImageObject","inLanguage":"es","@id":"https:\/\/www.electronicajnc.com\/web\/producto\/motor-reductor-de-doble-eje-tipo-i-3-vcc\/#primaryimage","url":"https:\/\/www.electronicajnc.com\/web\/wp-content\/uploads\/2024\/03\/motor-amarillo-reductor.jpg","contentUrl":"https:\/\/www.electronicajnc.com\/web\/wp-content\/uploads\/2024\/03\/motor-amarillo-reductor.jpg","width":980,"height":974,"caption":"Motor reductor de doble eje tipo I, 3 Vcc"},{"@type":"BreadcrumbList","@id":"https:\/\/www.electronicajnc.com\/web\/producto\/motor-reductor-de-doble-eje-tipo-i-3-vcc\/#breadcrumb","itemListElement":[{"@type":"ListItem","position":1,"name":"Portada","item":"https:\/\/www.electronicajnc.com\/web\/"},{"@type":"ListItem","position":2,"name":"TIENDA","item":"https:\/\/www.electronicajnc.com\/web\/tienda\/"},{"@type":"ListItem","position":3,"name":"Motor reductor de doble eje tipo I, 3 Vcc"}]},{"@type":"WebSite","@id":"https:\/\/www.electronicajnc.com\/web\/#website","url":"https:\/\/www.electronicajnc.com\/web\/","name":"Electronica JNC","description":"Robotica Tecnologia Mecatronica en Ecuador","publisher":{"@id":"https:\/\/www.electronicajnc.com\/web\/#organization"},"potentialAction":[{"@type":"SearchAction","target":{"@type":"EntryPoint","urlTemplate":"https:\/\/www.electronicajnc.com\/web\/?s={search_term_string}"},"query-input":{"@type":"PropertyValueSpecification","valueRequired":true,"valueName":"search_term_string"}}],"inLanguage":"es"},{"@type":"Organization","@id":"https:\/\/www.electronicajnc.com\/web\/#organization","name":"Electronica JNC","url":"https:\/\/www.electronicajnc.com\/web\/","logo":{"@type":"ImageObject","inLanguage":"es","@id":"https:\/\/www.electronicajnc.com\/web\/#\/schema\/logo\/image\/","url":"https:\/\/www.electronicajnc.com\/web\/wp-content\/uploads\/2023\/06\/nuevo-logo.jpg","contentUrl":"https:\/\/www.electronicajnc.com\/web\/wp-content\/uploads\/2023\/06\/nuevo-logo.jpg","width":1256,"height":612,"caption":"Electronica JNC"},"image":{"@id":"https:\/\/www.electronicajnc.com\/web\/#\/schema\/logo\/image\/"}}]}},"_links":{"self":[{"href":"https:\/\/www.electronicajnc.com\/web\/wp-json\/wp\/v2\/product\/1448","targetHints":{"allow":["GET"]}}],"collection":[{"href":"https:\/\/www.electronicajnc.com\/web\/wp-json\/wp\/v2\/product"}],"about":[{"href":"https:\/\/www.electronicajnc.com\/web\/wp-json\/wp\/v2\/types\/product"}],"replies":[{"embeddable":true,"href":"https:\/\/www.electronicajnc.com\/web\/wp-json\/wp\/v2\/comments?post=1448"}],"wp:featuredmedia":[{"embeddable":true,"href":"https:\/\/www.electronicajnc.com\/web\/wp-json\/wp\/v2\/media\/1449"}],"wp:attachment":[{"href":"https:\/\/www.electronicajnc.com\/web\/wp-json\/wp\/v2\/media?parent=1448"}],"wp:term":[{"taxonomy":"product_brand","embeddable":true,"href":"https:\/\/www.electronicajnc.com\/web\/wp-json\/wp\/v2\/product_brand?post=1448"},{"taxonomy":"product_cat","embeddable":true,"href":"https:\/\/www.electronicajnc.com\/web\/wp-json\/wp\/v2\/product_cat?post=1448"},{"taxonomy":"product_tag","embeddable":true,"href":"https:\/\/www.electronicajnc.com\/web\/wp-json\/wp\/v2\/product_tag?post=1448"}],"curies":[{"name":"wp","href":"https:\/\/api.w.org\/{rel}","templated":true}]}}