{"id":1513,"date":"2024-04-23T02:25:12","date_gmt":"2024-04-23T02:25:12","guid":{"rendered":"https:\/\/www.electronicajnc.com\/web\/?post_type=product&#038;p=1513"},"modified":"2024-12-18T18:22:44","modified_gmt":"2024-12-18T18:22:44","slug":"carro-seguidor-de-linea-con-bluetooth","status":"publish","type":"product","link":"https:\/\/www.electronicajnc.com\/web\/producto\/carro-seguidor-de-linea-con-bluetooth\/","title":{"rendered":"CARRO SEGUIDOR DE LINEA CON BLUETOOTH"},"content":{"rendered":"<p>CARRO SEGUIDOR DE LINEA CON BLUETOOTH<\/p>\n<p>Es una nueva versi\u00f3n del Kit de la serie D2. Se basa en un microordenador de un solo chip y proporciona varias funciones como seguimiento, evitaci\u00f3n de obst\u00e1culos, control Bluetooth y control de detecci\u00f3n de gravedad m\u00f3vil a trav\u00e9s del control del programa.<\/p>\n<p>El carro tiene una interfaz de puerto serial y una funci\u00f3n de control remoto inal\u00e1mbrico conectando un m\u00f3dulo Bluetooth.<\/p>\n<p>En comparaci\u00f3n con la serie D2 anterior, el coche solo puede controlar el avance, D2-6 a\u00f1adido m\u00e1s funciones, no solo puede alcanzar el avance, sino que tambi\u00e9n puede lograr el retroceso.<\/p>\n<p>La fuente de alimentaci\u00f3n solo utiliza 1 bater\u00eda de 3.7V (no incluida).<\/p>\n<h1>CARRO SEGUIDOR DE LINEA CON BLUETOOTH<\/h1>\n<p><span data-spm-anchor-id=\"a2g0o.detail.1000023.i0.17db140eiuX17t\">Color: Tablero azul o verde, kit de proyecto de coche inteligente, l\u00ednea de seguimiento de Robot.<\/span><\/p>\n<p>Tama\u00f1o del tablero: 10,5 cm x 7,3 cm<\/p>\n<p>Uso:<span data-spm-anchor-id=\"a2g0o.detail.1000023.i2.17db140eiuX17t\">Piezas de repuesto de bricolaje para coche Robot inteligente, soldadura para juguete o experimento.<\/span><\/p>\n<div>\n<h2><b>\u00bfD\u00f3nde<\/b><strong>\u00a0conseguir ?<\/strong><\/h2>\n<\/div>\n<p>Puedes conseguir este producto y mucho mas en nuestra tienda de electr\u00f3nica \u201cElectr\u00f3nica JNC\u201d a un excelente precio, de igual manera puedes preguntar por otros productos que tenemos para ti y as\u00ed adquirirlos seg\u00fan tu necesidad para\u00a0 tus proyectos.<\/p>\n<p>Adem\u00e1s de vender realizamos todo tipo de proyectos de Rob\u00f3tica Electr\u00f3nica y de Programaci\u00f3n en Arduino-Raspberry, brindamos asesoramiento en la elaboraci\u00f3n de proyectos y personalizamos sus clases cuando deseas armar un robot.<\/p>\n<p>Somos importadores Directos de todo en Electr\u00f3nica y Rob\u00f3tica directamente desde los fabricantes, a los mejores precios del mercado.<\/p>\n<div class=\"x11i5rnm xat24cr x1mh8g0r x1vvkbs xtlvy1s x126k92a\">\n<div dir=\"auto\">SERVICIO PERSONALIZADO, APOYO TEORICO Y VENTA DE MATERIAL<\/div>\n<\/div>\n<div class=\"x11i5rnm xat24cr x1mh8g0r x1vvkbs xtlvy1s x126k92a\">\n<div dir=\"auto\">COTIZA CON NOSOTROS<\/div>\n<div dir=\"auto\">SERVICIO, EXPERIENCIA, CALIDAD Y CONFIANZA<\/div>\n<div dir=\"auto\">\u00abTodo lo que buscas en un solo lugar\u00bb<\/div>\n<\/div>\n<div dir=\"auto\"><\/div>\n<p><img decoding=\"async\" class=\"aligncenter\" src=\"https:\/\/images.ua.prom.st\/1494267654_1494267654.jpg?PImaGE_ID=1494267654\" \/><\/p>\n<p style=\"text-align: center;\">Realizar un pedido en la web o por \u00a0<a href=\"https:\/\/api.whatsapp.com\/send?phone=593958753126\" target=\"_blank\" rel=\"noopener\">WHATSAPP<\/a>.<\/p>\n<p><img decoding=\"async\" class=\"aligncenter\" src=\"https:\/\/images.ua.prom.st\/1494267867_1494267867.jpg?PImaGE_ID=1494267867\" \/><\/p>\n<p style=\"text-align: center;\">Consulta con un asesor\u00a0 todas tus inquietudes.<\/p>\n<p><img decoding=\"async\" class=\"aligncenter\" src=\"https:\/\/images.ua.prom.st\/1494266627_1494266627.jpg?PImaGE_ID=1494266627\" \/><\/p>\n<p style=\"text-align: center;\">Pregunta las formas de pago.<\/p>\n<p><img decoding=\"async\" class=\"aligncenter\" src=\"https:\/\/images.ua.prom.st\/1494267985_1494267985.jpg?PImaGE_ID=1494267985\" \/><\/p>\n<p style=\"text-align: center;\">Tu pedido llega a la puerta de tu casa.<\/p>\n<p>&nbsp;<\/p>\n<p><strong>\u00a1\u00a1 PREG\u00daNTANOS Sin compromiso !!!!<\/strong><\/p>\n<p>Puede retirar sus pedidos en nuestra\u00a0<a href=\"https:\/\/www.electronicajnc.com\/web\/contactos\" target=\"_blank\" rel=\"noopener\">TIENDA F\u00cdSICA<\/a>\u00a0o realizar sus pedidos\u00a0<a href=\"https:\/\/www.electronicajnc.com\/web\/mi-cuenta\" target=\"_blank\" rel=\"noopener\">ONLINE<\/a>\u00a0o por\u00a0<a href=\"https:\/\/api.whatsapp.com\/send?phone=593958753126\" target=\"_blank\" rel=\"noopener\">WHATSAPP<\/a>.<\/p>\n","protected":false},"excerpt":{"rendered":"<p>Bluetooth Remote Control Intelligent Car 51 MCU DIY Kit es la \u00faltima versi\u00f3n del kit de la serie D2, tiene una microcomputadora de un solo chip preprogramada como n\u00facleo, a trav\u00e9s del control del programa logra seguimiento, evitaci\u00f3n de obst\u00e1culos, control de tel\u00e9fono m\u00f3vil Bluetooth y Funciones de control de inducci\u00f3n de gravedad. S\u00f3lo necesitas un poco de habilidad en soldadura para montar este kit.<\/p>\n","protected":false},"featured_media":1516,"comment_status":"closed","ping_status":"closed","template":"","meta":{"saved_in_kubio":false,"_joinchat":[]},"product_brand":[],"product_cat":[53],"product_tag":[964,46,965,278,1006,82,80,31,1007,81],"class_list":{"0":"post-1513","1":"product","2":"type-product","3":"status-publish","4":"has-post-thumbnail","6":"product_cat-kits-de-robotica","7":"product_tag-coche","8":"product_tag-electronica","9":"product_tag-inteligente","10":"product_tag-kit","11":"product_tag-kits-de-robotica-y-robots-ensamblados","12":"product_tag-linea","13":"product_tag-robot","14":"product_tag-robotica","15":"product_tag-robotica-infantil-etiquetas-armable","16":"product_tag-seguidor","18":"first","19":"instock","20":"taxable","21":"shipping-taxable","22":"purchasable","23":"product-type-simple"},"yoast_head":"<!-- This site is optimized with the Yoast SEO plugin v27.4 - https:\/\/yoast.com\/product\/yoast-seo-wordpress\/ -->\n<title>CARRO SEGUIDOR DE LINEA CON BLUETOOTH - Electronica JNC<\/title>\n<meta name=\"description\" content=\"CARRO SEGUIDOR DE LINEA CON BLUETOOTH tiene una interfaz de puerto serial y una funci\u00f3n de control remoto inal\u00e1mbrico conectando un m\u00f3dulo Bluetooth.\" \/>\n<meta name=\"robots\" content=\"index, follow, max-snippet:-1, max-image-preview:large, max-video-preview:-1\" \/>\n<link rel=\"canonical\" href=\"https:\/\/www.electronicajnc.com\/web\/producto\/carro-seguidor-de-linea-con-bluetooth\/\" \/>\n<meta property=\"og:locale\" content=\"es_ES\" \/>\n<meta property=\"og:type\" content=\"article\" \/>\n<meta property=\"og:title\" content=\"CARRO SEGUIDOR DE LINEA CON BLUETOOTH - Electronica JNC\" \/>\n<meta property=\"og:description\" content=\"CARRO SEGUIDOR DE LINEA CON BLUETOOTH tiene una interfaz de puerto serial y una funci\u00f3n de control remoto inal\u00e1mbrico conectando un m\u00f3dulo Bluetooth.\" \/>\n<meta property=\"og:url\" content=\"https:\/\/www.electronicajnc.com\/web\/producto\/carro-seguidor-de-linea-con-bluetooth\/\" \/>\n<meta property=\"og:site_name\" content=\"Electronica JNC\" \/>\n<meta property=\"article:modified_time\" content=\"2024-12-18T18:22:44+00:00\" \/>\n<meta property=\"og:image\" content=\"https:\/\/www.electronicajnc.com\/web\/wp-content\/uploads\/2024\/04\/seguidor-soldable-hc-05.jpg\" \/>\n\t<meta property=\"og:image:width\" content=\"982\" \/>\n\t<meta property=\"og:image:height\" content=\"1014\" \/>\n\t<meta property=\"og:image:type\" content=\"image\/jpeg\" \/>\n<meta name=\"twitter:card\" content=\"summary_large_image\" \/>\n<meta name=\"twitter:label1\" content=\"Tiempo de lectura\" \/>\n\t<meta name=\"twitter:data1\" content=\"3 minutos\" \/>\n<script type=\"application\/ld+json\" class=\"yoast-schema-graph\">{\"@context\":\"https:\\\/\\\/schema.org\",\"@graph\":[{\"@type\":\"WebPage\",\"@id\":\"https:\\\/\\\/www.electronicajnc.com\\\/web\\\/producto\\\/carro-seguidor-de-linea-con-bluetooth\\\/\",\"url\":\"https:\\\/\\\/www.electronicajnc.com\\\/web\\\/producto\\\/carro-seguidor-de-linea-con-bluetooth\\\/\",\"name\":\"CARRO SEGUIDOR DE LINEA CON BLUETOOTH - Electronica JNC\",\"isPartOf\":{\"@id\":\"https:\\\/\\\/www.electronicajnc.com\\\/web\\\/#website\"},\"primaryImageOfPage\":{\"@id\":\"https:\\\/\\\/www.electronicajnc.com\\\/web\\\/producto\\\/carro-seguidor-de-linea-con-bluetooth\\\/#primaryimage\"},\"image\":{\"@id\":\"https:\\\/\\\/www.electronicajnc.com\\\/web\\\/producto\\\/carro-seguidor-de-linea-con-bluetooth\\\/#primaryimage\"},\"thumbnailUrl\":\"https:\\\/\\\/www.electronicajnc.com\\\/web\\\/wp-content\\\/uploads\\\/2024\\\/04\\\/seguidor-soldable-hc-05.jpg\",\"datePublished\":\"2024-04-23T02:25:12+00:00\",\"dateModified\":\"2024-12-18T18:22:44+00:00\",\"description\":\"CARRO SEGUIDOR DE LINEA CON BLUETOOTH tiene una interfaz de puerto serial y una funci\u00f3n de control remoto inal\u00e1mbrico conectando un m\u00f3dulo Bluetooth.\",\"breadcrumb\":{\"@id\":\"https:\\\/\\\/www.electronicajnc.com\\\/web\\\/producto\\\/carro-seguidor-de-linea-con-bluetooth\\\/#breadcrumb\"},\"inLanguage\":\"es\",\"potentialAction\":[{\"@type\":\"ReadAction\",\"target\":[\"https:\\\/\\\/www.electronicajnc.com\\\/web\\\/producto\\\/carro-seguidor-de-linea-con-bluetooth\\\/\"]}]},{\"@type\":\"ImageObject\",\"inLanguage\":\"es\",\"@id\":\"https:\\\/\\\/www.electronicajnc.com\\\/web\\\/producto\\\/carro-seguidor-de-linea-con-bluetooth\\\/#primaryimage\",\"url\":\"https:\\\/\\\/www.electronicajnc.com\\\/web\\\/wp-content\\\/uploads\\\/2024\\\/04\\\/seguidor-soldable-hc-05.jpg\",\"contentUrl\":\"https:\\\/\\\/www.electronicajnc.com\\\/web\\\/wp-content\\\/uploads\\\/2024\\\/04\\\/seguidor-soldable-hc-05.jpg\",\"width\":982,\"height\":1014,\"caption\":\"KIT PARA ARMAR D2-6 CARRO SEGUIDOR DE LINEA CON BLUETOOTH\"},{\"@type\":\"BreadcrumbList\",\"@id\":\"https:\\\/\\\/www.electronicajnc.com\\\/web\\\/producto\\\/carro-seguidor-de-linea-con-bluetooth\\\/#breadcrumb\",\"itemListElement\":[{\"@type\":\"ListItem\",\"position\":1,\"name\":\"Portada\",\"item\":\"https:\\\/\\\/www.electronicajnc.com\\\/web\\\/\"},{\"@type\":\"ListItem\",\"position\":2,\"name\":\"TIENDA\",\"item\":\"https:\\\/\\\/www.electronicajnc.com\\\/web\\\/tienda\\\/\"},{\"@type\":\"ListItem\",\"position\":3,\"name\":\"CARRO SEGUIDOR DE LINEA CON BLUETOOTH\"}]},{\"@type\":\"WebSite\",\"@id\":\"https:\\\/\\\/www.electronicajnc.com\\\/web\\\/#website\",\"url\":\"https:\\\/\\\/www.electronicajnc.com\\\/web\\\/\",\"name\":\"Electronica JNC\",\"description\":\"Robotica Tecnologia Mecatronica en Ecuador\",\"publisher\":{\"@id\":\"https:\\\/\\\/www.electronicajnc.com\\\/web\\\/#organization\"},\"potentialAction\":[{\"@type\":\"SearchAction\",\"target\":{\"@type\":\"EntryPoint\",\"urlTemplate\":\"https:\\\/\\\/www.electronicajnc.com\\\/web\\\/?s={search_term_string}\"},\"query-input\":{\"@type\":\"PropertyValueSpecification\",\"valueRequired\":true,\"valueName\":\"search_term_string\"}}],\"inLanguage\":\"es\"},{\"@type\":\"Organization\",\"@id\":\"https:\\\/\\\/www.electronicajnc.com\\\/web\\\/#organization\",\"name\":\"Electronica JNC\",\"url\":\"https:\\\/\\\/www.electronicajnc.com\\\/web\\\/\",\"logo\":{\"@type\":\"ImageObject\",\"inLanguage\":\"es\",\"@id\":\"https:\\\/\\\/www.electronicajnc.com\\\/web\\\/#\\\/schema\\\/logo\\\/image\\\/\",\"url\":\"https:\\\/\\\/www.electronicajnc.com\\\/web\\\/wp-content\\\/uploads\\\/2023\\\/06\\\/nuevo-logo.jpg\",\"contentUrl\":\"https:\\\/\\\/www.electronicajnc.com\\\/web\\\/wp-content\\\/uploads\\\/2023\\\/06\\\/nuevo-logo.jpg\",\"width\":1256,\"height\":612,\"caption\":\"Electronica JNC\"},\"image\":{\"@id\":\"https:\\\/\\\/www.electronicajnc.com\\\/web\\\/#\\\/schema\\\/logo\\\/image\\\/\"}}]}<\/script>\n<!-- \/ Yoast SEO plugin. -->","yoast_head_json":{"title":"CARRO SEGUIDOR DE LINEA CON BLUETOOTH - Electronica JNC","description":"CARRO SEGUIDOR DE LINEA CON BLUETOOTH tiene una interfaz de puerto serial y una funci\u00f3n de control remoto inal\u00e1mbrico conectando un m\u00f3dulo Bluetooth.","robots":{"index":"index","follow":"follow","max-snippet":"max-snippet:-1","max-image-preview":"max-image-preview:large","max-video-preview":"max-video-preview:-1"},"canonical":"https:\/\/www.electronicajnc.com\/web\/producto\/carro-seguidor-de-linea-con-bluetooth\/","og_locale":"es_ES","og_type":"article","og_title":"CARRO SEGUIDOR DE LINEA CON BLUETOOTH - Electronica JNC","og_description":"CARRO SEGUIDOR DE LINEA CON BLUETOOTH tiene una interfaz de puerto serial y una funci\u00f3n de control remoto inal\u00e1mbrico conectando un m\u00f3dulo Bluetooth.","og_url":"https:\/\/www.electronicajnc.com\/web\/producto\/carro-seguidor-de-linea-con-bluetooth\/","og_site_name":"Electronica JNC","article_modified_time":"2024-12-18T18:22:44+00:00","og_image":[{"width":982,"height":1014,"url":"https:\/\/www.electronicajnc.com\/web\/wp-content\/uploads\/2024\/04\/seguidor-soldable-hc-05.jpg","type":"image\/jpeg"}],"twitter_card":"summary_large_image","twitter_misc":{"Tiempo de lectura":"3 minutos"},"schema":{"@context":"https:\/\/schema.org","@graph":[{"@type":"WebPage","@id":"https:\/\/www.electronicajnc.com\/web\/producto\/carro-seguidor-de-linea-con-bluetooth\/","url":"https:\/\/www.electronicajnc.com\/web\/producto\/carro-seguidor-de-linea-con-bluetooth\/","name":"CARRO SEGUIDOR DE LINEA CON BLUETOOTH - Electronica JNC","isPartOf":{"@id":"https:\/\/www.electronicajnc.com\/web\/#website"},"primaryImageOfPage":{"@id":"https:\/\/www.electronicajnc.com\/web\/producto\/carro-seguidor-de-linea-con-bluetooth\/#primaryimage"},"image":{"@id":"https:\/\/www.electronicajnc.com\/web\/producto\/carro-seguidor-de-linea-con-bluetooth\/#primaryimage"},"thumbnailUrl":"https:\/\/www.electronicajnc.com\/web\/wp-content\/uploads\/2024\/04\/seguidor-soldable-hc-05.jpg","datePublished":"2024-04-23T02:25:12+00:00","dateModified":"2024-12-18T18:22:44+00:00","description":"CARRO SEGUIDOR DE LINEA CON BLUETOOTH tiene una interfaz de puerto serial y una funci\u00f3n de control remoto inal\u00e1mbrico conectando un m\u00f3dulo Bluetooth.","breadcrumb":{"@id":"https:\/\/www.electronicajnc.com\/web\/producto\/carro-seguidor-de-linea-con-bluetooth\/#breadcrumb"},"inLanguage":"es","potentialAction":[{"@type":"ReadAction","target":["https:\/\/www.electronicajnc.com\/web\/producto\/carro-seguidor-de-linea-con-bluetooth\/"]}]},{"@type":"ImageObject","inLanguage":"es","@id":"https:\/\/www.electronicajnc.com\/web\/producto\/carro-seguidor-de-linea-con-bluetooth\/#primaryimage","url":"https:\/\/www.electronicajnc.com\/web\/wp-content\/uploads\/2024\/04\/seguidor-soldable-hc-05.jpg","contentUrl":"https:\/\/www.electronicajnc.com\/web\/wp-content\/uploads\/2024\/04\/seguidor-soldable-hc-05.jpg","width":982,"height":1014,"caption":"KIT PARA ARMAR D2-6 CARRO SEGUIDOR DE LINEA CON BLUETOOTH"},{"@type":"BreadcrumbList","@id":"https:\/\/www.electronicajnc.com\/web\/producto\/carro-seguidor-de-linea-con-bluetooth\/#breadcrumb","itemListElement":[{"@type":"ListItem","position":1,"name":"Portada","item":"https:\/\/www.electronicajnc.com\/web\/"},{"@type":"ListItem","position":2,"name":"TIENDA","item":"https:\/\/www.electronicajnc.com\/web\/tienda\/"},{"@type":"ListItem","position":3,"name":"CARRO SEGUIDOR DE LINEA CON BLUETOOTH"}]},{"@type":"WebSite","@id":"https:\/\/www.electronicajnc.com\/web\/#website","url":"https:\/\/www.electronicajnc.com\/web\/","name":"Electronica JNC","description":"Robotica Tecnologia Mecatronica en Ecuador","publisher":{"@id":"https:\/\/www.electronicajnc.com\/web\/#organization"},"potentialAction":[{"@type":"SearchAction","target":{"@type":"EntryPoint","urlTemplate":"https:\/\/www.electronicajnc.com\/web\/?s={search_term_string}"},"query-input":{"@type":"PropertyValueSpecification","valueRequired":true,"valueName":"search_term_string"}}],"inLanguage":"es"},{"@type":"Organization","@id":"https:\/\/www.electronicajnc.com\/web\/#organization","name":"Electronica JNC","url":"https:\/\/www.electronicajnc.com\/web\/","logo":{"@type":"ImageObject","inLanguage":"es","@id":"https:\/\/www.electronicajnc.com\/web\/#\/schema\/logo\/image\/","url":"https:\/\/www.electronicajnc.com\/web\/wp-content\/uploads\/2023\/06\/nuevo-logo.jpg","contentUrl":"https:\/\/www.electronicajnc.com\/web\/wp-content\/uploads\/2023\/06\/nuevo-logo.jpg","width":1256,"height":612,"caption":"Electronica JNC"},"image":{"@id":"https:\/\/www.electronicajnc.com\/web\/#\/schema\/logo\/image\/"}}]}},"_links":{"self":[{"href":"https:\/\/www.electronicajnc.com\/web\/wp-json\/wp\/v2\/product\/1513","targetHints":{"allow":["GET"]}}],"collection":[{"href":"https:\/\/www.electronicajnc.com\/web\/wp-json\/wp\/v2\/product"}],"about":[{"href":"https:\/\/www.electronicajnc.com\/web\/wp-json\/wp\/v2\/types\/product"}],"replies":[{"embeddable":true,"href":"https:\/\/www.electronicajnc.com\/web\/wp-json\/wp\/v2\/comments?post=1513"}],"wp:featuredmedia":[{"embeddable":true,"href":"https:\/\/www.electronicajnc.com\/web\/wp-json\/wp\/v2\/media\/1516"}],"wp:attachment":[{"href":"https:\/\/www.electronicajnc.com\/web\/wp-json\/wp\/v2\/media?parent=1513"}],"wp:term":[{"taxonomy":"product_brand","embeddable":true,"href":"https:\/\/www.electronicajnc.com\/web\/wp-json\/wp\/v2\/product_brand?post=1513"},{"taxonomy":"product_cat","embeddable":true,"href":"https:\/\/www.electronicajnc.com\/web\/wp-json\/wp\/v2\/product_cat?post=1513"},{"taxonomy":"product_tag","embeddable":true,"href":"https:\/\/www.electronicajnc.com\/web\/wp-json\/wp\/v2\/product_tag?post=1513"}],"curies":[{"name":"wp","href":"https:\/\/api.w.org\/{rel}","templated":true}]}}