{"id":1552,"date":"2024-05-22T14:09:43","date_gmt":"2024-05-22T14:09:43","guid":{"rendered":"https:\/\/www.electronicajnc.com\/web\/?post_type=product&#038;p=1552"},"modified":"2024-05-22T14:10:38","modified_gmt":"2024-05-22T14:10:38","slug":"modulo-indicador-de-nivel-de-bateria-lipo-4s-display","status":"publish","type":"product","link":"https:\/\/www.electronicajnc.com\/web\/producto\/modulo-indicador-de-nivel-de-bateria-lipo-4s-display\/","title":{"rendered":"M\u00d3DULO INDICADOR DE NIVEL DE BATER\u00cdA LIPO 4S DISPLAY"},"content":{"rendered":"<p class=\"product_title entry-title\">M\u00d3DULO INDICADOR DE NIVEL DE BATER\u00cdA LIPO 4S DISPLAY<\/p>\n<p>Este m\u00f3dulo le permite medir la carga de sus bater\u00edas de litio de\u00a04\u00a0celdas, solamente tiene que conectar las terminales de su bater\u00eda a la polaridad correcta y el m\u00f3dulo indicar\u00e1 el nivel de carga\u00a0de su bater\u00eda.<\/p>\n<p>Esta pantalla tiene una funci\u00f3n de conexi\u00f3n inversa, incluso si la conexi\u00f3n positiva y negativa no se quemar\u00e1. Para utilizar la pantalla, simplemente conecte los terminales positivo y negativo de la placa de visualizaci\u00f3n a los terminales positivo y negativo de la bater\u00eda bajo prueba. El tubo digital mostrar\u00e1 la energ\u00eda de la bater\u00eda en tiempo real.<\/p>\n<h1 class=\"product_title entry-title\">M\u00d3DULO INDICADOR DE NIVEL DE BATER\u00cdA LIPO 4S DISPLAY<\/h1>\n<p>Amplios campos de aplicaci\u00f3n: bater\u00eda de litio.<br \/>\nM\u00e9todo de uso: conecte el puerto positivo y negativo de la placa de visualizaci\u00f3n con el positivo de la bater\u00eda probado.<br \/>\ny puerto negativo, el tubo digital mostrar\u00e1 la cantidad de electricidad de la bater\u00eda en tiempo real.<\/p>\n<div>\n<h2><b>\u00bfD\u00f3nde<\/b><strong>\u00a0conseguir ?<\/strong><\/h2>\n<\/div>\n<p>Puedes conseguir este producto y mucho mas en nuestra tienda de electr\u00f3nica \u201cElectr\u00f3nica JNC\u201d a un excelente precio, de igual manera puedes preguntar por otros productos que tenemos para ti y as\u00ed adquirirlos seg\u00fan tu necesidad para\u00a0 tus proyectos.<\/p>\n<p>Adem\u00e1s de vender realizamos todo tipo de proyectos de Rob\u00f3tica Electr\u00f3nica y de Programaci\u00f3n en Arduino-Raspberry, brindamos asesoramiento en la elaboraci\u00f3n de proyectos y personalizamos sus clases cuando deseas armar un robot.<\/p>\n<p>Somos importadores Directos de todo en Electr\u00f3nica y Rob\u00f3tica directamente desde los fabricantes, a los mejores precios del mercado.<\/p>\n<div class=\"x11i5rnm xat24cr x1mh8g0r x1vvkbs xtlvy1s x126k92a\">\n<div dir=\"auto\">SERVICIO PERSONALIZADO, APOYO TEORICO Y VENTA DE MATERIAL<\/div>\n<\/div>\n<div class=\"x11i5rnm xat24cr x1mh8g0r x1vvkbs xtlvy1s x126k92a\">\n<div dir=\"auto\">COTIZA CON NOSOTROS<\/div>\n<div dir=\"auto\">SERVICIO, EXPERIENCIA, CALIDAD Y CONFIANZA<\/div>\n<div dir=\"auto\">\u00abTodo lo que buscas en un solo lugar\u00bb<\/div>\n<\/div>\n<div dir=\"auto\"><\/div>\n<p><img decoding=\"async\" class=\"aligncenter\" src=\"https:\/\/images.ua.prom.st\/1494267654_1494267654.jpg?PImaGE_ID=1494267654\" \/><\/p>\n<p style=\"text-align: center;\">Realizar un pedido en la web o por \u00a0<a href=\"https:\/\/api.whatsapp.com\/send?phone=593958753126\" target=\"_blank\" rel=\"noopener\">WHATSAPP<\/a>.<\/p>\n<p><img decoding=\"async\" class=\"aligncenter\" src=\"https:\/\/images.ua.prom.st\/1494267867_1494267867.jpg?PImaGE_ID=1494267867\" \/><\/p>\n<p style=\"text-align: center;\">Consulta con un asesor\u00a0 todas tus inquietudes.<\/p>\n<p><img decoding=\"async\" class=\"aligncenter\" src=\"https:\/\/images.ua.prom.st\/1494266627_1494266627.jpg?PImaGE_ID=1494266627\" \/><\/p>\n<p style=\"text-align: center;\">Pregunta las formas de pago.<\/p>\n<p><img decoding=\"async\" class=\"aligncenter\" src=\"https:\/\/images.ua.prom.st\/1494267985_1494267985.jpg?PImaGE_ID=1494267985\" \/><\/p>\n<p style=\"text-align: center;\">Tu pedido llega a la puerta de tu casa.<\/p>\n<p>&nbsp;<\/p>\n<p><strong>\u00a1\u00a1 PREG\u00daNTANOS Sin compromiso !!!!<\/strong><\/p>\n<p>Puede retirar sus pedidos en nuestra\u00a0<a href=\"https:\/\/www.electronicajnc.com\/web\/contactos\" target=\"_blank\" rel=\"noopener\">TIENDA F\u00cdSICA<\/a>\u00a0o realizar sus pedidos\u00a0<a href=\"https:\/\/www.electronicajnc.com\/web\/mi-cuenta\" target=\"_blank\" rel=\"noopener\">ONLINE<\/a>\u00a0o por\u00a0<a href=\"https:\/\/api.whatsapp.com\/send?phone=593958753126\" target=\"_blank\" rel=\"noopener\">WHATSAPP<\/a>.<\/p>\n<p>&nbsp;<\/p>\n","protected":false},"excerpt":{"rendered":"<p>M\u00d3DULO INDICADOR DE NIVEL DE BATER\u00cdA LIPO 4S DISPLAY Este m\u00f3dulo le permite medir la carga de sus bater\u00edas de litio de\u00a04\u00a0celdas, solamente tiene que conectar las terminales de su bater\u00eda a la polaridad correcta y el m\u00f3dulo indicar\u00e1 el nivel de carga\u00a0de su bater\u00eda. Esta pantalla tiene una funci\u00f3n de conexi\u00f3n inversa, incluso si [&hellip;]<\/p>\n","protected":false},"featured_media":1554,"comment_status":"closed","ping_status":"closed","template":"","meta":{"saved_in_kubio":false,"_joinchat":[]},"product_brand":[],"product_cat":[21],"product_tag":[1034,953,274,317,46,1035,318,358,80,31],"class_list":{"0":"post-1552","1":"product","2":"type-product","3":"status-publish","4":"has-post-thumbnail","6":"product_cat-modulos_sensores","7":"product_tag-4s-lipo","8":"product_tag-bateria","9":"product_tag-control","10":"product_tag-controlador","11":"product_tag-electronica","12":"product_tag-microcontro","13":"product_tag-microcontrolador","14":"product_tag-procesador","15":"product_tag-robot","16":"product_tag-robotica","18":"first","19":"instock","20":"taxable","21":"shipping-taxable","22":"purchasable","23":"product-type-simple"},"yoast_head":"<!-- This site is optimized with the Yoast SEO plugin v27.5 - https:\/\/yoast.com\/product\/yoast-seo-wordpress\/ -->\n<title>M\u00d3DULO INDICADOR DE NIVEL DE BATER\u00cdA LIPO 4S DISPLAY - Electronica JNC<\/title>\n<meta name=\"description\" content=\"M\u00d3DULO INDICADOR DE NIVEL DE BATER\u00cdA LIPO 4S DISPLAY indicador de capacidad del tipo de bater\u00eda muestra que la pantalla es m\u00e1s intuitiva y m\u00e1s hermosa\" \/>\n<meta name=\"robots\" content=\"index, follow, max-snippet:-1, max-image-preview:large, max-video-preview:-1\" \/>\n<link rel=\"canonical\" href=\"https:\/\/www.electronicajnc.com\/web\/producto\/modulo-indicador-de-nivel-de-bateria-lipo-4s-display\/\" \/>\n<meta property=\"og:locale\" content=\"es_ES\" \/>\n<meta property=\"og:type\" content=\"article\" \/>\n<meta property=\"og:title\" content=\"M\u00d3DULO INDICADOR DE NIVEL DE BATER\u00cdA LIPO 4S DISPLAY - Electronica JNC\" \/>\n<meta property=\"og:description\" content=\"M\u00d3DULO INDICADOR DE NIVEL DE BATER\u00cdA LIPO 4S DISPLAY indicador de capacidad del tipo de bater\u00eda muestra que la pantalla es m\u00e1s intuitiva y m\u00e1s hermosa\" \/>\n<meta property=\"og:url\" content=\"https:\/\/www.electronicajnc.com\/web\/producto\/modulo-indicador-de-nivel-de-bateria-lipo-4s-display\/\" \/>\n<meta property=\"og:site_name\" content=\"Electronica JNC\" \/>\n<meta property=\"article:modified_time\" content=\"2024-05-22T14:10:38+00:00\" \/>\n<meta property=\"og:image\" content=\"https:\/\/www.electronicajnc.com\/web\/wp-content\/uploads\/2024\/05\/indicador-de-bateria-1.jpg\" \/>\n\t<meta property=\"og:image:width\" content=\"1028\" \/>\n\t<meta property=\"og:image:height\" content=\"1069\" \/>\n\t<meta property=\"og:image:type\" content=\"image\/jpeg\" \/>\n<meta name=\"twitter:card\" content=\"summary_large_image\" \/>\n<meta name=\"twitter:label1\" content=\"Tiempo de lectura\" \/>\n\t<meta name=\"twitter:data1\" content=\"3 minutos\" \/>\n<script type=\"application\/ld+json\" class=\"yoast-schema-graph\">{\"@context\":\"https:\\\/\\\/schema.org\",\"@graph\":[{\"@type\":\"WebPage\",\"@id\":\"https:\\\/\\\/www.electronicajnc.com\\\/web\\\/producto\\\/modulo-indicador-de-nivel-de-bateria-lipo-4s-display\\\/\",\"url\":\"https:\\\/\\\/www.electronicajnc.com\\\/web\\\/producto\\\/modulo-indicador-de-nivel-de-bateria-lipo-4s-display\\\/\",\"name\":\"M\u00d3DULO INDICADOR DE NIVEL DE BATER\u00cdA LIPO 4S DISPLAY - Electronica JNC\",\"isPartOf\":{\"@id\":\"https:\\\/\\\/www.electronicajnc.com\\\/web\\\/#website\"},\"primaryImageOfPage\":{\"@id\":\"https:\\\/\\\/www.electronicajnc.com\\\/web\\\/producto\\\/modulo-indicador-de-nivel-de-bateria-lipo-4s-display\\\/#primaryimage\"},\"image\":{\"@id\":\"https:\\\/\\\/www.electronicajnc.com\\\/web\\\/producto\\\/modulo-indicador-de-nivel-de-bateria-lipo-4s-display\\\/#primaryimage\"},\"thumbnailUrl\":\"https:\\\/\\\/www.electronicajnc.com\\\/web\\\/wp-content\\\/uploads\\\/2024\\\/05\\\/indicador-de-bateria-1.jpg\",\"datePublished\":\"2024-05-22T14:09:43+00:00\",\"dateModified\":\"2024-05-22T14:10:38+00:00\",\"description\":\"M\u00d3DULO INDICADOR DE NIVEL DE BATER\u00cdA LIPO 4S DISPLAY indicador de capacidad del tipo de bater\u00eda muestra que la pantalla es m\u00e1s intuitiva y m\u00e1s hermosa\",\"breadcrumb\":{\"@id\":\"https:\\\/\\\/www.electronicajnc.com\\\/web\\\/producto\\\/modulo-indicador-de-nivel-de-bateria-lipo-4s-display\\\/#breadcrumb\"},\"inLanguage\":\"es\",\"potentialAction\":[{\"@type\":\"ReadAction\",\"target\":[\"https:\\\/\\\/www.electronicajnc.com\\\/web\\\/producto\\\/modulo-indicador-de-nivel-de-bateria-lipo-4s-display\\\/\"]}]},{\"@type\":\"ImageObject\",\"inLanguage\":\"es\",\"@id\":\"https:\\\/\\\/www.electronicajnc.com\\\/web\\\/producto\\\/modulo-indicador-de-nivel-de-bateria-lipo-4s-display\\\/#primaryimage\",\"url\":\"https:\\\/\\\/www.electronicajnc.com\\\/web\\\/wp-content\\\/uploads\\\/2024\\\/05\\\/indicador-de-bateria-1.jpg\",\"contentUrl\":\"https:\\\/\\\/www.electronicajnc.com\\\/web\\\/wp-content\\\/uploads\\\/2024\\\/05\\\/indicador-de-bateria-1.jpg\",\"width\":1028,\"height\":1069,\"caption\":\"M\u00d3DULO INDICADOR DE NIVEL DE BATER\u00cdA LIPO 4S DISPLAY\"},{\"@type\":\"BreadcrumbList\",\"@id\":\"https:\\\/\\\/www.electronicajnc.com\\\/web\\\/producto\\\/modulo-indicador-de-nivel-de-bateria-lipo-4s-display\\\/#breadcrumb\",\"itemListElement\":[{\"@type\":\"ListItem\",\"position\":1,\"name\":\"Portada\",\"item\":\"https:\\\/\\\/www.electronicajnc.com\\\/web\\\/\"},{\"@type\":\"ListItem\",\"position\":2,\"name\":\"TIENDA\",\"item\":\"https:\\\/\\\/www.electronicajnc.com\\\/web\\\/tienda\\\/\"},{\"@type\":\"ListItem\",\"position\":3,\"name\":\"M\u00d3DULO INDICADOR DE NIVEL DE BATER\u00cdA LIPO 4S DISPLAY\"}]},{\"@type\":\"WebSite\",\"@id\":\"https:\\\/\\\/www.electronicajnc.com\\\/web\\\/#website\",\"url\":\"https:\\\/\\\/www.electronicajnc.com\\\/web\\\/\",\"name\":\"Electronica JNC\",\"description\":\"Robotica Tecnologia Mecatronica en Ecuador\",\"publisher\":{\"@id\":\"https:\\\/\\\/www.electronicajnc.com\\\/web\\\/#organization\"},\"potentialAction\":[{\"@type\":\"SearchAction\",\"target\":{\"@type\":\"EntryPoint\",\"urlTemplate\":\"https:\\\/\\\/www.electronicajnc.com\\\/web\\\/?s={search_term_string}\"},\"query-input\":{\"@type\":\"PropertyValueSpecification\",\"valueRequired\":true,\"valueName\":\"search_term_string\"}}],\"inLanguage\":\"es\"},{\"@type\":\"Organization\",\"@id\":\"https:\\\/\\\/www.electronicajnc.com\\\/web\\\/#organization\",\"name\":\"Electronica JNC\",\"url\":\"https:\\\/\\\/www.electronicajnc.com\\\/web\\\/\",\"logo\":{\"@type\":\"ImageObject\",\"inLanguage\":\"es\",\"@id\":\"https:\\\/\\\/www.electronicajnc.com\\\/web\\\/#\\\/schema\\\/logo\\\/image\\\/\",\"url\":\"https:\\\/\\\/www.electronicajnc.com\\\/web\\\/wp-content\\\/uploads\\\/2023\\\/06\\\/nuevo-logo.jpg\",\"contentUrl\":\"https:\\\/\\\/www.electronicajnc.com\\\/web\\\/wp-content\\\/uploads\\\/2023\\\/06\\\/nuevo-logo.jpg\",\"width\":1256,\"height\":612,\"caption\":\"Electronica JNC\"},\"image\":{\"@id\":\"https:\\\/\\\/www.electronicajnc.com\\\/web\\\/#\\\/schema\\\/logo\\\/image\\\/\"}}]}<\/script>\n<!-- \/ Yoast SEO plugin. -->","yoast_head_json":{"title":"M\u00d3DULO INDICADOR DE NIVEL DE BATER\u00cdA LIPO 4S DISPLAY - Electronica JNC","description":"M\u00d3DULO INDICADOR DE NIVEL DE BATER\u00cdA LIPO 4S DISPLAY indicador de capacidad del tipo de bater\u00eda muestra que la pantalla es m\u00e1s intuitiva y m\u00e1s hermosa","robots":{"index":"index","follow":"follow","max-snippet":"max-snippet:-1","max-image-preview":"max-image-preview:large","max-video-preview":"max-video-preview:-1"},"canonical":"https:\/\/www.electronicajnc.com\/web\/producto\/modulo-indicador-de-nivel-de-bateria-lipo-4s-display\/","og_locale":"es_ES","og_type":"article","og_title":"M\u00d3DULO INDICADOR DE NIVEL DE BATER\u00cdA LIPO 4S DISPLAY - Electronica JNC","og_description":"M\u00d3DULO INDICADOR DE NIVEL DE BATER\u00cdA LIPO 4S DISPLAY indicador de capacidad del tipo de bater\u00eda muestra que la pantalla es m\u00e1s intuitiva y m\u00e1s hermosa","og_url":"https:\/\/www.electronicajnc.com\/web\/producto\/modulo-indicador-de-nivel-de-bateria-lipo-4s-display\/","og_site_name":"Electronica JNC","article_modified_time":"2024-05-22T14:10:38+00:00","og_image":[{"width":1028,"height":1069,"url":"https:\/\/www.electronicajnc.com\/web\/wp-content\/uploads\/2024\/05\/indicador-de-bateria-1.jpg","type":"image\/jpeg"}],"twitter_card":"summary_large_image","twitter_misc":{"Tiempo de lectura":"3 minutos"},"schema":{"@context":"https:\/\/schema.org","@graph":[{"@type":"WebPage","@id":"https:\/\/www.electronicajnc.com\/web\/producto\/modulo-indicador-de-nivel-de-bateria-lipo-4s-display\/","url":"https:\/\/www.electronicajnc.com\/web\/producto\/modulo-indicador-de-nivel-de-bateria-lipo-4s-display\/","name":"M\u00d3DULO INDICADOR DE NIVEL DE BATER\u00cdA LIPO 4S DISPLAY - Electronica JNC","isPartOf":{"@id":"https:\/\/www.electronicajnc.com\/web\/#website"},"primaryImageOfPage":{"@id":"https:\/\/www.electronicajnc.com\/web\/producto\/modulo-indicador-de-nivel-de-bateria-lipo-4s-display\/#primaryimage"},"image":{"@id":"https:\/\/www.electronicajnc.com\/web\/producto\/modulo-indicador-de-nivel-de-bateria-lipo-4s-display\/#primaryimage"},"thumbnailUrl":"https:\/\/www.electronicajnc.com\/web\/wp-content\/uploads\/2024\/05\/indicador-de-bateria-1.jpg","datePublished":"2024-05-22T14:09:43+00:00","dateModified":"2024-05-22T14:10:38+00:00","description":"M\u00d3DULO INDICADOR DE NIVEL DE BATER\u00cdA LIPO 4S DISPLAY indicador de capacidad del tipo de bater\u00eda muestra que la pantalla es m\u00e1s intuitiva y m\u00e1s hermosa","breadcrumb":{"@id":"https:\/\/www.electronicajnc.com\/web\/producto\/modulo-indicador-de-nivel-de-bateria-lipo-4s-display\/#breadcrumb"},"inLanguage":"es","potentialAction":[{"@type":"ReadAction","target":["https:\/\/www.electronicajnc.com\/web\/producto\/modulo-indicador-de-nivel-de-bateria-lipo-4s-display\/"]}]},{"@type":"ImageObject","inLanguage":"es","@id":"https:\/\/www.electronicajnc.com\/web\/producto\/modulo-indicador-de-nivel-de-bateria-lipo-4s-display\/#primaryimage","url":"https:\/\/www.electronicajnc.com\/web\/wp-content\/uploads\/2024\/05\/indicador-de-bateria-1.jpg","contentUrl":"https:\/\/www.electronicajnc.com\/web\/wp-content\/uploads\/2024\/05\/indicador-de-bateria-1.jpg","width":1028,"height":1069,"caption":"M\u00d3DULO INDICADOR DE NIVEL DE BATER\u00cdA LIPO 4S DISPLAY"},{"@type":"BreadcrumbList","@id":"https:\/\/www.electronicajnc.com\/web\/producto\/modulo-indicador-de-nivel-de-bateria-lipo-4s-display\/#breadcrumb","itemListElement":[{"@type":"ListItem","position":1,"name":"Portada","item":"https:\/\/www.electronicajnc.com\/web\/"},{"@type":"ListItem","position":2,"name":"TIENDA","item":"https:\/\/www.electronicajnc.com\/web\/tienda\/"},{"@type":"ListItem","position":3,"name":"M\u00d3DULO INDICADOR DE NIVEL DE BATER\u00cdA LIPO 4S DISPLAY"}]},{"@type":"WebSite","@id":"https:\/\/www.electronicajnc.com\/web\/#website","url":"https:\/\/www.electronicajnc.com\/web\/","name":"Electronica JNC","description":"Robotica Tecnologia Mecatronica en Ecuador","publisher":{"@id":"https:\/\/www.electronicajnc.com\/web\/#organization"},"potentialAction":[{"@type":"SearchAction","target":{"@type":"EntryPoint","urlTemplate":"https:\/\/www.electronicajnc.com\/web\/?s={search_term_string}"},"query-input":{"@type":"PropertyValueSpecification","valueRequired":true,"valueName":"search_term_string"}}],"inLanguage":"es"},{"@type":"Organization","@id":"https:\/\/www.electronicajnc.com\/web\/#organization","name":"Electronica JNC","url":"https:\/\/www.electronicajnc.com\/web\/","logo":{"@type":"ImageObject","inLanguage":"es","@id":"https:\/\/www.electronicajnc.com\/web\/#\/schema\/logo\/image\/","url":"https:\/\/www.electronicajnc.com\/web\/wp-content\/uploads\/2023\/06\/nuevo-logo.jpg","contentUrl":"https:\/\/www.electronicajnc.com\/web\/wp-content\/uploads\/2023\/06\/nuevo-logo.jpg","width":1256,"height":612,"caption":"Electronica JNC"},"image":{"@id":"https:\/\/www.electronicajnc.com\/web\/#\/schema\/logo\/image\/"}}]}},"_links":{"self":[{"href":"https:\/\/www.electronicajnc.com\/web\/wp-json\/wp\/v2\/product\/1552","targetHints":{"allow":["GET"]}}],"collection":[{"href":"https:\/\/www.electronicajnc.com\/web\/wp-json\/wp\/v2\/product"}],"about":[{"href":"https:\/\/www.electronicajnc.com\/web\/wp-json\/wp\/v2\/types\/product"}],"replies":[{"embeddable":true,"href":"https:\/\/www.electronicajnc.com\/web\/wp-json\/wp\/v2\/comments?post=1552"}],"wp:featuredmedia":[{"embeddable":true,"href":"https:\/\/www.electronicajnc.com\/web\/wp-json\/wp\/v2\/media\/1554"}],"wp:attachment":[{"href":"https:\/\/www.electronicajnc.com\/web\/wp-json\/wp\/v2\/media?parent=1552"}],"wp:term":[{"taxonomy":"product_brand","embeddable":true,"href":"https:\/\/www.electronicajnc.com\/web\/wp-json\/wp\/v2\/product_brand?post=1552"},{"taxonomy":"product_cat","embeddable":true,"href":"https:\/\/www.electronicajnc.com\/web\/wp-json\/wp\/v2\/product_cat?post=1552"},{"taxonomy":"product_tag","embeddable":true,"href":"https:\/\/www.electronicajnc.com\/web\/wp-json\/wp\/v2\/product_tag?post=1552"}],"curies":[{"name":"wp","href":"https:\/\/api.w.org\/{rel}","templated":true}]}}