{"id":1580,"date":"2024-06-14T00:58:24","date_gmt":"2024-06-14T00:58:24","guid":{"rendered":"https:\/\/www.electronicajnc.com\/web\/?post_type=product&#038;p=1580"},"modified":"2025-09-08T17:24:00","modified_gmt":"2025-09-08T17:24:00","slug":"esp32-cam-modulo-wifi-bluetooth-camara-ov2640","status":"publish","type":"product","link":"https:\/\/www.electronicajnc.com\/web\/producto\/esp32-cam-modulo-wifi-bluetooth-camara-ov2640\/","title":{"rendered":"Esp32-Cam Modulo Wifi + Bluetooth + C\u00e1mara Ov2640"},"content":{"rendered":"<p class=\"product_title entry-title\">Esp32-Cam Modulo Wifi + Bluetooth + C\u00e1mara Ov2640<\/p>\n<p><strong>ESP32-CAM<\/strong>, es un dispositivo que puede llamarse un todo en uno. Aparte de la conectividad Wifi y Bluetooth que viene de f\u00e1brica, pines GPIO, se le han a\u00f1adido dos opciones m\u00e1s.\u00a0<strong>Lleva integrado una peque\u00f1a c\u00e1mara de video y una conexi\u00f3n para una tarjeta MicroSD<\/strong>, donde podremos almacenar fotos o videos.<\/p>\n<p>La tercera es su bajo precio, lo que le pone la puntilla para que sea un dispositivo muy utilizado en IoT, adem\u00e1s, conectarlo a\u00a0<a href=\"https:\/\/programarfacil.com\/domotica\/home-assistant\/\" target=\"_blank\" rel=\"noreferrer noopener\" data-type=\"post\" data-id=\"14406\">Home Assistant<\/a>\u00a0y que forme parte de tu sistema dom\u00f3tico, es muy f\u00e1cil.<\/p>\n<p>Aplicaciones t\u00edpicas:<\/p>\n<ul>\n<li>Toma de fotos.<\/li>\n<li>Streaming de video.<\/li>\n<li>Reconocimiento facial.<\/li>\n<li>Detector de movimiento.<\/li>\n<\/ul>\n<p>Todo esto con un peso de 20 gramos y unas peque\u00f1as dimensiones.<\/p>\n<h1 class=\"product_title entry-title\">Esp32-Cam Modulo Wifi + Bluetooth + C\u00e1mara Ov2640<\/h1>\n<ul>\n<li><strong>M\u00f3dulo ESP32-S:<\/strong>\u00a0junto con la antena Wifi incorporada componen el\u00a0<strong>ESP32<\/strong><\/li>\n<li><strong>Wi-Fi:<\/strong>\u00a0802.11b\/g\/n\/e\/i<\/li>\n<li><strong>Seguridad:<\/strong>\u00a0WPA\/WPA2\/WPA2-Enterprise\/WPS<\/li>\n<li><strong>CPU:<\/strong>\u00a032-bit CPU de bajo consumo\u00a0(2 cores).<\/li>\n<li><strong>Velocidad de reloj:<\/strong>\u00a0hasta 160 MHz.<\/li>\n<li><strong>Bluetooth:<\/strong>\u00a0Bluetooth 4.2 con BLE.<\/li>\n<li><strong>Interfaces:<\/strong>\u00a0UART, SPI, I2C and PWM. Hasta 9 pines GPIO<\/li>\n<li><strong>RAM:\u00a0<\/strong>520 KB SRAM, externa 4 MB PSRAM<\/li>\n<li><strong>Soporte microSD:<\/strong>\u00a0hasta 4GB<\/li>\n<li><strong>M\u00faltiples modos de reposo (<em>sleep modes<\/em>):<\/strong>\n<ul>\n<li><strong><em>Deep-sleep<\/em>:<\/strong>\u00a0m\u00e1ximo bajo consumo que puede alcanzar 6mA@5V.<\/li>\n<\/ul>\n<ul>\n<li><strong><em>Moderm-sleep<\/em>:<\/strong>\u00a0hasta 20mA@5V.<\/li>\n<\/ul>\n<ul>\n<li><strong><em>Light-sleep<\/em>:<\/strong>\u00a0hasta 6.7mA@5V.<\/li>\n<\/ul>\n<\/li>\n<li><strong>Firmware actualizable a trav\u00e9s de OTA (<em>Over-The-Air<\/em>)<\/strong>.<\/li>\n<li><strong>Flash incorporado<\/strong>.<\/li>\n<li><strong>Voltaje de alimentaci\u00f3n:<\/strong>\u00a05\u202fV.<\/li>\n<li><strong>Conector de antena externa:\u00a0<\/strong>en situaci\u00f3n de comunicaciones poco estables se puede a\u00f1adir una antena externa.<\/li>\n<li><strong>C\u00e1mara:<\/strong>\n<ul>\n<li>Soporte para c\u00e1maras OV2640 y OV7670.<\/li>\n<\/ul>\n<ul>\n<li>JPEG (OV2640 soportada), BMP, GRAYSCALE.<\/li>\n<\/ul>\n<ul>\n<li>Sensor 2 Megapixel.<\/li>\n<\/ul>\n<ul>\n<li>Resoluci\u00f3n UXGA 1622\u00d71200 px.<\/li>\n<\/ul>\n<ul>\n<li>Transferencia de imagen entre 15 y 60 FPS.<\/li>\n<\/ul>\n<\/li>\n<\/ul>\n<div>\n<h2><b>\u00bfD\u00f3nde<\/b><strong>\u00a0conseguir ?<\/strong><\/h2>\n<\/div>\n<p>Puedes conseguir este producto y mucho mas en nuestra tienda de electr\u00f3nica \u201cElectr\u00f3nica JNC\u201d a un excelente precio, de igual manera puedes preguntar por otros productos que tenemos para ti y as\u00ed adquirirlos seg\u00fan tu necesidad para\u00a0 tus proyectos.<\/p>\n<p>Adem\u00e1s de vender realizamos todo tipo de proyectos de Rob\u00f3tica Electr\u00f3nica y de Programaci\u00f3n en Arduino-Raspberry, brindamos asesoramiento en la elaboraci\u00f3n de proyectos y personalizamos sus clases cuando deseas armar un robot.<\/p>\n<p>Somos importadores Directos de todo en Electr\u00f3nica y Rob\u00f3tica directamente desde los fabricantes, a los mejores precios del mercado.<\/p>\n<div class=\"x11i5rnm xat24cr x1mh8g0r x1vvkbs xtlvy1s x126k92a\">\n<div dir=\"auto\">SERVICIO PERSONALIZADO, APOYO TEORICO Y VENTA DE MATERIAL<\/div>\n<\/div>\n<div class=\"x11i5rnm xat24cr x1mh8g0r x1vvkbs xtlvy1s x126k92a\">\n<div dir=\"auto\">COTIZA CON NOSOTROS<\/div>\n<div dir=\"auto\">SERVICIO, EXPERIENCIA, CALIDAD Y CONFIANZA<\/div>\n<div dir=\"auto\">\u00abTodo lo que buscas en un solo lugar\u00bb<\/div>\n<\/div>\n<div dir=\"auto\"><\/div>\n<p><img decoding=\"async\" class=\"aligncenter\" src=\"https:\/\/images.ua.prom.st\/1494267654_1494267654.jpg?PImaGE_ID=1494267654\" \/><\/p>\n<p style=\"text-align: center;\">Realizar un pedido en la web o por \u00a0<a href=\"https:\/\/api.whatsapp.com\/send?phone=593958753126\" target=\"_blank\" rel=\"noopener\">WHATSAPP<\/a>.<\/p>\n<p><img decoding=\"async\" class=\"aligncenter\" src=\"https:\/\/images.ua.prom.st\/1494267867_1494267867.jpg?PImaGE_ID=1494267867\" \/><\/p>\n<p style=\"text-align: center;\">Consulta con un asesor\u00a0 todas tus inquietudes.<\/p>\n<p><img decoding=\"async\" class=\"aligncenter\" src=\"https:\/\/images.ua.prom.st\/1494266627_1494266627.jpg?PImaGE_ID=1494266627\" \/><\/p>\n<p style=\"text-align: center;\">Pregunta las formas de pago.<\/p>\n<p><img decoding=\"async\" class=\"aligncenter\" src=\"https:\/\/images.ua.prom.st\/1494267985_1494267985.jpg?PImaGE_ID=1494267985\" \/><\/p>\n<p style=\"text-align: center;\">Tu pedido llega a la puerta de tu casa.<\/p>\n<p>&nbsp;<\/p>\n<p><strong>\u00a1\u00a1 PREG\u00daNTANOS Sin compromiso !!!!<\/strong><\/p>\n<p>Puede retirar sus pedidos en nuestra\u00a0<a href=\"https:\/\/www.electronicajnc.com\/web\/contactos\" target=\"_blank\" rel=\"noopener\">TIENDA F\u00cdSICA<\/a>\u00a0o realizar sus pedidos\u00a0<a href=\"https:\/\/www.electronicajnc.com\/web\/mi-cuenta\" target=\"_blank\" rel=\"noopener\">ONLINE<\/a>\u00a0o por\u00a0<a href=\"https:\/\/api.whatsapp.com\/send?phone=593958753126\" target=\"_blank\" rel=\"noopener\">WHATSAPP<\/a>.<\/p>\n<p>&nbsp;<\/p>\n","protected":false},"excerpt":{"rendered":"<p>Esp32-Cam Modulo Wifi + Bluetooth + C\u00e1mara Ov2640 ESP32-CAM, es un dispositivo que puede llamarse un todo en uno. Aparte de la conectividad Wifi y Bluetooth que viene de f\u00e1brica, pines GPIO, se le han a\u00f1adido dos opciones m\u00e1s.\u00a0Lleva integrado una peque\u00f1a c\u00e1mara de video y una conexi\u00f3n para una tarjeta MicroSD, donde podremos almacenar [&hellip;]<\/p>\n","protected":false},"featured_media":1581,"comment_status":"closed","ping_status":"closed","template":"","meta":{"saved_in_kubio":false,"_joinchat":[]},"product_brand":[],"product_cat":[21],"product_tag":[988,356,408,520],"class_list":{"0":"post-1580","1":"product","2":"type-product","3":"status-publish","4":"has-post-thumbnail","6":"product_cat-modulos_sensores","7":"product_tag-base","8":"product_tag-esp32","9":"product_tag-modulo","10":"product_tag-usb","12":"first","13":"instock","14":"taxable","15":"shipping-taxable","16":"purchasable","17":"product-type-simple"},"yoast_head":"<!-- This site is optimized with the Yoast SEO plugin v27.5 - https:\/\/yoast.com\/product\/yoast-seo-wordpress\/ -->\n<title>Esp32-Cam Modulo Wifi + Bluetooth + C\u00e1mara Ov2640 - Electronica JNC<\/title>\n<meta name=\"description\" content=\"Esp32-Cam Modulo Wifi + Bluetooth + C\u00e1mara Ov2640 adopta interfaz micro USB, m\u00e9todo de conexi\u00f3n conveniente y fiable, conveniente para hardware IoT.\" \/>\n<meta name=\"robots\" content=\"index, follow, max-snippet:-1, max-image-preview:large, max-video-preview:-1\" \/>\n<link rel=\"canonical\" href=\"https:\/\/www.electronicajnc.com\/web\/producto\/esp32-cam-modulo-wifi-bluetooth-camara-ov2640\/\" \/>\n<meta property=\"og:locale\" content=\"es_ES\" \/>\n<meta property=\"og:type\" content=\"article\" \/>\n<meta property=\"og:title\" content=\"Esp32-Cam Modulo Wifi + Bluetooth + C\u00e1mara Ov2640 - Electronica JNC\" \/>\n<meta property=\"og:description\" content=\"Esp32-Cam Modulo Wifi + Bluetooth + C\u00e1mara Ov2640 adopta interfaz micro USB, m\u00e9todo de conexi\u00f3n conveniente y fiable, conveniente para hardware IoT.\" \/>\n<meta property=\"og:url\" content=\"https:\/\/www.electronicajnc.com\/web\/producto\/esp32-cam-modulo-wifi-bluetooth-camara-ov2640\/\" \/>\n<meta property=\"og:site_name\" content=\"Electronica JNC\" \/>\n<meta property=\"article:modified_time\" content=\"2025-09-08T17:24:00+00:00\" \/>\n<meta property=\"og:image\" content=\"https:\/\/www.electronicajnc.com\/web\/wp-content\/uploads\/2024\/06\/esp32-cam.jpg\" \/>\n\t<meta property=\"og:image:width\" content=\"1028\" \/>\n\t<meta property=\"og:image:height\" content=\"1115\" \/>\n\t<meta property=\"og:image:type\" content=\"image\/jpeg\" \/>\n<meta name=\"twitter:card\" content=\"summary_large_image\" \/>\n<meta name=\"twitter:label1\" content=\"Tiempo de lectura\" \/>\n\t<meta name=\"twitter:data1\" content=\"3 minutos\" \/>\n<script type=\"application\/ld+json\" class=\"yoast-schema-graph\">{\"@context\":\"https:\\\/\\\/schema.org\",\"@graph\":[{\"@type\":\"WebPage\",\"@id\":\"https:\\\/\\\/www.electronicajnc.com\\\/web\\\/producto\\\/esp32-cam-modulo-wifi-bluetooth-camara-ov2640\\\/\",\"url\":\"https:\\\/\\\/www.electronicajnc.com\\\/web\\\/producto\\\/esp32-cam-modulo-wifi-bluetooth-camara-ov2640\\\/\",\"name\":\"Esp32-Cam Modulo Wifi + Bluetooth + C\u00e1mara Ov2640 - Electronica JNC\",\"isPartOf\":{\"@id\":\"https:\\\/\\\/www.electronicajnc.com\\\/web\\\/#website\"},\"primaryImageOfPage\":{\"@id\":\"https:\\\/\\\/www.electronicajnc.com\\\/web\\\/producto\\\/esp32-cam-modulo-wifi-bluetooth-camara-ov2640\\\/#primaryimage\"},\"image\":{\"@id\":\"https:\\\/\\\/www.electronicajnc.com\\\/web\\\/producto\\\/esp32-cam-modulo-wifi-bluetooth-camara-ov2640\\\/#primaryimage\"},\"thumbnailUrl\":\"https:\\\/\\\/www.electronicajnc.com\\\/web\\\/wp-content\\\/uploads\\\/2024\\\/06\\\/esp32-cam.jpg\",\"datePublished\":\"2024-06-14T00:58:24+00:00\",\"dateModified\":\"2025-09-08T17:24:00+00:00\",\"description\":\"Esp32-Cam Modulo Wifi + Bluetooth + C\u00e1mara Ov2640 adopta interfaz micro USB, m\u00e9todo de conexi\u00f3n conveniente y fiable, conveniente para hardware IoT.\",\"breadcrumb\":{\"@id\":\"https:\\\/\\\/www.electronicajnc.com\\\/web\\\/producto\\\/esp32-cam-modulo-wifi-bluetooth-camara-ov2640\\\/#breadcrumb\"},\"inLanguage\":\"es\",\"potentialAction\":[{\"@type\":\"ReadAction\",\"target\":[\"https:\\\/\\\/www.electronicajnc.com\\\/web\\\/producto\\\/esp32-cam-modulo-wifi-bluetooth-camara-ov2640\\\/\"]}]},{\"@type\":\"ImageObject\",\"inLanguage\":\"es\",\"@id\":\"https:\\\/\\\/www.electronicajnc.com\\\/web\\\/producto\\\/esp32-cam-modulo-wifi-bluetooth-camara-ov2640\\\/#primaryimage\",\"url\":\"https:\\\/\\\/www.electronicajnc.com\\\/web\\\/wp-content\\\/uploads\\\/2024\\\/06\\\/esp32-cam.jpg\",\"contentUrl\":\"https:\\\/\\\/www.electronicajnc.com\\\/web\\\/wp-content\\\/uploads\\\/2024\\\/06\\\/esp32-cam.jpg\",\"width\":1028,\"height\":1115,\"caption\":\"Esp32-Cam Modulo Wifi + Bluetooth + C\u00e1mara Ov2640\"},{\"@type\":\"BreadcrumbList\",\"@id\":\"https:\\\/\\\/www.electronicajnc.com\\\/web\\\/producto\\\/esp32-cam-modulo-wifi-bluetooth-camara-ov2640\\\/#breadcrumb\",\"itemListElement\":[{\"@type\":\"ListItem\",\"position\":1,\"name\":\"Portada\",\"item\":\"https:\\\/\\\/www.electronicajnc.com\\\/web\\\/\"},{\"@type\":\"ListItem\",\"position\":2,\"name\":\"TIENDA\",\"item\":\"https:\\\/\\\/www.electronicajnc.com\\\/web\\\/tienda\\\/\"},{\"@type\":\"ListItem\",\"position\":3,\"name\":\"Esp32-Cam Modulo Wifi + Bluetooth + C\u00e1mara Ov2640\"}]},{\"@type\":\"WebSite\",\"@id\":\"https:\\\/\\\/www.electronicajnc.com\\\/web\\\/#website\",\"url\":\"https:\\\/\\\/www.electronicajnc.com\\\/web\\\/\",\"name\":\"Electronica JNC\",\"description\":\"Robotica Tecnologia Mecatronica en Ecuador\",\"publisher\":{\"@id\":\"https:\\\/\\\/www.electronicajnc.com\\\/web\\\/#organization\"},\"potentialAction\":[{\"@type\":\"SearchAction\",\"target\":{\"@type\":\"EntryPoint\",\"urlTemplate\":\"https:\\\/\\\/www.electronicajnc.com\\\/web\\\/?s={search_term_string}\"},\"query-input\":{\"@type\":\"PropertyValueSpecification\",\"valueRequired\":true,\"valueName\":\"search_term_string\"}}],\"inLanguage\":\"es\"},{\"@type\":\"Organization\",\"@id\":\"https:\\\/\\\/www.electronicajnc.com\\\/web\\\/#organization\",\"name\":\"Electronica JNC\",\"url\":\"https:\\\/\\\/www.electronicajnc.com\\\/web\\\/\",\"logo\":{\"@type\":\"ImageObject\",\"inLanguage\":\"es\",\"@id\":\"https:\\\/\\\/www.electronicajnc.com\\\/web\\\/#\\\/schema\\\/logo\\\/image\\\/\",\"url\":\"https:\\\/\\\/www.electronicajnc.com\\\/web\\\/wp-content\\\/uploads\\\/2023\\\/06\\\/nuevo-logo.jpg\",\"contentUrl\":\"https:\\\/\\\/www.electronicajnc.com\\\/web\\\/wp-content\\\/uploads\\\/2023\\\/06\\\/nuevo-logo.jpg\",\"width\":1256,\"height\":612,\"caption\":\"Electronica JNC\"},\"image\":{\"@id\":\"https:\\\/\\\/www.electronicajnc.com\\\/web\\\/#\\\/schema\\\/logo\\\/image\\\/\"}}]}<\/script>\n<!-- \/ Yoast SEO plugin. -->","yoast_head_json":{"title":"Esp32-Cam Modulo Wifi + Bluetooth + C\u00e1mara Ov2640 - Electronica JNC","description":"Esp32-Cam Modulo Wifi + Bluetooth + C\u00e1mara Ov2640 adopta interfaz micro USB, m\u00e9todo de conexi\u00f3n conveniente y fiable, conveniente para hardware IoT.","robots":{"index":"index","follow":"follow","max-snippet":"max-snippet:-1","max-image-preview":"max-image-preview:large","max-video-preview":"max-video-preview:-1"},"canonical":"https:\/\/www.electronicajnc.com\/web\/producto\/esp32-cam-modulo-wifi-bluetooth-camara-ov2640\/","og_locale":"es_ES","og_type":"article","og_title":"Esp32-Cam Modulo Wifi + Bluetooth + C\u00e1mara Ov2640 - Electronica JNC","og_description":"Esp32-Cam Modulo Wifi + Bluetooth + C\u00e1mara Ov2640 adopta interfaz micro USB, m\u00e9todo de conexi\u00f3n conveniente y fiable, conveniente para hardware IoT.","og_url":"https:\/\/www.electronicajnc.com\/web\/producto\/esp32-cam-modulo-wifi-bluetooth-camara-ov2640\/","og_site_name":"Electronica JNC","article_modified_time":"2025-09-08T17:24:00+00:00","og_image":[{"width":1028,"height":1115,"url":"https:\/\/www.electronicajnc.com\/web\/wp-content\/uploads\/2024\/06\/esp32-cam.jpg","type":"image\/jpeg"}],"twitter_card":"summary_large_image","twitter_misc":{"Tiempo de lectura":"3 minutos"},"schema":{"@context":"https:\/\/schema.org","@graph":[{"@type":"WebPage","@id":"https:\/\/www.electronicajnc.com\/web\/producto\/esp32-cam-modulo-wifi-bluetooth-camara-ov2640\/","url":"https:\/\/www.electronicajnc.com\/web\/producto\/esp32-cam-modulo-wifi-bluetooth-camara-ov2640\/","name":"Esp32-Cam Modulo Wifi + Bluetooth + C\u00e1mara Ov2640 - Electronica JNC","isPartOf":{"@id":"https:\/\/www.electronicajnc.com\/web\/#website"},"primaryImageOfPage":{"@id":"https:\/\/www.electronicajnc.com\/web\/producto\/esp32-cam-modulo-wifi-bluetooth-camara-ov2640\/#primaryimage"},"image":{"@id":"https:\/\/www.electronicajnc.com\/web\/producto\/esp32-cam-modulo-wifi-bluetooth-camara-ov2640\/#primaryimage"},"thumbnailUrl":"https:\/\/www.electronicajnc.com\/web\/wp-content\/uploads\/2024\/06\/esp32-cam.jpg","datePublished":"2024-06-14T00:58:24+00:00","dateModified":"2025-09-08T17:24:00+00:00","description":"Esp32-Cam Modulo Wifi + Bluetooth + C\u00e1mara Ov2640 adopta interfaz micro USB, m\u00e9todo de conexi\u00f3n conveniente y fiable, conveniente para hardware IoT.","breadcrumb":{"@id":"https:\/\/www.electronicajnc.com\/web\/producto\/esp32-cam-modulo-wifi-bluetooth-camara-ov2640\/#breadcrumb"},"inLanguage":"es","potentialAction":[{"@type":"ReadAction","target":["https:\/\/www.electronicajnc.com\/web\/producto\/esp32-cam-modulo-wifi-bluetooth-camara-ov2640\/"]}]},{"@type":"ImageObject","inLanguage":"es","@id":"https:\/\/www.electronicajnc.com\/web\/producto\/esp32-cam-modulo-wifi-bluetooth-camara-ov2640\/#primaryimage","url":"https:\/\/www.electronicajnc.com\/web\/wp-content\/uploads\/2024\/06\/esp32-cam.jpg","contentUrl":"https:\/\/www.electronicajnc.com\/web\/wp-content\/uploads\/2024\/06\/esp32-cam.jpg","width":1028,"height":1115,"caption":"Esp32-Cam Modulo Wifi + Bluetooth + C\u00e1mara Ov2640"},{"@type":"BreadcrumbList","@id":"https:\/\/www.electronicajnc.com\/web\/producto\/esp32-cam-modulo-wifi-bluetooth-camara-ov2640\/#breadcrumb","itemListElement":[{"@type":"ListItem","position":1,"name":"Portada","item":"https:\/\/www.electronicajnc.com\/web\/"},{"@type":"ListItem","position":2,"name":"TIENDA","item":"https:\/\/www.electronicajnc.com\/web\/tienda\/"},{"@type":"ListItem","position":3,"name":"Esp32-Cam Modulo Wifi + Bluetooth + C\u00e1mara Ov2640"}]},{"@type":"WebSite","@id":"https:\/\/www.electronicajnc.com\/web\/#website","url":"https:\/\/www.electronicajnc.com\/web\/","name":"Electronica JNC","description":"Robotica Tecnologia Mecatronica en Ecuador","publisher":{"@id":"https:\/\/www.electronicajnc.com\/web\/#organization"},"potentialAction":[{"@type":"SearchAction","target":{"@type":"EntryPoint","urlTemplate":"https:\/\/www.electronicajnc.com\/web\/?s={search_term_string}"},"query-input":{"@type":"PropertyValueSpecification","valueRequired":true,"valueName":"search_term_string"}}],"inLanguage":"es"},{"@type":"Organization","@id":"https:\/\/www.electronicajnc.com\/web\/#organization","name":"Electronica JNC","url":"https:\/\/www.electronicajnc.com\/web\/","logo":{"@type":"ImageObject","inLanguage":"es","@id":"https:\/\/www.electronicajnc.com\/web\/#\/schema\/logo\/image\/","url":"https:\/\/www.electronicajnc.com\/web\/wp-content\/uploads\/2023\/06\/nuevo-logo.jpg","contentUrl":"https:\/\/www.electronicajnc.com\/web\/wp-content\/uploads\/2023\/06\/nuevo-logo.jpg","width":1256,"height":612,"caption":"Electronica JNC"},"image":{"@id":"https:\/\/www.electronicajnc.com\/web\/#\/schema\/logo\/image\/"}}]}},"_links":{"self":[{"href":"https:\/\/www.electronicajnc.com\/web\/wp-json\/wp\/v2\/product\/1580","targetHints":{"allow":["GET"]}}],"collection":[{"href":"https:\/\/www.electronicajnc.com\/web\/wp-json\/wp\/v2\/product"}],"about":[{"href":"https:\/\/www.electronicajnc.com\/web\/wp-json\/wp\/v2\/types\/product"}],"replies":[{"embeddable":true,"href":"https:\/\/www.electronicajnc.com\/web\/wp-json\/wp\/v2\/comments?post=1580"}],"wp:featuredmedia":[{"embeddable":true,"href":"https:\/\/www.electronicajnc.com\/web\/wp-json\/wp\/v2\/media\/1581"}],"wp:attachment":[{"href":"https:\/\/www.electronicajnc.com\/web\/wp-json\/wp\/v2\/media?parent=1580"}],"wp:term":[{"taxonomy":"product_brand","embeddable":true,"href":"https:\/\/www.electronicajnc.com\/web\/wp-json\/wp\/v2\/product_brand?post=1580"},{"taxonomy":"product_cat","embeddable":true,"href":"https:\/\/www.electronicajnc.com\/web\/wp-json\/wp\/v2\/product_cat?post=1580"},{"taxonomy":"product_tag","embeddable":true,"href":"https:\/\/www.electronicajnc.com\/web\/wp-json\/wp\/v2\/product_tag?post=1580"}],"curies":[{"name":"wp","href":"https:\/\/api.w.org\/{rel}","templated":true}]}}