{"id":1944,"date":"2024-12-12T14:03:37","date_gmt":"2024-12-12T14:03:37","guid":{"rendered":"https:\/\/www.electronicajnc.com\/web\/?post_type=product&#038;p=1944"},"modified":"2024-12-12T14:03:38","modified_gmt":"2024-12-12T14:03:38","slug":"transformador-12v-1000ma-con-toma-central","status":"publish","type":"product","link":"https:\/\/www.electronicajnc.com\/web\/producto\/transformador-12v-1000ma-con-toma-central\/","title":{"rendered":"Transformador 12v 1000mA con Toma Central"},"content":{"rendered":"<p>Transformador 12v 1000mA con Toma Central<\/p>\n<p>Este transformador es ideal para alimentar peque\u00f1os proyectos electr\u00f3nicos, cargadores de bater\u00edas, reguladores de voltaje y equipos de audio. Adem\u00e1s, es com\u00fanmente usado en fuentes de alimentaci\u00f3n y aplicaciones donde se necesita aislamiento el\u00e9ctrico entre la entrada y la salida.<\/p>\n<p>El Transformador 18VC\/T 1A con Tap Central funciona con una entrada de 127V AC y proporciona una salida de 18V AC con un tap central, permitiendo dividir el voltaje en dos secciones de 9V cada una. Su capacidad de 1A lo hace adecuado para proyectos electr\u00f3nicos y peque\u00f1as aplicaciones.<\/p>\n<h1>Transformador 12v 1000mA con Toma Central<\/h1>\n<h4><strong>Aplicaciones<\/strong><\/h4>\n<ul>\n<li><strong>Fuentes de alimentaci\u00f3n<\/strong>: Para convertir voltajes de entrada a niveles adecuados para dispositivos electr\u00f3nicos.<\/li>\n<li><strong>Circuitos de audio<\/strong>: Donde se necesitan voltajes sim\u00e9tricos para reducir ruido y mejorar el rendimiento.<\/li>\n<li><strong>Cargadores de bater\u00edas<\/strong>: Para regular el voltaje en sistemas de carga.<\/li>\n<li><strong>Equipos de laboratorio<\/strong>: Como parte de circuitos de prueba o desarrollo.<\/li>\n<li><strong>Proyectos educativos<\/strong>: Ideal para pr\u00e1cticas de electr\u00f3nica y aprendizaje sobre sistemas de CA.<\/li>\n<li><strong>Dispositivos peque\u00f1os<\/strong>: Alimentaci\u00f3n para reguladores, controladores y componentes de baja potencia.<\/li>\n<\/ul>\n<div>\n<h2><b>\u00bfD\u00f3nde<\/b><strong>\u00a0conseguir ?<\/strong><\/h2>\n<\/div>\n<p>Puedes conseguir este producto y mucho mas en nuestra tienda de electr\u00f3nica \u201cElectr\u00f3nica JNC\u201d a un excelente precio, de igual manera puedes preguntar por otros productos que tenemos para ti y as\u00ed adquirirlos seg\u00fan tu necesidad para\u00a0 tus proyectos.<\/p>\n<p>Adem\u00e1s de vender realizamos todo tipo de proyectos de Rob\u00f3tica Electr\u00f3nica y de Programaci\u00f3n en Arduino-Raspberry, brindamos asesoramiento en la elaboraci\u00f3n de proyectos y personalizamos sus clases cuando deseas armar un robot.<\/p>\n<p>Somos importadores Directos de todo en Electr\u00f3nica y Rob\u00f3tica directamente desde los fabricantes, a los mejores precios del mercado.<\/p>\n<div class=\"x11i5rnm xat24cr x1mh8g0r x1vvkbs xtlvy1s x126k92a\">\n<div dir=\"auto\">SERVICIO PERSONALIZADO, APOYO TEORICO Y VENTA DE MATERIAL<\/div>\n<\/div>\n<div class=\"x11i5rnm xat24cr x1mh8g0r x1vvkbs xtlvy1s x126k92a\">\n<div dir=\"auto\">COTIZA CON NOSOTROS<\/div>\n<div dir=\"auto\">SERVICIO, EXPERIENCIA, CALIDAD Y CONFIANZA<\/div>\n<div dir=\"auto\">\u00abTodo lo que buscas en un solo lugar\u00bb<\/div>\n<\/div>\n<div dir=\"auto\"><\/div>\n<p><img decoding=\"async\" class=\"aligncenter\" src=\"https:\/\/images.ua.prom.st\/1494267654_1494267654.jpg?PImaGE_ID=1494267654\" \/><\/p>\n<p style=\"text-align: center;\">Realizar un pedido en la web o por \u00a0<a href=\"https:\/\/api.whatsapp.com\/send?phone=593958753126\" target=\"_blank\" rel=\"noopener\">WHATSAPP<\/a>.<\/p>\n<p><img decoding=\"async\" class=\"aligncenter\" src=\"https:\/\/images.ua.prom.st\/1494267867_1494267867.jpg?PImaGE_ID=1494267867\" \/><\/p>\n<p style=\"text-align: center;\">Consulta con un asesor\u00a0 todas tus inquietudes.<\/p>\n<p><img decoding=\"async\" class=\"aligncenter\" src=\"https:\/\/images.ua.prom.st\/1494266627_1494266627.jpg?PImaGE_ID=1494266627\" \/><\/p>\n<p style=\"text-align: center;\">Pregunta las formas de pago.<\/p>\n<p><img decoding=\"async\" class=\"aligncenter\" src=\"https:\/\/images.ua.prom.st\/1494267985_1494267985.jpg?PImaGE_ID=1494267985\" \/><\/p>\n<p style=\"text-align: center;\">Tu pedido llega a la puerta de tu casa.<\/p>\n<p>&nbsp;<\/p>\n<p><strong>\u00a1\u00a1 PREG\u00daNTANOS Sin compromiso !!!!<\/strong><\/p>\n<p>Puede retirar sus pedidos en nuestra\u00a0<a href=\"https:\/\/www.electronicajnc.com\/web\/contactos\" target=\"_blank\" rel=\"noopener\">TIENDA F\u00cdSICA<\/a>\u00a0o realizar sus pedidos\u00a0<a href=\"https:\/\/www.electronicajnc.com\/web\/mi-cuenta\" target=\"_blank\" rel=\"noopener\">ONLINE<\/a>\u00a0o por\u00a0<a href=\"https:\/\/api.whatsapp.com\/send?phone=593958753126\" target=\"_blank\" rel=\"noopener\">WHATSAPP<\/a><\/p>\n","protected":false},"excerpt":{"rendered":"<p>Transformador 12v 1000mA con Toma Central Este transformador es ideal para alimentar peque\u00f1os proyectos electr\u00f3nicos, cargadores de bater\u00edas, reguladores de voltaje y equipos de audio. Adem\u00e1s, es com\u00fanmente usado en fuentes de alimentaci\u00f3n y aplicaciones donde se necesita aislamiento el\u00e9ctrico entre la entrada y la salida. El Transformador 18VC\/T 1A con Tap Central funciona con [&hellip;]<\/p>\n","protected":false},"featured_media":1945,"comment_status":"closed","ping_status":"closed","template":"","meta":{"saved_in_kubio":false,"_joinchat":[]},"product_brand":[],"product_cat":[309],"product_tag":[204,935,1098,1542,1442,77,1543,1544,567],"class_list":{"0":"post-1944","1":"product","2":"type-product","3":"status-publish","4":"has-post-thumbnail","6":"product_cat-componentes-electronicos","7":"product_tag-1a","8":"product_tag-ac","9":"product_tag-alimentacion","10":"product_tag-electrico","11":"product_tag-energia","12":"product_tag-fuente","13":"product_tag-transformador","14":"product_tag-transformadores","15":"product_tag-voltaje","17":"first","18":"instock","19":"taxable","20":"shipping-taxable","21":"product-type-simple"},"yoast_head":"<!-- This site is optimized with the Yoast SEO plugin v27.4 - https:\/\/yoast.com\/product\/yoast-seo-wordpress\/ -->\n<title>Transformador 12v 1000mA con Toma Central - Electronica JNC<\/title>\n<meta name=\"description\" content=\"Transformador 12v 1000mA con Toma Central es ideal para alimentar peque\u00f1os proyectos electr\u00f3nicos, cargadores de bater\u00edas, reguladores de voltaje y mas.\" \/>\n<meta name=\"robots\" content=\"index, follow, max-snippet:-1, max-image-preview:large, max-video-preview:-1\" \/>\n<link rel=\"canonical\" href=\"https:\/\/www.electronicajnc.com\/web\/producto\/transformador-12v-1000ma-con-toma-central\/\" \/>\n<meta property=\"og:locale\" content=\"es_ES\" \/>\n<meta property=\"og:type\" content=\"article\" \/>\n<meta property=\"og:title\" content=\"Transformador 12v 1000mA con Toma Central - Electronica JNC\" \/>\n<meta property=\"og:description\" content=\"Transformador 12v 1000mA con Toma Central es ideal para alimentar peque\u00f1os proyectos electr\u00f3nicos, cargadores de bater\u00edas, reguladores de voltaje y mas.\" \/>\n<meta property=\"og:url\" content=\"https:\/\/www.electronicajnc.com\/web\/producto\/transformador-12v-1000ma-con-toma-central\/\" \/>\n<meta property=\"og:site_name\" content=\"Electronica JNC\" \/>\n<meta property=\"article:modified_time\" content=\"2024-12-12T14:03:38+00:00\" \/>\n<meta property=\"og:image\" content=\"https:\/\/www.electronicajnc.com\/web\/wp-content\/uploads\/2024\/12\/transformador-de-12v.jpg-sin-fondo.jpg\" \/>\n\t<meta property=\"og:image:width\" content=\"1028\" \/>\n\t<meta property=\"og:image:height\" content=\"1115\" \/>\n\t<meta property=\"og:image:type\" content=\"image\/jpeg\" \/>\n<meta name=\"twitter:card\" content=\"summary_large_image\" \/>\n<meta name=\"twitter:label1\" content=\"Tiempo de lectura\" \/>\n\t<meta name=\"twitter:data1\" content=\"3 minutos\" \/>\n<script type=\"application\/ld+json\" class=\"yoast-schema-graph\">{\"@context\":\"https:\\\/\\\/schema.org\",\"@graph\":[{\"@type\":\"WebPage\",\"@id\":\"https:\\\/\\\/www.electronicajnc.com\\\/web\\\/producto\\\/transformador-12v-1000ma-con-toma-central\\\/\",\"url\":\"https:\\\/\\\/www.electronicajnc.com\\\/web\\\/producto\\\/transformador-12v-1000ma-con-toma-central\\\/\",\"name\":\"Transformador 12v 1000mA con Toma Central - Electronica JNC\",\"isPartOf\":{\"@id\":\"https:\\\/\\\/www.electronicajnc.com\\\/web\\\/#website\"},\"primaryImageOfPage\":{\"@id\":\"https:\\\/\\\/www.electronicajnc.com\\\/web\\\/producto\\\/transformador-12v-1000ma-con-toma-central\\\/#primaryimage\"},\"image\":{\"@id\":\"https:\\\/\\\/www.electronicajnc.com\\\/web\\\/producto\\\/transformador-12v-1000ma-con-toma-central\\\/#primaryimage\"},\"thumbnailUrl\":\"https:\\\/\\\/www.electronicajnc.com\\\/web\\\/wp-content\\\/uploads\\\/2024\\\/12\\\/transformador-de-12v.jpg-sin-fondo.jpg\",\"datePublished\":\"2024-12-12T14:03:37+00:00\",\"dateModified\":\"2024-12-12T14:03:38+00:00\",\"description\":\"Transformador 12v 1000mA con Toma Central es ideal para alimentar peque\u00f1os proyectos electr\u00f3nicos, cargadores de bater\u00edas, reguladores de voltaje y mas.\",\"breadcrumb\":{\"@id\":\"https:\\\/\\\/www.electronicajnc.com\\\/web\\\/producto\\\/transformador-12v-1000ma-con-toma-central\\\/#breadcrumb\"},\"inLanguage\":\"es\",\"potentialAction\":[{\"@type\":\"ReadAction\",\"target\":[\"https:\\\/\\\/www.electronicajnc.com\\\/web\\\/producto\\\/transformador-12v-1000ma-con-toma-central\\\/\"]}]},{\"@type\":\"ImageObject\",\"inLanguage\":\"es\",\"@id\":\"https:\\\/\\\/www.electronicajnc.com\\\/web\\\/producto\\\/transformador-12v-1000ma-con-toma-central\\\/#primaryimage\",\"url\":\"https:\\\/\\\/www.electronicajnc.com\\\/web\\\/wp-content\\\/uploads\\\/2024\\\/12\\\/transformador-de-12v.jpg-sin-fondo.jpg\",\"contentUrl\":\"https:\\\/\\\/www.electronicajnc.com\\\/web\\\/wp-content\\\/uploads\\\/2024\\\/12\\\/transformador-de-12v.jpg-sin-fondo.jpg\",\"width\":1028,\"height\":1115,\"caption\":\"Transformador 220V\\\/110V 12V-0-12V (24V) con Toma Central\"},{\"@type\":\"BreadcrumbList\",\"@id\":\"https:\\\/\\\/www.electronicajnc.com\\\/web\\\/producto\\\/transformador-12v-1000ma-con-toma-central\\\/#breadcrumb\",\"itemListElement\":[{\"@type\":\"ListItem\",\"position\":1,\"name\":\"Portada\",\"item\":\"https:\\\/\\\/www.electronicajnc.com\\\/web\\\/\"},{\"@type\":\"ListItem\",\"position\":2,\"name\":\"TIENDA\",\"item\":\"https:\\\/\\\/www.electronicajnc.com\\\/web\\\/tienda\\\/\"},{\"@type\":\"ListItem\",\"position\":3,\"name\":\"Transformador 12v 1000mA con Toma Central\"}]},{\"@type\":\"WebSite\",\"@id\":\"https:\\\/\\\/www.electronicajnc.com\\\/web\\\/#website\",\"url\":\"https:\\\/\\\/www.electronicajnc.com\\\/web\\\/\",\"name\":\"Electronica JNC\",\"description\":\"Robotica Tecnologia Mecatronica en Ecuador\",\"publisher\":{\"@id\":\"https:\\\/\\\/www.electronicajnc.com\\\/web\\\/#organization\"},\"potentialAction\":[{\"@type\":\"SearchAction\",\"target\":{\"@type\":\"EntryPoint\",\"urlTemplate\":\"https:\\\/\\\/www.electronicajnc.com\\\/web\\\/?s={search_term_string}\"},\"query-input\":{\"@type\":\"PropertyValueSpecification\",\"valueRequired\":true,\"valueName\":\"search_term_string\"}}],\"inLanguage\":\"es\"},{\"@type\":\"Organization\",\"@id\":\"https:\\\/\\\/www.electronicajnc.com\\\/web\\\/#organization\",\"name\":\"Electronica JNC\",\"url\":\"https:\\\/\\\/www.electronicajnc.com\\\/web\\\/\",\"logo\":{\"@type\":\"ImageObject\",\"inLanguage\":\"es\",\"@id\":\"https:\\\/\\\/www.electronicajnc.com\\\/web\\\/#\\\/schema\\\/logo\\\/image\\\/\",\"url\":\"https:\\\/\\\/www.electronicajnc.com\\\/web\\\/wp-content\\\/uploads\\\/2023\\\/06\\\/nuevo-logo.jpg\",\"contentUrl\":\"https:\\\/\\\/www.electronicajnc.com\\\/web\\\/wp-content\\\/uploads\\\/2023\\\/06\\\/nuevo-logo.jpg\",\"width\":1256,\"height\":612,\"caption\":\"Electronica JNC\"},\"image\":{\"@id\":\"https:\\\/\\\/www.electronicajnc.com\\\/web\\\/#\\\/schema\\\/logo\\\/image\\\/\"}}]}<\/script>\n<!-- \/ Yoast SEO plugin. -->","yoast_head_json":{"title":"Transformador 12v 1000mA con Toma Central - Electronica JNC","description":"Transformador 12v 1000mA con Toma Central es ideal para alimentar peque\u00f1os proyectos electr\u00f3nicos, cargadores de bater\u00edas, reguladores de voltaje y mas.","robots":{"index":"index","follow":"follow","max-snippet":"max-snippet:-1","max-image-preview":"max-image-preview:large","max-video-preview":"max-video-preview:-1"},"canonical":"https:\/\/www.electronicajnc.com\/web\/producto\/transformador-12v-1000ma-con-toma-central\/","og_locale":"es_ES","og_type":"article","og_title":"Transformador 12v 1000mA con Toma Central - Electronica JNC","og_description":"Transformador 12v 1000mA con Toma Central es ideal para alimentar peque\u00f1os proyectos electr\u00f3nicos, cargadores de bater\u00edas, reguladores de voltaje y mas.","og_url":"https:\/\/www.electronicajnc.com\/web\/producto\/transformador-12v-1000ma-con-toma-central\/","og_site_name":"Electronica JNC","article_modified_time":"2024-12-12T14:03:38+00:00","og_image":[{"width":1028,"height":1115,"url":"https:\/\/www.electronicajnc.com\/web\/wp-content\/uploads\/2024\/12\/transformador-de-12v.jpg-sin-fondo.jpg","type":"image\/jpeg"}],"twitter_card":"summary_large_image","twitter_misc":{"Tiempo de lectura":"3 minutos"},"schema":{"@context":"https:\/\/schema.org","@graph":[{"@type":"WebPage","@id":"https:\/\/www.electronicajnc.com\/web\/producto\/transformador-12v-1000ma-con-toma-central\/","url":"https:\/\/www.electronicajnc.com\/web\/producto\/transformador-12v-1000ma-con-toma-central\/","name":"Transformador 12v 1000mA con Toma Central - Electronica JNC","isPartOf":{"@id":"https:\/\/www.electronicajnc.com\/web\/#website"},"primaryImageOfPage":{"@id":"https:\/\/www.electronicajnc.com\/web\/producto\/transformador-12v-1000ma-con-toma-central\/#primaryimage"},"image":{"@id":"https:\/\/www.electronicajnc.com\/web\/producto\/transformador-12v-1000ma-con-toma-central\/#primaryimage"},"thumbnailUrl":"https:\/\/www.electronicajnc.com\/web\/wp-content\/uploads\/2024\/12\/transformador-de-12v.jpg-sin-fondo.jpg","datePublished":"2024-12-12T14:03:37+00:00","dateModified":"2024-12-12T14:03:38+00:00","description":"Transformador 12v 1000mA con Toma Central es ideal para alimentar peque\u00f1os proyectos electr\u00f3nicos, cargadores de bater\u00edas, reguladores de voltaje y mas.","breadcrumb":{"@id":"https:\/\/www.electronicajnc.com\/web\/producto\/transformador-12v-1000ma-con-toma-central\/#breadcrumb"},"inLanguage":"es","potentialAction":[{"@type":"ReadAction","target":["https:\/\/www.electronicajnc.com\/web\/producto\/transformador-12v-1000ma-con-toma-central\/"]}]},{"@type":"ImageObject","inLanguage":"es","@id":"https:\/\/www.electronicajnc.com\/web\/producto\/transformador-12v-1000ma-con-toma-central\/#primaryimage","url":"https:\/\/www.electronicajnc.com\/web\/wp-content\/uploads\/2024\/12\/transformador-de-12v.jpg-sin-fondo.jpg","contentUrl":"https:\/\/www.electronicajnc.com\/web\/wp-content\/uploads\/2024\/12\/transformador-de-12v.jpg-sin-fondo.jpg","width":1028,"height":1115,"caption":"Transformador 220V\/110V 12V-0-12V (24V) con Toma Central"},{"@type":"BreadcrumbList","@id":"https:\/\/www.electronicajnc.com\/web\/producto\/transformador-12v-1000ma-con-toma-central\/#breadcrumb","itemListElement":[{"@type":"ListItem","position":1,"name":"Portada","item":"https:\/\/www.electronicajnc.com\/web\/"},{"@type":"ListItem","position":2,"name":"TIENDA","item":"https:\/\/www.electronicajnc.com\/web\/tienda\/"},{"@type":"ListItem","position":3,"name":"Transformador 12v 1000mA con Toma Central"}]},{"@type":"WebSite","@id":"https:\/\/www.electronicajnc.com\/web\/#website","url":"https:\/\/www.electronicajnc.com\/web\/","name":"Electronica JNC","description":"Robotica Tecnologia Mecatronica en Ecuador","publisher":{"@id":"https:\/\/www.electronicajnc.com\/web\/#organization"},"potentialAction":[{"@type":"SearchAction","target":{"@type":"EntryPoint","urlTemplate":"https:\/\/www.electronicajnc.com\/web\/?s={search_term_string}"},"query-input":{"@type":"PropertyValueSpecification","valueRequired":true,"valueName":"search_term_string"}}],"inLanguage":"es"},{"@type":"Organization","@id":"https:\/\/www.electronicajnc.com\/web\/#organization","name":"Electronica JNC","url":"https:\/\/www.electronicajnc.com\/web\/","logo":{"@type":"ImageObject","inLanguage":"es","@id":"https:\/\/www.electronicajnc.com\/web\/#\/schema\/logo\/image\/","url":"https:\/\/www.electronicajnc.com\/web\/wp-content\/uploads\/2023\/06\/nuevo-logo.jpg","contentUrl":"https:\/\/www.electronicajnc.com\/web\/wp-content\/uploads\/2023\/06\/nuevo-logo.jpg","width":1256,"height":612,"caption":"Electronica JNC"},"image":{"@id":"https:\/\/www.electronicajnc.com\/web\/#\/schema\/logo\/image\/"}}]}},"_links":{"self":[{"href":"https:\/\/www.electronicajnc.com\/web\/wp-json\/wp\/v2\/product\/1944","targetHints":{"allow":["GET"]}}],"collection":[{"href":"https:\/\/www.electronicajnc.com\/web\/wp-json\/wp\/v2\/product"}],"about":[{"href":"https:\/\/www.electronicajnc.com\/web\/wp-json\/wp\/v2\/types\/product"}],"replies":[{"embeddable":true,"href":"https:\/\/www.electronicajnc.com\/web\/wp-json\/wp\/v2\/comments?post=1944"}],"wp:featuredmedia":[{"embeddable":true,"href":"https:\/\/www.electronicajnc.com\/web\/wp-json\/wp\/v2\/media\/1945"}],"wp:attachment":[{"href":"https:\/\/www.electronicajnc.com\/web\/wp-json\/wp\/v2\/media?parent=1944"}],"wp:term":[{"taxonomy":"product_brand","embeddable":true,"href":"https:\/\/www.electronicajnc.com\/web\/wp-json\/wp\/v2\/product_brand?post=1944"},{"taxonomy":"product_cat","embeddable":true,"href":"https:\/\/www.electronicajnc.com\/web\/wp-json\/wp\/v2\/product_cat?post=1944"},{"taxonomy":"product_tag","embeddable":true,"href":"https:\/\/www.electronicajnc.com\/web\/wp-json\/wp\/v2\/product_tag?post=1944"}],"curies":[{"name":"wp","href":"https:\/\/api.w.org\/{rel}","templated":true}]}}