{"id":2092,"date":"2025-03-31T15:54:10","date_gmt":"2025-03-31T15:54:10","guid":{"rendered":"https:\/\/www.electronicajnc.com\/web\/?post_type=product&#038;p=2092"},"modified":"2025-03-31T15:54:10","modified_gmt":"2025-03-31T15:54:10","slug":"kit-brazo-robotico-steam-programable","status":"publish","type":"product","link":"https:\/\/www.electronicajnc.com\/web\/producto\/kit-brazo-robotico-steam-programable\/","title":{"rendered":"Kit Brazo Rob\u00f3tico STEAM Programable"},"content":{"rendered":"<p class=\"product_title entry-title\">Kit Brazo Rob\u00f3tico STEAM Programable<\/p>\n<p>El\u00a0<strong>Kit de Robot Programable <\/strong>es la herramienta ideal para principiantes y entusiastas de la programaci\u00f3n que buscan una experiencia educativa y pr\u00e1ctica a la vez. Este kit avanzado est\u00e1 dise\u00f1ado espec\u00edficamente para facilitar el aprendizaje de programaci\u00f3n y rob\u00f3tica, utilizando la potente placa controladora\u00a0<strong>ESP32<\/strong>.<\/p>\n<p>Este kit de brazo rob\u00f3tico est\u00e1 dise\u00f1ado para ni\u00f1os de 12 a\u00f1os en adelante. Es perfecto para aprender electr\u00f3nica, codificaci\u00f3n y rob\u00f3tica.<\/p>\n<h1 class=\"product_title entry-title\">Kit Brazo Rob\u00f3tico STEAM Programable<\/h1>\n<p class=\"gt-block\"><strong>Robot de brazo flexible 4DF:<\/strong>\u00a0Un brazo rob\u00f3tico vers\u00e1til de 4 ejes con una rotaci\u00f3n de abrazadera de 260\u00b0 y una rotaci\u00f3n de mu\u00f1eca, codo y base de 180\u00b0. Perfecto para entusiastas de la rob\u00f3tica y aplicaciones educativas.<\/p>\n<p class=\"gt-block\"><strong>Programaci\u00f3n rob\u00f3tica para principiantes:<\/strong>\u00a0Instrucciones paso a paso f\u00e1ciles de seguir para construir y codificar con programaci\u00f3n en bloques ACECode o Arduino IDE. Hay soporte t\u00e9cnico disponible para garantizar una experiencia de aprendizaje fluida.<\/p>\n<p class=\"gt-block\"><strong>Brazo rob\u00f3tico inteligente multifunci\u00f3n:<\/strong>\u00a0Equipado con 4 servomotores y una funci\u00f3n de coordenadas espaciales de 3 ejes, este brazo rob\u00f3tico ofrece control mediante joystick y web\/aplicaci\u00f3n, lo que lo hace ideal para la manipulaci\u00f3n de objetos y aplicaciones rob\u00f3ticas vers\u00e1tiles.<\/p>\n<p class=\"gt-block\"><strong>Funci\u00f3n de memoria:<\/strong>\u00a0Este kit de brazo rob\u00f3tico cuenta con una funci\u00f3n de memoria inteligente que registra las coordenadas de agarre y repite las acciones con precisi\u00f3n. Es perfecto para la automatizaci\u00f3n y el aprendizaje, ya que garantiza un manejo eficiente y constante de los objetos.<\/p>\n<div>\n<h2><b>\u00bfD\u00f3nde<\/b><strong>\u00a0conseguir ?<\/strong><\/h2>\n<\/div>\n<p>Puedes conseguir este producto y mucho mas en nuestra tienda de electr\u00f3nica \u201cElectr\u00f3nica JNC\u201d a un excelente precio, de igual manera puedes preguntar por otros productos que tenemos para ti y as\u00ed adquirirlos seg\u00fan tu necesidad para\u00a0 tus proyectos.<\/p>\n<p>Adem\u00e1s de vender realizamos todo tipo de proyectos de Rob\u00f3tica Electr\u00f3nica y de Programaci\u00f3n en Arduino-Raspberry, brindamos asesoramiento en la elaboraci\u00f3n de proyectos y personalizamos sus clases cuando deseas armar un robot.<\/p>\n<p>Somos importadores Directos de todo en Electr\u00f3nica y Rob\u00f3tica directamente desde los fabricantes, a los mejores precios del mercado.<\/p>\n<div class=\"x11i5rnm xat24cr x1mh8g0r x1vvkbs xtlvy1s x126k92a\">\n<div dir=\"auto\">SERVICIO PERSONALIZADO, APOYO TEORICO Y VENTA DE MATERIAL<\/div>\n<\/div>\n<div class=\"x11i5rnm xat24cr x1mh8g0r x1vvkbs xtlvy1s x126k92a\">\n<div dir=\"auto\">COTIZA CON NOSOTROS<\/div>\n<div dir=\"auto\">SERVICIO, EXPERIENCIA, CALIDAD Y CONFIANZA<\/div>\n<div dir=\"auto\">\u00abTodo lo que buscas en un solo lugar\u00bb<\/div>\n<\/div>\n<div dir=\"auto\"><\/div>\n<p><img decoding=\"async\" class=\"aligncenter\" src=\"https:\/\/images.ua.prom.st\/1494267654_1494267654.jpg?PImaGE_ID=1494267654\" \/><\/p>\n<p style=\"text-align: center;\">Realizar un pedido en la web o por \u00a0<a href=\"https:\/\/api.whatsapp.com\/send?phone=593958753126\" target=\"_blank\" rel=\"noopener\">WHATSAPP<\/a>.<\/p>\n<p><img decoding=\"async\" class=\"aligncenter\" src=\"https:\/\/images.ua.prom.st\/1494267867_1494267867.jpg?PImaGE_ID=1494267867\" \/><\/p>\n<p style=\"text-align: center;\">Consulta con un asesor\u00a0 todas tus inquietudes.<\/p>\n<p><img decoding=\"async\" class=\"aligncenter\" src=\"https:\/\/images.ua.prom.st\/1494266627_1494266627.jpg?PImaGE_ID=1494266627\" \/><\/p>\n<p style=\"text-align: center;\">Pregunta las formas de pago.<\/p>\n<p><img decoding=\"async\" class=\"aligncenter\" src=\"https:\/\/images.ua.prom.st\/1494267985_1494267985.jpg?PImaGE_ID=1494267985\" \/><\/p>\n<p style=\"text-align: center;\">Tu pedido llega a la puerta de tu casa.<\/p>\n<p>&nbsp;<\/p>\n<p><strong>\u00a1\u00a1 PREG\u00daNTANOS Sin compromiso !!!!<\/strong><\/p>\n<p>Puede retirar sus pedidos en nuestra\u00a0<a href=\"https:\/\/www.electronicajnc.com\/web\/contactos\" target=\"_blank\" rel=\"noopener\">TIENDA F\u00cdSICA<\/a>\u00a0o realizar sus pedidos\u00a0<a href=\"https:\/\/www.electronicajnc.com\/web\/mi-cuenta\" target=\"_blank\" rel=\"noopener\">ONLINE<\/a>\u00a0o por\u00a0<a href=\"https:\/\/api.whatsapp.com\/send?phone=593958753126\" target=\"_blank\" rel=\"noopener\">WHATSAPP<\/a>.<\/p>\n<p>&nbsp;<\/p>\n","protected":false},"excerpt":{"rendered":"<p>Kit Brazo Rob\u00f3tico STEAM Programable El\u00a0Kit de Robot Programable es la herramienta ideal para principiantes y entusiastas de la programaci\u00f3n que buscan una experiencia educativa y pr\u00e1ctica a la vez. Este kit avanzado est\u00e1 dise\u00f1ado espec\u00edficamente para facilitar el aprendizaje de programaci\u00f3n y rob\u00f3tica, utilizando la potente placa controladora\u00a0ESP32. Este kit de brazo rob\u00f3tico est\u00e1 [&hellip;]<\/p>\n","protected":false},"featured_media":2093,"comment_status":"closed","ping_status":"closed","template":"","meta":{"saved_in_kubio":false,"_joinchat":[]},"product_brand":[],"product_cat":[323],"product_tag":[1735,399,1720,747],"class_list":{"0":"post-2092","1":"product","2":"type-product","3":"status-publish","4":"has-post-thumbnail","6":"product_cat-kits-steam","7":"product_tag-brazo-robotico","8":"product_tag-proyectos-de-robotica","9":"product_tag-robotica-educativa","10":"product_tag-steam","12":"first","13":"instock","14":"taxable","15":"shipping-taxable","16":"product-type-simple"},"yoast_head":"<!-- This site is optimized with the Yoast SEO plugin v27.4 - https:\/\/yoast.com\/product\/yoast-seo-wordpress\/ -->\n<title>Kit Brazo Rob\u00f3tico STEAM Programable - Electronica JNC<\/title>\n<meta name=\"description\" content=\"Kit Brazo Rob\u00f3tico STEAM Programable de 4 grados de libertad es una herramienta de aprendizaje pr\u00e1ctica ideal para estudiantes y educadores.\" \/>\n<meta name=\"robots\" content=\"index, follow, max-snippet:-1, max-image-preview:large, max-video-preview:-1\" \/>\n<link rel=\"canonical\" href=\"https:\/\/www.electronicajnc.com\/web\/producto\/kit-brazo-robotico-steam-programable\/\" \/>\n<meta property=\"og:locale\" content=\"es_ES\" \/>\n<meta property=\"og:type\" content=\"article\" \/>\n<meta property=\"og:title\" content=\"Kit Brazo Rob\u00f3tico STEAM Programable - Electronica JNC\" \/>\n<meta property=\"og:description\" content=\"Kit Brazo Rob\u00f3tico STEAM Programable de 4 grados de libertad es una herramienta de aprendizaje pr\u00e1ctica ideal para estudiantes y educadores.\" \/>\n<meta property=\"og:url\" content=\"https:\/\/www.electronicajnc.com\/web\/producto\/kit-brazo-robotico-steam-programable\/\" \/>\n<meta property=\"og:site_name\" content=\"Electronica JNC\" \/>\n<meta property=\"og:image\" content=\"https:\/\/www.electronicajnc.com\/web\/wp-content\/uploads\/2025\/03\/brazo-nuevo.jpg\" \/>\n\t<meta property=\"og:image:width\" content=\"1028\" \/>\n\t<meta property=\"og:image:height\" content=\"1115\" \/>\n\t<meta property=\"og:image:type\" content=\"image\/jpeg\" \/>\n<meta name=\"twitter:card\" content=\"summary_large_image\" \/>\n<meta name=\"twitter:label1\" content=\"Tiempo de lectura\" \/>\n\t<meta name=\"twitter:data1\" content=\"3 minutos\" \/>\n<script type=\"application\/ld+json\" class=\"yoast-schema-graph\">{\"@context\":\"https:\\\/\\\/schema.org\",\"@graph\":[{\"@type\":\"WebPage\",\"@id\":\"https:\\\/\\\/www.electronicajnc.com\\\/web\\\/producto\\\/kit-brazo-robotico-steam-programable\\\/\",\"url\":\"https:\\\/\\\/www.electronicajnc.com\\\/web\\\/producto\\\/kit-brazo-robotico-steam-programable\\\/\",\"name\":\"Kit Brazo Rob\u00f3tico STEAM Programable - Electronica JNC\",\"isPartOf\":{\"@id\":\"https:\\\/\\\/www.electronicajnc.com\\\/web\\\/#website\"},\"primaryImageOfPage\":{\"@id\":\"https:\\\/\\\/www.electronicajnc.com\\\/web\\\/producto\\\/kit-brazo-robotico-steam-programable\\\/#primaryimage\"},\"image\":{\"@id\":\"https:\\\/\\\/www.electronicajnc.com\\\/web\\\/producto\\\/kit-brazo-robotico-steam-programable\\\/#primaryimage\"},\"thumbnailUrl\":\"https:\\\/\\\/www.electronicajnc.com\\\/web\\\/wp-content\\\/uploads\\\/2025\\\/03\\\/brazo-nuevo.jpg\",\"datePublished\":\"2025-03-31T15:54:10+00:00\",\"description\":\"Kit Brazo Rob\u00f3tico STEAM Programable de 4 grados de libertad es una herramienta de aprendizaje pr\u00e1ctica ideal para estudiantes y educadores.\",\"breadcrumb\":{\"@id\":\"https:\\\/\\\/www.electronicajnc.com\\\/web\\\/producto\\\/kit-brazo-robotico-steam-programable\\\/#breadcrumb\"},\"inLanguage\":\"es\",\"potentialAction\":[{\"@type\":\"ReadAction\",\"target\":[\"https:\\\/\\\/www.electronicajnc.com\\\/web\\\/producto\\\/kit-brazo-robotico-steam-programable\\\/\"]}]},{\"@type\":\"ImageObject\",\"inLanguage\":\"es\",\"@id\":\"https:\\\/\\\/www.electronicajnc.com\\\/web\\\/producto\\\/kit-brazo-robotico-steam-programable\\\/#primaryimage\",\"url\":\"https:\\\/\\\/www.electronicajnc.com\\\/web\\\/wp-content\\\/uploads\\\/2025\\\/03\\\/brazo-nuevo.jpg\",\"contentUrl\":\"https:\\\/\\\/www.electronicajnc.com\\\/web\\\/wp-content\\\/uploads\\\/2025\\\/03\\\/brazo-nuevo.jpg\",\"width\":1028,\"height\":1115,\"caption\":\"Kit Brazo Rob\u00f3tico STEAM Programable\"},{\"@type\":\"BreadcrumbList\",\"@id\":\"https:\\\/\\\/www.electronicajnc.com\\\/web\\\/producto\\\/kit-brazo-robotico-steam-programable\\\/#breadcrumb\",\"itemListElement\":[{\"@type\":\"ListItem\",\"position\":1,\"name\":\"Portada\",\"item\":\"https:\\\/\\\/www.electronicajnc.com\\\/web\\\/\"},{\"@type\":\"ListItem\",\"position\":2,\"name\":\"TIENDA\",\"item\":\"https:\\\/\\\/www.electronicajnc.com\\\/web\\\/tienda\\\/\"},{\"@type\":\"ListItem\",\"position\":3,\"name\":\"Kit Brazo Rob\u00f3tico STEAM Programable\"}]},{\"@type\":\"WebSite\",\"@id\":\"https:\\\/\\\/www.electronicajnc.com\\\/web\\\/#website\",\"url\":\"https:\\\/\\\/www.electronicajnc.com\\\/web\\\/\",\"name\":\"Electronica JNC\",\"description\":\"Robotica Tecnologia Mecatronica en Ecuador\",\"publisher\":{\"@id\":\"https:\\\/\\\/www.electronicajnc.com\\\/web\\\/#organization\"},\"potentialAction\":[{\"@type\":\"SearchAction\",\"target\":{\"@type\":\"EntryPoint\",\"urlTemplate\":\"https:\\\/\\\/www.electronicajnc.com\\\/web\\\/?s={search_term_string}\"},\"query-input\":{\"@type\":\"PropertyValueSpecification\",\"valueRequired\":true,\"valueName\":\"search_term_string\"}}],\"inLanguage\":\"es\"},{\"@type\":\"Organization\",\"@id\":\"https:\\\/\\\/www.electronicajnc.com\\\/web\\\/#organization\",\"name\":\"Electronica JNC\",\"url\":\"https:\\\/\\\/www.electronicajnc.com\\\/web\\\/\",\"logo\":{\"@type\":\"ImageObject\",\"inLanguage\":\"es\",\"@id\":\"https:\\\/\\\/www.electronicajnc.com\\\/web\\\/#\\\/schema\\\/logo\\\/image\\\/\",\"url\":\"https:\\\/\\\/www.electronicajnc.com\\\/web\\\/wp-content\\\/uploads\\\/2023\\\/06\\\/nuevo-logo.jpg\",\"contentUrl\":\"https:\\\/\\\/www.electronicajnc.com\\\/web\\\/wp-content\\\/uploads\\\/2023\\\/06\\\/nuevo-logo.jpg\",\"width\":1256,\"height\":612,\"caption\":\"Electronica JNC\"},\"image\":{\"@id\":\"https:\\\/\\\/www.electronicajnc.com\\\/web\\\/#\\\/schema\\\/logo\\\/image\\\/\"}}]}<\/script>\n<!-- \/ Yoast SEO plugin. -->","yoast_head_json":{"title":"Kit Brazo Rob\u00f3tico STEAM Programable - Electronica JNC","description":"Kit Brazo Rob\u00f3tico STEAM Programable de 4 grados de libertad es una herramienta de aprendizaje pr\u00e1ctica ideal para estudiantes y educadores.","robots":{"index":"index","follow":"follow","max-snippet":"max-snippet:-1","max-image-preview":"max-image-preview:large","max-video-preview":"max-video-preview:-1"},"canonical":"https:\/\/www.electronicajnc.com\/web\/producto\/kit-brazo-robotico-steam-programable\/","og_locale":"es_ES","og_type":"article","og_title":"Kit Brazo Rob\u00f3tico STEAM Programable - Electronica JNC","og_description":"Kit Brazo Rob\u00f3tico STEAM Programable de 4 grados de libertad es una herramienta de aprendizaje pr\u00e1ctica ideal para estudiantes y educadores.","og_url":"https:\/\/www.electronicajnc.com\/web\/producto\/kit-brazo-robotico-steam-programable\/","og_site_name":"Electronica JNC","og_image":[{"width":1028,"height":1115,"url":"https:\/\/www.electronicajnc.com\/web\/wp-content\/uploads\/2025\/03\/brazo-nuevo.jpg","type":"image\/jpeg"}],"twitter_card":"summary_large_image","twitter_misc":{"Tiempo de lectura":"3 minutos"},"schema":{"@context":"https:\/\/schema.org","@graph":[{"@type":"WebPage","@id":"https:\/\/www.electronicajnc.com\/web\/producto\/kit-brazo-robotico-steam-programable\/","url":"https:\/\/www.electronicajnc.com\/web\/producto\/kit-brazo-robotico-steam-programable\/","name":"Kit Brazo Rob\u00f3tico STEAM Programable - Electronica JNC","isPartOf":{"@id":"https:\/\/www.electronicajnc.com\/web\/#website"},"primaryImageOfPage":{"@id":"https:\/\/www.electronicajnc.com\/web\/producto\/kit-brazo-robotico-steam-programable\/#primaryimage"},"image":{"@id":"https:\/\/www.electronicajnc.com\/web\/producto\/kit-brazo-robotico-steam-programable\/#primaryimage"},"thumbnailUrl":"https:\/\/www.electronicajnc.com\/web\/wp-content\/uploads\/2025\/03\/brazo-nuevo.jpg","datePublished":"2025-03-31T15:54:10+00:00","description":"Kit Brazo Rob\u00f3tico STEAM Programable de 4 grados de libertad es una herramienta de aprendizaje pr\u00e1ctica ideal para estudiantes y educadores.","breadcrumb":{"@id":"https:\/\/www.electronicajnc.com\/web\/producto\/kit-brazo-robotico-steam-programable\/#breadcrumb"},"inLanguage":"es","potentialAction":[{"@type":"ReadAction","target":["https:\/\/www.electronicajnc.com\/web\/producto\/kit-brazo-robotico-steam-programable\/"]}]},{"@type":"ImageObject","inLanguage":"es","@id":"https:\/\/www.electronicajnc.com\/web\/producto\/kit-brazo-robotico-steam-programable\/#primaryimage","url":"https:\/\/www.electronicajnc.com\/web\/wp-content\/uploads\/2025\/03\/brazo-nuevo.jpg","contentUrl":"https:\/\/www.electronicajnc.com\/web\/wp-content\/uploads\/2025\/03\/brazo-nuevo.jpg","width":1028,"height":1115,"caption":"Kit Brazo Rob\u00f3tico STEAM Programable"},{"@type":"BreadcrumbList","@id":"https:\/\/www.electronicajnc.com\/web\/producto\/kit-brazo-robotico-steam-programable\/#breadcrumb","itemListElement":[{"@type":"ListItem","position":1,"name":"Portada","item":"https:\/\/www.electronicajnc.com\/web\/"},{"@type":"ListItem","position":2,"name":"TIENDA","item":"https:\/\/www.electronicajnc.com\/web\/tienda\/"},{"@type":"ListItem","position":3,"name":"Kit Brazo Rob\u00f3tico STEAM Programable"}]},{"@type":"WebSite","@id":"https:\/\/www.electronicajnc.com\/web\/#website","url":"https:\/\/www.electronicajnc.com\/web\/","name":"Electronica JNC","description":"Robotica Tecnologia Mecatronica en Ecuador","publisher":{"@id":"https:\/\/www.electronicajnc.com\/web\/#organization"},"potentialAction":[{"@type":"SearchAction","target":{"@type":"EntryPoint","urlTemplate":"https:\/\/www.electronicajnc.com\/web\/?s={search_term_string}"},"query-input":{"@type":"PropertyValueSpecification","valueRequired":true,"valueName":"search_term_string"}}],"inLanguage":"es"},{"@type":"Organization","@id":"https:\/\/www.electronicajnc.com\/web\/#organization","name":"Electronica JNC","url":"https:\/\/www.electronicajnc.com\/web\/","logo":{"@type":"ImageObject","inLanguage":"es","@id":"https:\/\/www.electronicajnc.com\/web\/#\/schema\/logo\/image\/","url":"https:\/\/www.electronicajnc.com\/web\/wp-content\/uploads\/2023\/06\/nuevo-logo.jpg","contentUrl":"https:\/\/www.electronicajnc.com\/web\/wp-content\/uploads\/2023\/06\/nuevo-logo.jpg","width":1256,"height":612,"caption":"Electronica JNC"},"image":{"@id":"https:\/\/www.electronicajnc.com\/web\/#\/schema\/logo\/image\/"}}]}},"_links":{"self":[{"href":"https:\/\/www.electronicajnc.com\/web\/wp-json\/wp\/v2\/product\/2092","targetHints":{"allow":["GET"]}}],"collection":[{"href":"https:\/\/www.electronicajnc.com\/web\/wp-json\/wp\/v2\/product"}],"about":[{"href":"https:\/\/www.electronicajnc.com\/web\/wp-json\/wp\/v2\/types\/product"}],"replies":[{"embeddable":true,"href":"https:\/\/www.electronicajnc.com\/web\/wp-json\/wp\/v2\/comments?post=2092"}],"wp:featuredmedia":[{"embeddable":true,"href":"https:\/\/www.electronicajnc.com\/web\/wp-json\/wp\/v2\/media\/2093"}],"wp:attachment":[{"href":"https:\/\/www.electronicajnc.com\/web\/wp-json\/wp\/v2\/media?parent=2092"}],"wp:term":[{"taxonomy":"product_brand","embeddable":true,"href":"https:\/\/www.electronicajnc.com\/web\/wp-json\/wp\/v2\/product_brand?post=2092"},{"taxonomy":"product_cat","embeddable":true,"href":"https:\/\/www.electronicajnc.com\/web\/wp-json\/wp\/v2\/product_cat?post=2092"},{"taxonomy":"product_tag","embeddable":true,"href":"https:\/\/www.electronicajnc.com\/web\/wp-json\/wp\/v2\/product_tag?post=2092"}],"curies":[{"name":"wp","href":"https:\/\/api.w.org\/{rel}","templated":true}]}}