{"id":336,"date":"2023-03-29T15:48:53","date_gmt":"2023-03-29T15:48:53","guid":{"rendered":"https:\/\/www.electronicajnc.com\/web\/?post_type=product&#038;p=336"},"modified":"2024-10-16T17:30:43","modified_gmt":"2024-10-16T17:30:43","slug":"tarjeta-uno-cable-usb-compatible-con-arduino","status":"publish","type":"product","link":"https:\/\/www.electronicajnc.com\/web\/producto\/tarjeta-uno-cable-usb-compatible-con-arduino\/","title":{"rendered":"Tarjeta Uno R3 para Arduino chip desmontable"},"content":{"rendered":"<p>Tarjeta Uno R3 para Arduino chip desmontable<\/p>\n<p>Tarjeta Uno R3 para Arduino chip desmontable es una placa electr\u00f3nica con la que es muy f\u00e1cil introducirse en el mundo de la<strong>\u00a0programaci\u00f3n electr\u00f3nica<\/strong>, posee una plataforma de\u00a0<strong>c\u00f3digo abierto (open-source)<\/strong> lo que permite realizar proyectos y modificaciones tanto de hardware como de software a cualquier persona sin ning\u00fan problema, permitiendole realizar proyectos y modificaciones.<\/p>\n<p>La tarjeta Arduino incluso a\u00f1ade pins SDA y SCL cercanos al AREF. Es m\u00e1s, hay dos nuevos pines cerca del pin RESET. Uno es el IOREF, que permite a los shields adaptarse al voltaje brindado por la tarjeta. El otro pin no se encuentra conectado y est\u00e1 reservado para prop\u00f3sitos futuros. La tarjeta trabaja con todos los shields existentes y podr\u00e1 adaptarse con los nuevos shields utilizando esos pines adicionales.<\/p>\n<p>Es una plataforma computacional f\u00edsica open-source basada en una simple tarjeta de I\/O y un entorno de desarrollo que implementa el lenguaje Processing\/Wiring. puede ser utilizado para desarrollar objetos interactivos o puede ser conectado a software de tu computadora por ejemplo, Flash, Processing, MaxMSP. El IDE open-source puede ser descargado gratuitamente actualmente para OS X, Windows y Linux.<\/p>\n<h2>Tarjeta Uno R3 para Arduino chip desmontable<\/h2>\n<p>&nbsp;<\/p>\n<p><strong>Caracter\u00edsticas:<\/strong><\/p>\n<ul>\n<li>Microcontrolador: \u00a0ATmega328P.<\/li>\n<li>Chip USB: ATmega16U2.<\/li>\n<li>Voltaje de Operaci\u00f3n: 5V.<\/li>\n<li>Voltaje de alimentaci\u00f3n: 6-20V (7-12V recomendado).<\/li>\n<li>Pines digitales I\/O: \u00a014 (6 salidas PWM).<\/li>\n<li>Entradas anal\u00f3gicas: 8.<\/li>\n<li>Corriente m\u00e1xima entrada\/salida: 40mA.<\/li>\n<li>Memoria flash: 32K.<\/li>\n<li>Memoria SRAM: 2K.<\/li>\n<li>Memoria EEPROM: 1K.<\/li>\n<li>Velocidad de reloj: 16Mhz.<\/li>\n<\/ul>\n<div>\n<h2><b>\u00bfD\u00f3nde<\/b><strong>\u00a0conseguir ?<\/strong><\/h2>\n<\/div>\n<p>Puedes conseguir este producto y mucho mas en nuestra tienda de electr\u00f3nica \u201cElectr\u00f3nica JNC\u201d a un excelente precio, de igual manera puedes preguntar por otros productos que tenemos para ti y as\u00ed adquirirlos seg\u00fan tu necesidad para\u00a0 tus proyectos.<\/p>\n<p>Adem\u00e1s de vender realizamos todo tipo de proyectos de Rob\u00f3tica Electr\u00f3nica y de Programaci\u00f3n compatible con\u00a0 Arduino-Raspberry, brindamos asesoramiento en la elaboraci\u00f3n de proyectos y personalizamos sus clases cuando deseas armar un robot.<\/p>\n<p>Somos importadores Directos de todo en Electr\u00f3nica y Rob\u00f3tica directamente desde los fabricantes, a los mejores precios del mercado.<\/p>\n<div class=\"x11i5rnm xat24cr x1mh8g0r x1vvkbs xtlvy1s x126k92a\">\n<div dir=\"auto\">SERVICIO PERSONALIZADO, APOYO TEORICO Y VENTA DE MATERIAL<\/div>\n<\/div>\n<div class=\"x11i5rnm xat24cr x1mh8g0r x1vvkbs xtlvy1s x126k92a\">\n<div dir=\"auto\">COTIZA CON NOSOTROS<\/div>\n<div dir=\"auto\">SERVICIO, EXPERIENCIA, CALIDAD Y CONFIANZA<\/div>\n<div dir=\"auto\">\u00abTodo lo que buscas en un solo lugar\u00bb<\/div>\n<\/div>\n<div dir=\"auto\"><\/div>\n<p><img decoding=\"async\" class=\"aligncenter\" src=\"https:\/\/images.ua.prom.st\/1494267654_1494267654.jpg?PImaGE_ID=1494267654\" \/><\/p>\n<p style=\"text-align: center;\">Realizar un pedido en la web o por \u00a0<a href=\"https:\/\/api.whatsapp.com\/send?phone=593958753126\" target=\"_blank\" rel=\"noopener\">WHATSAPP<\/a>.<\/p>\n<p><img decoding=\"async\" class=\"aligncenter\" src=\"https:\/\/images.ua.prom.st\/1494267867_1494267867.jpg?PImaGE_ID=1494267867\" \/><\/p>\n<p style=\"text-align: center;\">Consulta con un asesor\u00a0 todas tus inquietudes.<\/p>\n<p><img decoding=\"async\" class=\"aligncenter\" src=\"https:\/\/images.ua.prom.st\/1494266627_1494266627.jpg?PImaGE_ID=1494266627\" \/><\/p>\n<p style=\"text-align: center;\">Pregunta las formas de pago.<\/p>\n<p><img decoding=\"async\" class=\"aligncenter\" src=\"https:\/\/images.ua.prom.st\/1494267985_1494267985.jpg?PImaGE_ID=1494267985\" \/><\/p>\n<p style=\"text-align: center;\">Tu pedido llega a la puerta de tu casa.<\/p>\n<p>&nbsp;<\/p>\n<p><strong>\u00a1\u00a1 PREG\u00daNTANOS Sin compromiso !!!!<\/strong><\/p>\n<p>Puede retirar sus pedidos en nuestra\u00a0<a href=\"https:\/\/www.electronicajnc.com\/web\/contactos\" target=\"_blank\" rel=\"noopener\">TIENDA F\u00cdSICA<\/a>\u00a0o realizar sus pedidos\u00a0<a href=\"https:\/\/www.electronicajnc.com\/web\/mi-cuenta\" target=\"_blank\" rel=\"noopener\">ONLINE<\/a>\u00a0o por\u00a0<a href=\"https:\/\/api.whatsapp.com\/send?phone=593958753126\" target=\"_blank\" rel=\"noopener\">WHATSAPP<\/a>.<\/p>\n","protected":false},"excerpt":{"rendered":"<p>Tarjeta Uno R3 para Arduino chip desmontable Tarjeta Uno R3 para Arduino chip desmontable es una placa electr\u00f3nica con la que es muy f\u00e1cil introducirse en el mundo de la\u00a0programaci\u00f3n electr\u00f3nica, posee una plataforma de\u00a0c\u00f3digo abierto (open-source) lo que permite realizar proyectos y modificaciones tanto de hardware como de software a cualquier persona sin ning\u00fan [&hellip;]<\/p>\n","protected":false},"featured_media":1660,"comment_status":"closed","ping_status":"closed","template":"","meta":{"saved_in_kubio":false,"_joinchat":[]},"product_brand":[],"product_cat":[52],"product_tag":[196,41,1106,45,46,39,40,48,51,36,34,38,1423,50,37,47,49,42,43,35],"class_list":{"0":"post-336","1":"product","2":"type-product","3":"status-publish","4":"has-post-thumbnail","6":"product_cat-tarjetas-compatibles-con-arduino","7":"product_tag-arduino","8":"product_tag-baterias","9":"product_tag-compatible-con-arduino","10":"product_tag-distribuidores","11":"product_tag-electronica","12":"product_tag-electrovalvulas","13":"product_tag-fuentes","14":"product_tag-humedad-suelo-lluvia","15":"product_tag-leds","16":"product_tag-lm35","17":"product_tag-modulo-ultrasonico","18":"product_tag-multimetros","19":"product_tag-para-arduino","20":"product_tag-potenciometros","21":"product_tag-protoboard","22":"product_tag-proyectos-electronica","23":"product_tag-resistencias","24":"product_tag-robot-seguidor-de-linea","25":"product_tag-robot-zumo","26":"product_tag-sensor-de-temperatura","28":"first","29":"instock","30":"featured","31":"taxable","32":"shipping-taxable","33":"purchasable","34":"product-type-simple"},"yoast_head":"<!-- This site is optimized with the Yoast SEO plugin v27.4 - https:\/\/yoast.com\/product\/yoast-seo-wordpress\/ -->\n<title>Tarjeta Uno R3 para Arduino chip desmontable - Electronica JNC<\/title>\n<meta name=\"description\" content=\"Tarjeta Uno R3 para Arduino chip desmontable es una placa electr\u00f3nica con la que es muy f\u00e1cil introducirse en el mundo de la\u00a0programaci\u00f3n electr\u00f3nica. Tarjeta Uno R3 para Arduino chip desmontable. Tarjeta Uno R3 para Arduino chip desmontable\" \/>\n<meta name=\"robots\" content=\"index, follow, max-snippet:-1, max-image-preview:large, max-video-preview:-1\" \/>\n<link rel=\"canonical\" href=\"https:\/\/www.electronicajnc.com\/web\/producto\/tarjeta-uno-cable-usb-compatible-con-arduino\/\" \/>\n<meta property=\"og:locale\" content=\"es_ES\" \/>\n<meta property=\"og:type\" content=\"article\" \/>\n<meta property=\"og:title\" content=\"Tarjeta Uno R3 para Arduino chip desmontable - Electronica JNC\" \/>\n<meta property=\"og:description\" content=\"Tarjeta Uno R3 para Arduino chip desmontable es una placa electr\u00f3nica con la que es muy f\u00e1cil introducirse en el mundo de la\u00a0programaci\u00f3n electr\u00f3nica. Tarjeta Uno R3 para Arduino chip desmontable. Tarjeta Uno R3 para Arduino chip desmontable\" \/>\n<meta property=\"og:url\" content=\"https:\/\/www.electronicajnc.com\/web\/producto\/tarjeta-uno-cable-usb-compatible-con-arduino\/\" \/>\n<meta property=\"og:site_name\" content=\"Electronica JNC\" \/>\n<meta property=\"article:modified_time\" content=\"2024-10-16T17:30:43+00:00\" \/>\n<meta property=\"og:image\" content=\"https:\/\/www.electronicajnc.com\/web\/wp-content\/uploads\/2023\/03\/ARDUINO-PORTADA.jpg-cambio.jpg\" \/>\n\t<meta property=\"og:image:width\" content=\"1254\" \/>\n\t<meta property=\"og:image:height\" content=\"1290\" \/>\n\t<meta property=\"og:image:type\" content=\"image\/jpeg\" \/>\n<meta name=\"twitter:card\" content=\"summary_large_image\" \/>\n<meta name=\"twitter:label1\" content=\"Tiempo de lectura\" \/>\n\t<meta name=\"twitter:data1\" content=\"3 minutos\" \/>\n<script type=\"application\/ld+json\" class=\"yoast-schema-graph\">{\"@context\":\"https:\\\/\\\/schema.org\",\"@graph\":[{\"@type\":\"WebPage\",\"@id\":\"https:\\\/\\\/www.electronicajnc.com\\\/web\\\/producto\\\/tarjeta-uno-cable-usb-compatible-con-arduino\\\/\",\"url\":\"https:\\\/\\\/www.electronicajnc.com\\\/web\\\/producto\\\/tarjeta-uno-cable-usb-compatible-con-arduino\\\/\",\"name\":\"Tarjeta Uno R3 para Arduino chip desmontable - Electronica JNC\",\"isPartOf\":{\"@id\":\"https:\\\/\\\/www.electronicajnc.com\\\/web\\\/#website\"},\"primaryImageOfPage\":{\"@id\":\"https:\\\/\\\/www.electronicajnc.com\\\/web\\\/producto\\\/tarjeta-uno-cable-usb-compatible-con-arduino\\\/#primaryimage\"},\"image\":{\"@id\":\"https:\\\/\\\/www.electronicajnc.com\\\/web\\\/producto\\\/tarjeta-uno-cable-usb-compatible-con-arduino\\\/#primaryimage\"},\"thumbnailUrl\":\"https:\\\/\\\/www.electronicajnc.com\\\/web\\\/wp-content\\\/uploads\\\/2023\\\/03\\\/ARDUINO-PORTADA.jpg-cambio.jpg\",\"datePublished\":\"2023-03-29T15:48:53+00:00\",\"dateModified\":\"2024-10-16T17:30:43+00:00\",\"description\":\"Tarjeta Uno R3 para Arduino chip desmontable es una placa electr\u00f3nica con la que es muy f\u00e1cil introducirse en el mundo de la\u00a0programaci\u00f3n electr\u00f3nica. Tarjeta Uno R3 para Arduino chip desmontable. Tarjeta Uno R3 para Arduino chip desmontable\",\"breadcrumb\":{\"@id\":\"https:\\\/\\\/www.electronicajnc.com\\\/web\\\/producto\\\/tarjeta-uno-cable-usb-compatible-con-arduino\\\/#breadcrumb\"},\"inLanguage\":\"es\",\"potentialAction\":[{\"@type\":\"ReadAction\",\"target\":[\"https:\\\/\\\/www.electronicajnc.com\\\/web\\\/producto\\\/tarjeta-uno-cable-usb-compatible-con-arduino\\\/\"]}]},{\"@type\":\"ImageObject\",\"inLanguage\":\"es\",\"@id\":\"https:\\\/\\\/www.electronicajnc.com\\\/web\\\/producto\\\/tarjeta-uno-cable-usb-compatible-con-arduino\\\/#primaryimage\",\"url\":\"https:\\\/\\\/www.electronicajnc.com\\\/web\\\/wp-content\\\/uploads\\\/2023\\\/03\\\/ARDUINO-PORTADA.jpg-cambio.jpg\",\"contentUrl\":\"https:\\\/\\\/www.electronicajnc.com\\\/web\\\/wp-content\\\/uploads\\\/2023\\\/03\\\/ARDUINO-PORTADA.jpg-cambio.jpg\",\"width\":1254,\"height\":1290,\"caption\":\"compatible con arduino\"},{\"@type\":\"BreadcrumbList\",\"@id\":\"https:\\\/\\\/www.electronicajnc.com\\\/web\\\/producto\\\/tarjeta-uno-cable-usb-compatible-con-arduino\\\/#breadcrumb\",\"itemListElement\":[{\"@type\":\"ListItem\",\"position\":1,\"name\":\"Portada\",\"item\":\"https:\\\/\\\/www.electronicajnc.com\\\/web\\\/\"},{\"@type\":\"ListItem\",\"position\":2,\"name\":\"TIENDA\",\"item\":\"https:\\\/\\\/www.electronicajnc.com\\\/web\\\/tienda\\\/\"},{\"@type\":\"ListItem\",\"position\":3,\"name\":\"Tarjeta Uno R3 para Arduino chip desmontable\"}]},{\"@type\":\"WebSite\",\"@id\":\"https:\\\/\\\/www.electronicajnc.com\\\/web\\\/#website\",\"url\":\"https:\\\/\\\/www.electronicajnc.com\\\/web\\\/\",\"name\":\"Electronica JNC\",\"description\":\"Robotica Tecnologia Mecatronica en Ecuador\",\"publisher\":{\"@id\":\"https:\\\/\\\/www.electronicajnc.com\\\/web\\\/#organization\"},\"potentialAction\":[{\"@type\":\"SearchAction\",\"target\":{\"@type\":\"EntryPoint\",\"urlTemplate\":\"https:\\\/\\\/www.electronicajnc.com\\\/web\\\/?s={search_term_string}\"},\"query-input\":{\"@type\":\"PropertyValueSpecification\",\"valueRequired\":true,\"valueName\":\"search_term_string\"}}],\"inLanguage\":\"es\"},{\"@type\":\"Organization\",\"@id\":\"https:\\\/\\\/www.electronicajnc.com\\\/web\\\/#organization\",\"name\":\"Electronica JNC\",\"url\":\"https:\\\/\\\/www.electronicajnc.com\\\/web\\\/\",\"logo\":{\"@type\":\"ImageObject\",\"inLanguage\":\"es\",\"@id\":\"https:\\\/\\\/www.electronicajnc.com\\\/web\\\/#\\\/schema\\\/logo\\\/image\\\/\",\"url\":\"https:\\\/\\\/www.electronicajnc.com\\\/web\\\/wp-content\\\/uploads\\\/2023\\\/06\\\/nuevo-logo.jpg\",\"contentUrl\":\"https:\\\/\\\/www.electronicajnc.com\\\/web\\\/wp-content\\\/uploads\\\/2023\\\/06\\\/nuevo-logo.jpg\",\"width\":1256,\"height\":612,\"caption\":\"Electronica JNC\"},\"image\":{\"@id\":\"https:\\\/\\\/www.electronicajnc.com\\\/web\\\/#\\\/schema\\\/logo\\\/image\\\/\"}}]}<\/script>\n<!-- \/ Yoast SEO plugin. -->","yoast_head_json":{"title":"Tarjeta Uno R3 para Arduino chip desmontable - Electronica JNC","description":"Tarjeta Uno R3 para Arduino chip desmontable es una placa electr\u00f3nica con la que es muy f\u00e1cil introducirse en el mundo de la\u00a0programaci\u00f3n electr\u00f3nica. Tarjeta Uno R3 para Arduino chip desmontable. Tarjeta Uno R3 para Arduino chip desmontable","robots":{"index":"index","follow":"follow","max-snippet":"max-snippet:-1","max-image-preview":"max-image-preview:large","max-video-preview":"max-video-preview:-1"},"canonical":"https:\/\/www.electronicajnc.com\/web\/producto\/tarjeta-uno-cable-usb-compatible-con-arduino\/","og_locale":"es_ES","og_type":"article","og_title":"Tarjeta Uno R3 para Arduino chip desmontable - Electronica JNC","og_description":"Tarjeta Uno R3 para Arduino chip desmontable es una placa electr\u00f3nica con la que es muy f\u00e1cil introducirse en el mundo de la\u00a0programaci\u00f3n electr\u00f3nica. Tarjeta Uno R3 para Arduino chip desmontable. Tarjeta Uno R3 para Arduino chip desmontable","og_url":"https:\/\/www.electronicajnc.com\/web\/producto\/tarjeta-uno-cable-usb-compatible-con-arduino\/","og_site_name":"Electronica JNC","article_modified_time":"2024-10-16T17:30:43+00:00","og_image":[{"width":1254,"height":1290,"url":"https:\/\/www.electronicajnc.com\/web\/wp-content\/uploads\/2023\/03\/ARDUINO-PORTADA.jpg-cambio.jpg","type":"image\/jpeg"}],"twitter_card":"summary_large_image","twitter_misc":{"Tiempo de lectura":"3 minutos"},"schema":{"@context":"https:\/\/schema.org","@graph":[{"@type":"WebPage","@id":"https:\/\/www.electronicajnc.com\/web\/producto\/tarjeta-uno-cable-usb-compatible-con-arduino\/","url":"https:\/\/www.electronicajnc.com\/web\/producto\/tarjeta-uno-cable-usb-compatible-con-arduino\/","name":"Tarjeta Uno R3 para Arduino chip desmontable - Electronica JNC","isPartOf":{"@id":"https:\/\/www.electronicajnc.com\/web\/#website"},"primaryImageOfPage":{"@id":"https:\/\/www.electronicajnc.com\/web\/producto\/tarjeta-uno-cable-usb-compatible-con-arduino\/#primaryimage"},"image":{"@id":"https:\/\/www.electronicajnc.com\/web\/producto\/tarjeta-uno-cable-usb-compatible-con-arduino\/#primaryimage"},"thumbnailUrl":"https:\/\/www.electronicajnc.com\/web\/wp-content\/uploads\/2023\/03\/ARDUINO-PORTADA.jpg-cambio.jpg","datePublished":"2023-03-29T15:48:53+00:00","dateModified":"2024-10-16T17:30:43+00:00","description":"Tarjeta Uno R3 para Arduino chip desmontable es una placa electr\u00f3nica con la que es muy f\u00e1cil introducirse en el mundo de la\u00a0programaci\u00f3n electr\u00f3nica. Tarjeta Uno R3 para Arduino chip desmontable. Tarjeta Uno R3 para Arduino chip desmontable","breadcrumb":{"@id":"https:\/\/www.electronicajnc.com\/web\/producto\/tarjeta-uno-cable-usb-compatible-con-arduino\/#breadcrumb"},"inLanguage":"es","potentialAction":[{"@type":"ReadAction","target":["https:\/\/www.electronicajnc.com\/web\/producto\/tarjeta-uno-cable-usb-compatible-con-arduino\/"]}]},{"@type":"ImageObject","inLanguage":"es","@id":"https:\/\/www.electronicajnc.com\/web\/producto\/tarjeta-uno-cable-usb-compatible-con-arduino\/#primaryimage","url":"https:\/\/www.electronicajnc.com\/web\/wp-content\/uploads\/2023\/03\/ARDUINO-PORTADA.jpg-cambio.jpg","contentUrl":"https:\/\/www.electronicajnc.com\/web\/wp-content\/uploads\/2023\/03\/ARDUINO-PORTADA.jpg-cambio.jpg","width":1254,"height":1290,"caption":"compatible con arduino"},{"@type":"BreadcrumbList","@id":"https:\/\/www.electronicajnc.com\/web\/producto\/tarjeta-uno-cable-usb-compatible-con-arduino\/#breadcrumb","itemListElement":[{"@type":"ListItem","position":1,"name":"Portada","item":"https:\/\/www.electronicajnc.com\/web\/"},{"@type":"ListItem","position":2,"name":"TIENDA","item":"https:\/\/www.electronicajnc.com\/web\/tienda\/"},{"@type":"ListItem","position":3,"name":"Tarjeta Uno R3 para Arduino chip desmontable"}]},{"@type":"WebSite","@id":"https:\/\/www.electronicajnc.com\/web\/#website","url":"https:\/\/www.electronicajnc.com\/web\/","name":"Electronica JNC","description":"Robotica Tecnologia Mecatronica en Ecuador","publisher":{"@id":"https:\/\/www.electronicajnc.com\/web\/#organization"},"potentialAction":[{"@type":"SearchAction","target":{"@type":"EntryPoint","urlTemplate":"https:\/\/www.electronicajnc.com\/web\/?s={search_term_string}"},"query-input":{"@type":"PropertyValueSpecification","valueRequired":true,"valueName":"search_term_string"}}],"inLanguage":"es"},{"@type":"Organization","@id":"https:\/\/www.electronicajnc.com\/web\/#organization","name":"Electronica JNC","url":"https:\/\/www.electronicajnc.com\/web\/","logo":{"@type":"ImageObject","inLanguage":"es","@id":"https:\/\/www.electronicajnc.com\/web\/#\/schema\/logo\/image\/","url":"https:\/\/www.electronicajnc.com\/web\/wp-content\/uploads\/2023\/06\/nuevo-logo.jpg","contentUrl":"https:\/\/www.electronicajnc.com\/web\/wp-content\/uploads\/2023\/06\/nuevo-logo.jpg","width":1256,"height":612,"caption":"Electronica JNC"},"image":{"@id":"https:\/\/www.electronicajnc.com\/web\/#\/schema\/logo\/image\/"}}]}},"_links":{"self":[{"href":"https:\/\/www.electronicajnc.com\/web\/wp-json\/wp\/v2\/product\/336","targetHints":{"allow":["GET"]}}],"collection":[{"href":"https:\/\/www.electronicajnc.com\/web\/wp-json\/wp\/v2\/product"}],"about":[{"href":"https:\/\/www.electronicajnc.com\/web\/wp-json\/wp\/v2\/types\/product"}],"replies":[{"embeddable":true,"href":"https:\/\/www.electronicajnc.com\/web\/wp-json\/wp\/v2\/comments?post=336"}],"wp:featuredmedia":[{"embeddable":true,"href":"https:\/\/www.electronicajnc.com\/web\/wp-json\/wp\/v2\/media\/1660"}],"wp:attachment":[{"href":"https:\/\/www.electronicajnc.com\/web\/wp-json\/wp\/v2\/media?parent=336"}],"wp:term":[{"taxonomy":"product_brand","embeddable":true,"href":"https:\/\/www.electronicajnc.com\/web\/wp-json\/wp\/v2\/product_brand?post=336"},{"taxonomy":"product_cat","embeddable":true,"href":"https:\/\/www.electronicajnc.com\/web\/wp-json\/wp\/v2\/product_cat?post=336"},{"taxonomy":"product_tag","embeddable":true,"href":"https:\/\/www.electronicajnc.com\/web\/wp-json\/wp\/v2\/product_tag?post=336"}],"curies":[{"name":"wp","href":"https:\/\/api.w.org\/{rel}","templated":true}]}}