{"id":369,"date":"2023-03-29T22:59:32","date_gmt":"2023-03-29T22:59:32","guid":{"rendered":"https:\/\/www.electronicajnc.com\/web\/?post_type=product&#038;p=369"},"modified":"2025-01-27T20:08:18","modified_gmt":"2025-01-27T20:08:18","slug":"sg90-micro-servo-9g","status":"publish","type":"product","link":"https:\/\/www.electronicajnc.com\/web\/producto\/sg90-micro-servo-9g\/","title":{"rendered":"SG90 MICRO SERVO 9G"},"content":{"rendered":"<p>SG90 MICRO SERVO 9G<\/p>\n<h4><strong>\u00bfQu\u00e9 es Servomotor SG90?<\/strong><\/h4>\n<p>Es un peque\u00f1o actuador rotativo o bien motor que permite un control preciso en posici\u00f3n angular, este servomotor puede rotar de 0\u00b0 hasta 180\u00b0, su voltaje de operaci\u00f3n que va desde los 4.8 a 6 VDC. Este servo incluye 3 brazos y 3 tornillos, cuenta con un cable de hasta 25cm.<\/p>\n<h4><strong>\u00bfPara qu\u00e9 sirve Servomotor SG90?<\/strong><\/h4>\n<p>Este tipo de servomotores son utilizado en gran variedad de proyectos de electr\u00f3nica, rob\u00f3tica, carros de control remoto, aeronaves y m\u00e1s. Funcionan con la mayor\u00eda de tarjetas electr\u00f3nicas de control con microcontroladores, como por ejemplo las tarjetas de Arduino, Nodemcu, Esp32, Pic\u00b4s y Raspberry Pi y otras.<\/p>\n<p>&nbsp;<\/p>\n<p>Este tipo de servo es ideal para las primeras experiencias de aprendizaje y pr\u00e1cticas con servos, ya que sus requerimientos de energ\u00eda son bastante bajos y se permite alimentarlo con la misma fuente de alimentaci\u00f3n que el circuito de control. Por ejemplo, si se conecta a una tarjeta Arduino, se puede alimentar durante las pruebas desde el puerto USB del PC sin mayor problema, pero te recomendamos usar una fuente de alimentaci\u00f3n independiente para el servomotor.<\/p>\n<hr \/>\n<h2>SG90 MICRO SERVO 9G<\/h2>\n<h3><strong>ESPECIFICACIONES Y CARACTERISTICAS\u00a0<\/strong><\/h3>\n<ul>\n<li>Modelo: SG90<\/li>\n<li>Color: Azul<\/li>\n<li>Tama\u00f1o: 22.8mm x 12.3mm x 22.5mm<\/li>\n<li>Peso: 13 g<\/li>\n<li>Grados \/ Angulo de Rotaci\u00f3n M\u00e1ximo: 0\u00b0 a 180\u00b0<\/li>\n<li>Engranajes: Nylon<\/li>\n<li>Temperatura de trabajo:-30 a +60 Grados Celsius<\/li>\n<li>7 microsegundos<\/li>\n<li>Voltaje de funcionamiento: 4.8VDC a 6VDC. Recomendado 5VDC<\/li>\n<li>Rojo =Alimentaci\u00f3n (+)<\/li>\n<li>Caf\u00e9 = Alimentaci\u00f3n (\u2013) o tierra<\/li>\n<li>Naranja= Se\u00f1al PWM<\/li>\n<li>Rojo: VCC<\/li>\n<li>L\u00ednea naranja: entrada de pulso<\/li>\n<\/ul>\n<p>Incluye:<\/p>\n<ul>\n<li>1 x Micro Servo SG90 con cable de 25cm<\/li>\n<li>3 x Brazos para Servo<\/li>\n<li>3 x Tornillos<\/li>\n<\/ul>\n<p><strong>*Nota:<\/strong>\u00a0El servomotor incorpora un controlador que s\u00f3lo permite tener una rotaci\u00f3n\u00a0 0\u00b0 hasta 180\u00b0 si se manda el ancho de pulso PWM desde el microcontrolador. Si estas utilizando el probador de servos este estar\u00e1 limitado de 0\u00b0 a 90\u00b0. Este servo no incorpora tope para definir en los engranes mec\u00e1nicamente la rotaci\u00f3n de \u00a00\u00b0 hasta 180\u00b0 por lo que si gira de forma manual el servo tendr\u00e1 una rotaci\u00f3n continua sin tener tope.<\/p>\n<p>\u00a1No te quedes sin el tuyo!<\/p>\n<p>Puede retirar sus pedidos en nuestra <a href=\"https:\/\/www.electronicajnc.com\/web\/contactos\" target=\"_blank\" rel=\"noopener\">TIENDA F\u00cdSICA<\/a> o realizar sus pedidos <a href=\"https:\/\/www.electronicajnc.com\/web\/mi-cuenta\" target=\"_blank\" rel=\"noopener\">ONLINE<\/a> o por <a href=\"https:\/\/api.whatsapp.com\/send?phone=593958753126\" target=\"_blank\" rel=\"noopener\">WHATSAPP<\/a>.<\/p>\n","protected":false},"excerpt":{"rendered":"<p>Es un peque\u00f1o actuador rotativo o bien motor que permite un control preciso en posici\u00f3n angular, este servomotor puede rotar de 0\u00b0 hasta 180\u00b0, su voltaje de operaci\u00f3n que va desde los 4.8 a 6 VDC. Este servo incluye 3 brazos y 3 tornillos, cuenta con un cable de hasta 25cm.<\/p>\n","protected":false},"featured_media":372,"comment_status":"closed","ping_status":"closed","template":"","meta":{"saved_in_kubio":false,"_joinchat":[]},"product_brand":[],"product_cat":[21],"product_tag":[31,88,89,87,90,25],"class_list":{"0":"post-369","1":"product","2":"type-product","3":"status-publish","4":"has-post-thumbnail","6":"product_cat-modulos_sensores","7":"product_tag-robotica","8":"product_tag-servo-motor","9":"product_tag-servo-para-movimiento","10":"product_tag-sg90","11":"product_tag-sg90-micro-servo-9g","12":"product_tag-ultrasonico","14":"first","15":"instock","16":"taxable","17":"shipping-taxable","18":"product-type-simple"},"yoast_head":"<!-- This site is optimized with the Yoast SEO plugin v27.4 - https:\/\/yoast.com\/product\/yoast-seo-wordpress\/ -->\n<title>SG90 MICRO SERVO 9G - Electronica JNC<\/title>\n<meta name=\"description\" content=\"SG90 MICRO SERVO 9G actuadores lineales permiten el control preciso y de posici\u00f3n. Son muy utilizados Rob\u00f3tica, m\u00e1quinas CNC, c\u00e1maras, y dem\u00e1s aplicaciones\" \/>\n<meta name=\"robots\" content=\"index, follow, max-snippet:-1, max-image-preview:large, max-video-preview:-1\" \/>\n<link rel=\"canonical\" href=\"https:\/\/www.electronicajnc.com\/web\/producto\/sg90-micro-servo-9g\/\" \/>\n<meta property=\"og:locale\" content=\"es_ES\" \/>\n<meta property=\"og:type\" content=\"article\" \/>\n<meta property=\"og:title\" content=\"SG90 MICRO SERVO 9G - Electronica JNC\" \/>\n<meta property=\"og:description\" content=\"SG90 MICRO SERVO 9G actuadores lineales permiten el control preciso y de posici\u00f3n. Son muy utilizados Rob\u00f3tica, m\u00e1quinas CNC, c\u00e1maras, y dem\u00e1s aplicaciones\" \/>\n<meta property=\"og:url\" content=\"https:\/\/www.electronicajnc.com\/web\/producto\/sg90-micro-servo-9g\/\" \/>\n<meta property=\"og:site_name\" content=\"Electronica JNC\" \/>\n<meta property=\"article:modified_time\" content=\"2025-01-27T20:08:18+00:00\" \/>\n<meta property=\"og:image\" content=\"https:\/\/www.electronicajnc.com\/web\/wp-content\/uploads\/2023\/03\/SERVO-SG90-4.jpg\" \/>\n\t<meta property=\"og:image:width\" content=\"1300\" \/>\n\t<meta property=\"og:image:height\" content=\"1430\" \/>\n\t<meta property=\"og:image:type\" content=\"image\/jpeg\" \/>\n<meta name=\"twitter:card\" content=\"summary_large_image\" \/>\n<meta name=\"twitter:label1\" content=\"Tiempo de lectura\" \/>\n\t<meta name=\"twitter:data1\" content=\"2 minutos\" \/>\n<script type=\"application\/ld+json\" class=\"yoast-schema-graph\">{\"@context\":\"https:\\\/\\\/schema.org\",\"@graph\":[{\"@type\":\"WebPage\",\"@id\":\"https:\\\/\\\/www.electronicajnc.com\\\/web\\\/producto\\\/sg90-micro-servo-9g\\\/\",\"url\":\"https:\\\/\\\/www.electronicajnc.com\\\/web\\\/producto\\\/sg90-micro-servo-9g\\\/\",\"name\":\"SG90 MICRO SERVO 9G - Electronica JNC\",\"isPartOf\":{\"@id\":\"https:\\\/\\\/www.electronicajnc.com\\\/web\\\/#website\"},\"primaryImageOfPage\":{\"@id\":\"https:\\\/\\\/www.electronicajnc.com\\\/web\\\/producto\\\/sg90-micro-servo-9g\\\/#primaryimage\"},\"image\":{\"@id\":\"https:\\\/\\\/www.electronicajnc.com\\\/web\\\/producto\\\/sg90-micro-servo-9g\\\/#primaryimage\"},\"thumbnailUrl\":\"https:\\\/\\\/www.electronicajnc.com\\\/web\\\/wp-content\\\/uploads\\\/2023\\\/03\\\/SERVO-SG90-4.jpg\",\"datePublished\":\"2023-03-29T22:59:32+00:00\",\"dateModified\":\"2025-01-27T20:08:18+00:00\",\"description\":\"SG90 MICRO SERVO 9G actuadores lineales permiten el control preciso y de posici\u00f3n. Son muy utilizados Rob\u00f3tica, m\u00e1quinas CNC, c\u00e1maras, y dem\u00e1s aplicaciones\",\"breadcrumb\":{\"@id\":\"https:\\\/\\\/www.electronicajnc.com\\\/web\\\/producto\\\/sg90-micro-servo-9g\\\/#breadcrumb\"},\"inLanguage\":\"es\",\"potentialAction\":[{\"@type\":\"ReadAction\",\"target\":[\"https:\\\/\\\/www.electronicajnc.com\\\/web\\\/producto\\\/sg90-micro-servo-9g\\\/\"]}]},{\"@type\":\"ImageObject\",\"inLanguage\":\"es\",\"@id\":\"https:\\\/\\\/www.electronicajnc.com\\\/web\\\/producto\\\/sg90-micro-servo-9g\\\/#primaryimage\",\"url\":\"https:\\\/\\\/www.electronicajnc.com\\\/web\\\/wp-content\\\/uploads\\\/2023\\\/03\\\/SERVO-SG90-4.jpg\",\"contentUrl\":\"https:\\\/\\\/www.electronicajnc.com\\\/web\\\/wp-content\\\/uploads\\\/2023\\\/03\\\/SERVO-SG90-4.jpg\",\"width\":1300,\"height\":1430,\"caption\":\"SG90 MICRO SERVO 9G\"},{\"@type\":\"BreadcrumbList\",\"@id\":\"https:\\\/\\\/www.electronicajnc.com\\\/web\\\/producto\\\/sg90-micro-servo-9g\\\/#breadcrumb\",\"itemListElement\":[{\"@type\":\"ListItem\",\"position\":1,\"name\":\"Portada\",\"item\":\"https:\\\/\\\/www.electronicajnc.com\\\/web\\\/\"},{\"@type\":\"ListItem\",\"position\":2,\"name\":\"TIENDA\",\"item\":\"https:\\\/\\\/www.electronicajnc.com\\\/web\\\/tienda\\\/\"},{\"@type\":\"ListItem\",\"position\":3,\"name\":\"SG90 MICRO SERVO 9G\"}]},{\"@type\":\"WebSite\",\"@id\":\"https:\\\/\\\/www.electronicajnc.com\\\/web\\\/#website\",\"url\":\"https:\\\/\\\/www.electronicajnc.com\\\/web\\\/\",\"name\":\"Electronica JNC\",\"description\":\"Robotica Tecnologia Mecatronica en Ecuador\",\"publisher\":{\"@id\":\"https:\\\/\\\/www.electronicajnc.com\\\/web\\\/#organization\"},\"potentialAction\":[{\"@type\":\"SearchAction\",\"target\":{\"@type\":\"EntryPoint\",\"urlTemplate\":\"https:\\\/\\\/www.electronicajnc.com\\\/web\\\/?s={search_term_string}\"},\"query-input\":{\"@type\":\"PropertyValueSpecification\",\"valueRequired\":true,\"valueName\":\"search_term_string\"}}],\"inLanguage\":\"es\"},{\"@type\":\"Organization\",\"@id\":\"https:\\\/\\\/www.electronicajnc.com\\\/web\\\/#organization\",\"name\":\"Electronica JNC\",\"url\":\"https:\\\/\\\/www.electronicajnc.com\\\/web\\\/\",\"logo\":{\"@type\":\"ImageObject\",\"inLanguage\":\"es\",\"@id\":\"https:\\\/\\\/www.electronicajnc.com\\\/web\\\/#\\\/schema\\\/logo\\\/image\\\/\",\"url\":\"https:\\\/\\\/www.electronicajnc.com\\\/web\\\/wp-content\\\/uploads\\\/2023\\\/06\\\/nuevo-logo.jpg\",\"contentUrl\":\"https:\\\/\\\/www.electronicajnc.com\\\/web\\\/wp-content\\\/uploads\\\/2023\\\/06\\\/nuevo-logo.jpg\",\"width\":1256,\"height\":612,\"caption\":\"Electronica JNC\"},\"image\":{\"@id\":\"https:\\\/\\\/www.electronicajnc.com\\\/web\\\/#\\\/schema\\\/logo\\\/image\\\/\"}}]}<\/script>\n<!-- \/ Yoast SEO plugin. -->","yoast_head_json":{"title":"SG90 MICRO SERVO 9G - Electronica JNC","description":"SG90 MICRO SERVO 9G actuadores lineales permiten el control preciso y de posici\u00f3n. Son muy utilizados Rob\u00f3tica, m\u00e1quinas CNC, c\u00e1maras, y dem\u00e1s aplicaciones","robots":{"index":"index","follow":"follow","max-snippet":"max-snippet:-1","max-image-preview":"max-image-preview:large","max-video-preview":"max-video-preview:-1"},"canonical":"https:\/\/www.electronicajnc.com\/web\/producto\/sg90-micro-servo-9g\/","og_locale":"es_ES","og_type":"article","og_title":"SG90 MICRO SERVO 9G - Electronica JNC","og_description":"SG90 MICRO SERVO 9G actuadores lineales permiten el control preciso y de posici\u00f3n. Son muy utilizados Rob\u00f3tica, m\u00e1quinas CNC, c\u00e1maras, y dem\u00e1s aplicaciones","og_url":"https:\/\/www.electronicajnc.com\/web\/producto\/sg90-micro-servo-9g\/","og_site_name":"Electronica JNC","article_modified_time":"2025-01-27T20:08:18+00:00","og_image":[{"width":1300,"height":1430,"url":"https:\/\/www.electronicajnc.com\/web\/wp-content\/uploads\/2023\/03\/SERVO-SG90-4.jpg","type":"image\/jpeg"}],"twitter_card":"summary_large_image","twitter_misc":{"Tiempo de lectura":"2 minutos"},"schema":{"@context":"https:\/\/schema.org","@graph":[{"@type":"WebPage","@id":"https:\/\/www.electronicajnc.com\/web\/producto\/sg90-micro-servo-9g\/","url":"https:\/\/www.electronicajnc.com\/web\/producto\/sg90-micro-servo-9g\/","name":"SG90 MICRO SERVO 9G - Electronica JNC","isPartOf":{"@id":"https:\/\/www.electronicajnc.com\/web\/#website"},"primaryImageOfPage":{"@id":"https:\/\/www.electronicajnc.com\/web\/producto\/sg90-micro-servo-9g\/#primaryimage"},"image":{"@id":"https:\/\/www.electronicajnc.com\/web\/producto\/sg90-micro-servo-9g\/#primaryimage"},"thumbnailUrl":"https:\/\/www.electronicajnc.com\/web\/wp-content\/uploads\/2023\/03\/SERVO-SG90-4.jpg","datePublished":"2023-03-29T22:59:32+00:00","dateModified":"2025-01-27T20:08:18+00:00","description":"SG90 MICRO SERVO 9G actuadores lineales permiten el control preciso y de posici\u00f3n. Son muy utilizados Rob\u00f3tica, m\u00e1quinas CNC, c\u00e1maras, y dem\u00e1s aplicaciones","breadcrumb":{"@id":"https:\/\/www.electronicajnc.com\/web\/producto\/sg90-micro-servo-9g\/#breadcrumb"},"inLanguage":"es","potentialAction":[{"@type":"ReadAction","target":["https:\/\/www.electronicajnc.com\/web\/producto\/sg90-micro-servo-9g\/"]}]},{"@type":"ImageObject","inLanguage":"es","@id":"https:\/\/www.electronicajnc.com\/web\/producto\/sg90-micro-servo-9g\/#primaryimage","url":"https:\/\/www.electronicajnc.com\/web\/wp-content\/uploads\/2023\/03\/SERVO-SG90-4.jpg","contentUrl":"https:\/\/www.electronicajnc.com\/web\/wp-content\/uploads\/2023\/03\/SERVO-SG90-4.jpg","width":1300,"height":1430,"caption":"SG90 MICRO SERVO 9G"},{"@type":"BreadcrumbList","@id":"https:\/\/www.electronicajnc.com\/web\/producto\/sg90-micro-servo-9g\/#breadcrumb","itemListElement":[{"@type":"ListItem","position":1,"name":"Portada","item":"https:\/\/www.electronicajnc.com\/web\/"},{"@type":"ListItem","position":2,"name":"TIENDA","item":"https:\/\/www.electronicajnc.com\/web\/tienda\/"},{"@type":"ListItem","position":3,"name":"SG90 MICRO SERVO 9G"}]},{"@type":"WebSite","@id":"https:\/\/www.electronicajnc.com\/web\/#website","url":"https:\/\/www.electronicajnc.com\/web\/","name":"Electronica JNC","description":"Robotica Tecnologia Mecatronica en Ecuador","publisher":{"@id":"https:\/\/www.electronicajnc.com\/web\/#organization"},"potentialAction":[{"@type":"SearchAction","target":{"@type":"EntryPoint","urlTemplate":"https:\/\/www.electronicajnc.com\/web\/?s={search_term_string}"},"query-input":{"@type":"PropertyValueSpecification","valueRequired":true,"valueName":"search_term_string"}}],"inLanguage":"es"},{"@type":"Organization","@id":"https:\/\/www.electronicajnc.com\/web\/#organization","name":"Electronica JNC","url":"https:\/\/www.electronicajnc.com\/web\/","logo":{"@type":"ImageObject","inLanguage":"es","@id":"https:\/\/www.electronicajnc.com\/web\/#\/schema\/logo\/image\/","url":"https:\/\/www.electronicajnc.com\/web\/wp-content\/uploads\/2023\/06\/nuevo-logo.jpg","contentUrl":"https:\/\/www.electronicajnc.com\/web\/wp-content\/uploads\/2023\/06\/nuevo-logo.jpg","width":1256,"height":612,"caption":"Electronica JNC"},"image":{"@id":"https:\/\/www.electronicajnc.com\/web\/#\/schema\/logo\/image\/"}}]}},"_links":{"self":[{"href":"https:\/\/www.electronicajnc.com\/web\/wp-json\/wp\/v2\/product\/369","targetHints":{"allow":["GET"]}}],"collection":[{"href":"https:\/\/www.electronicajnc.com\/web\/wp-json\/wp\/v2\/product"}],"about":[{"href":"https:\/\/www.electronicajnc.com\/web\/wp-json\/wp\/v2\/types\/product"}],"replies":[{"embeddable":true,"href":"https:\/\/www.electronicajnc.com\/web\/wp-json\/wp\/v2\/comments?post=369"}],"wp:featuredmedia":[{"embeddable":true,"href":"https:\/\/www.electronicajnc.com\/web\/wp-json\/wp\/v2\/media\/372"}],"wp:attachment":[{"href":"https:\/\/www.electronicajnc.com\/web\/wp-json\/wp\/v2\/media?parent=369"}],"wp:term":[{"taxonomy":"product_brand","embeddable":true,"href":"https:\/\/www.electronicajnc.com\/web\/wp-json\/wp\/v2\/product_brand?post=369"},{"taxonomy":"product_cat","embeddable":true,"href":"https:\/\/www.electronicajnc.com\/web\/wp-json\/wp\/v2\/product_cat?post=369"},{"taxonomy":"product_tag","embeddable":true,"href":"https:\/\/www.electronicajnc.com\/web\/wp-json\/wp\/v2\/product_tag?post=369"}],"curies":[{"name":"wp","href":"https:\/\/api.w.org\/{rel}","templated":true}]}}