{"id":382,"date":"2023-03-30T15:20:31","date_gmt":"2023-03-30T15:20:31","guid":{"rendered":"https:\/\/www.electronicajnc.com\/web\/?post_type=product&#038;p=382"},"modified":"2023-03-30T15:26:04","modified_gmt":"2023-03-30T15:26:04","slug":"cables-dupont-macho-macho","status":"publish","type":"product","link":"https:\/\/www.electronicajnc.com\/web\/producto\/cables-dupont-macho-macho\/","title":{"rendered":"Cables Dupont Macho-Macho"},"content":{"rendered":"<p>Cables Dupont Macho-Macho<\/p>\n<p>KIT 40 CABLES DUPONT MACHO MACHO IDEAL PARA TRABAJAR CON TARJETAS DE DESARROLLO Y MODULOS<\/p>\n<p>Cables Dupont- Jumper para Protoboard M\/M son cables jumper de 20cm de largo terminados como macho a macho. Estos se usan para conectarse desde cualquier placa. M\u00faltiples jumpers se pueden conectar uno al lado del otro en un conector de 2.54mm.<\/p>\n<p>\u00a1Utilizamos estos cables para todo! Ellos trabajan muy bien con paneles de pruebas, Arduino, y realmente cualquier tablero de prototipos. Si usted est\u00e1 comenzando con Arduino, electr\u00f3nica, ideal para proyecto de digitales, los cables jumpers los utilizar\u00e1 en alg\u00fan momento. Son ideales para prototipado r\u00e1pido y es un buen recurso para el cableado y pruebas.<\/p>\n<div class=\"row\">\n<div class=\"col-md-9\">\n<p>Conectar tus m\u00f3dulos a tu Arduino ya no ser\u00e1 un problema con la ayuda de este magn\u00edfico cable dupont. Este modelo macho &#8211; macho es \u00fatil para los casos en que se desea unir\u00a0 m\u00f3dulos c<\/p>\n<\/div>\n<\/div>\n<div class=\"row\">\n<div class=\"col-md-3\">\n<p><strong>Caracter\u00edsticas:<\/strong><\/p>\n<\/div>\n<div class=\"col-md-9\">\n<ul>\n<li>Tipo: Hembra a Hembra.<\/li>\n<li>Espaciado: 2.54mm (0.1 pulgada).<\/li>\n<li>Longitud: 20cm.<\/li>\n<\/ul>\n<p><span style=\"font-size: 2em\">Cables Dupont Macho-Macho<\/span><\/p>\n<p class=\"product_title entry-title\">Conocidos tambi\u00e9n como:<\/p>\n<p class=\"product_title entry-title\">40 Cables Dupont macho- macho 20cm,<\/p>\n<p class=\"product_title entry-title\">KIT DE 40 CABLES DUPONT 20CM DE LONGITUD macho &#8211; macho,<\/p>\n<p class=\"product_title entry-title\">Cables Dupont para Protoboard M\/M,<\/p>\n<p class=\"product_title entry-title\">jumpers cable para proto<\/p>\n<p>\u00a1No te quedes sin el tuyo!<\/p>\n<p>Puede retirar sus pedidos en nuestra\u00a0<a href=\"https:\/\/www.electronicajnc.com\/web\/contactos\" target=\"_blank\" rel=\"noopener\">TIENDA F\u00cdSICA<\/a>\u00a0o realizar sus pedidos\u00a0<a href=\"https:\/\/www.electronicajnc.com\/web\/mi-cuenta\" target=\"_blank\" rel=\"noopener\">ONLINE<\/a>\u00a0o por\u00a0<a href=\"https:\/\/api.whatsapp.com\/send?phone=593958753126\" target=\"_blank\" rel=\"noopener\">WHATSAPP<\/a>.<\/p>\n<\/div>\n<\/div>\n","protected":false},"excerpt":{"rendered":"<p>40 cables conectores planos perfectos para hacer conexiones en la PROTOBOARD y en placas de desarrollo como ARDUINO RASPBERRY<\/p>\n","protected":false},"featured_media":389,"comment_status":"closed","ping_status":"closed","template":"","meta":{"saved_in_kubio":false,"_joinchat":[]},"product_brand":[],"product_cat":[95],"product_tag":[100,97,96,102,99,101,98,103],"class_list":{"0":"post-382","1":"product","2":"type-product","3":"status-publish","4":"has-post-thumbnail","6":"product_cat-cables","7":"product_tag-40-cables-dupont-hembra-hembra","8":"product_tag-40-cables-dupont-hembra-hembra-20cm","9":"product_tag-40-cables-dupont-hembra-hembra-20cm-kit-de-40-cables-dupont-20cm-de-longitud-hembra-hembra-cables-dupont-para-protoboard-m-m-40-cables-dupont-hembra-hembra-jumpers-cable-para-proto","10":"product_tag-40-cables-dupont-macho-macho-20cm","11":"product_tag-cables-dupont-para-protoboard-m-m","12":"product_tag-jumpers-cable-para-proto","13":"product_tag-kit-de-40-cables-dupont-20cm-de-longitud-hembra-hembra","14":"product_tag-kit-de-40-cables-dupont-20cm-de-longitud-macho-macho","16":"first","17":"instock","18":"taxable","19":"shipping-taxable","20":"purchasable","21":"product-type-simple"},"yoast_head":"<!-- This site is optimized with the Yoast SEO plugin v27.4 - https:\/\/yoast.com\/product\/yoast-seo-wordpress\/ -->\n<title>Cables Dupont Macho-Macho - Electronica JNC<\/title>\n<meta name=\"description\" content=\"Cables Dupont Macho-Macho 40 cables conectores planos perfectos para hacer conexiones en la PROTOBOARD y en placas de desarrollo como ARDUINO RASPBERRY\u00a0\" \/>\n<meta name=\"robots\" content=\"index, follow, max-snippet:-1, max-image-preview:large, max-video-preview:-1\" \/>\n<link rel=\"canonical\" href=\"https:\/\/www.electronicajnc.com\/web\/producto\/cables-dupont-macho-macho\/\" \/>\n<meta property=\"og:locale\" content=\"es_ES\" \/>\n<meta property=\"og:type\" content=\"article\" \/>\n<meta property=\"og:title\" content=\"Cables Dupont Macho-Macho - Electronica JNC\" \/>\n<meta property=\"og:description\" content=\"Cables Dupont Macho-Macho 40 cables conectores planos perfectos para hacer conexiones en la PROTOBOARD y en placas de desarrollo como ARDUINO RASPBERRY\u00a0\" \/>\n<meta property=\"og:url\" content=\"https:\/\/www.electronicajnc.com\/web\/producto\/cables-dupont-macho-macho\/\" \/>\n<meta property=\"og:site_name\" content=\"Electronica JNC\" \/>\n<meta property=\"article:modified_time\" content=\"2023-03-30T15:26:04+00:00\" \/>\n<meta property=\"og:image\" content=\"https:\/\/www.electronicajnc.com\/web\/wp-content\/uploads\/2023\/03\/JUMPER-M-M-1-2.jpg\" \/>\n\t<meta property=\"og:image:width\" content=\"1028\" \/>\n\t<meta property=\"og:image:height\" content=\"876\" \/>\n\t<meta property=\"og:image:type\" content=\"image\/jpeg\" \/>\n<meta name=\"twitter:card\" content=\"summary_large_image\" \/>\n<meta name=\"twitter:label1\" content=\"Tiempo de lectura\" \/>\n\t<meta name=\"twitter:data1\" content=\"1 minuto\" \/>\n<script type=\"application\/ld+json\" class=\"yoast-schema-graph\">{\"@context\":\"https:\\\/\\\/schema.org\",\"@graph\":[{\"@type\":\"WebPage\",\"@id\":\"https:\\\/\\\/www.electronicajnc.com\\\/web\\\/producto\\\/cables-dupont-macho-macho\\\/\",\"url\":\"https:\\\/\\\/www.electronicajnc.com\\\/web\\\/producto\\\/cables-dupont-macho-macho\\\/\",\"name\":\"Cables Dupont Macho-Macho - Electronica JNC\",\"isPartOf\":{\"@id\":\"https:\\\/\\\/www.electronicajnc.com\\\/web\\\/#website\"},\"primaryImageOfPage\":{\"@id\":\"https:\\\/\\\/www.electronicajnc.com\\\/web\\\/producto\\\/cables-dupont-macho-macho\\\/#primaryimage\"},\"image\":{\"@id\":\"https:\\\/\\\/www.electronicajnc.com\\\/web\\\/producto\\\/cables-dupont-macho-macho\\\/#primaryimage\"},\"thumbnailUrl\":\"https:\\\/\\\/www.electronicajnc.com\\\/web\\\/wp-content\\\/uploads\\\/2023\\\/03\\\/JUMPER-M-M-1-2.jpg\",\"datePublished\":\"2023-03-30T15:20:31+00:00\",\"dateModified\":\"2023-03-30T15:26:04+00:00\",\"description\":\"Cables Dupont Macho-Macho 40 cables conectores planos perfectos para hacer conexiones en la PROTOBOARD y en placas de desarrollo como ARDUINO RASPBERRY\u00a0\",\"breadcrumb\":{\"@id\":\"https:\\\/\\\/www.electronicajnc.com\\\/web\\\/producto\\\/cables-dupont-macho-macho\\\/#breadcrumb\"},\"inLanguage\":\"es\",\"potentialAction\":[{\"@type\":\"ReadAction\",\"target\":[\"https:\\\/\\\/www.electronicajnc.com\\\/web\\\/producto\\\/cables-dupont-macho-macho\\\/\"]}]},{\"@type\":\"ImageObject\",\"inLanguage\":\"es\",\"@id\":\"https:\\\/\\\/www.electronicajnc.com\\\/web\\\/producto\\\/cables-dupont-macho-macho\\\/#primaryimage\",\"url\":\"https:\\\/\\\/www.electronicajnc.com\\\/web\\\/wp-content\\\/uploads\\\/2023\\\/03\\\/JUMPER-M-M-1-2.jpg\",\"contentUrl\":\"https:\\\/\\\/www.electronicajnc.com\\\/web\\\/wp-content\\\/uploads\\\/2023\\\/03\\\/JUMPER-M-M-1-2.jpg\",\"width\":1028,\"height\":876,\"caption\":\"KIT DE 40 CABLES DUPONT 20CM MACHO - MACHO\"},{\"@type\":\"BreadcrumbList\",\"@id\":\"https:\\\/\\\/www.electronicajnc.com\\\/web\\\/producto\\\/cables-dupont-macho-macho\\\/#breadcrumb\",\"itemListElement\":[{\"@type\":\"ListItem\",\"position\":1,\"name\":\"Portada\",\"item\":\"https:\\\/\\\/www.electronicajnc.com\\\/web\\\/\"},{\"@type\":\"ListItem\",\"position\":2,\"name\":\"TIENDA\",\"item\":\"https:\\\/\\\/www.electronicajnc.com\\\/web\\\/tienda\\\/\"},{\"@type\":\"ListItem\",\"position\":3,\"name\":\"Cables Dupont Macho-Macho\"}]},{\"@type\":\"WebSite\",\"@id\":\"https:\\\/\\\/www.electronicajnc.com\\\/web\\\/#website\",\"url\":\"https:\\\/\\\/www.electronicajnc.com\\\/web\\\/\",\"name\":\"Electronica JNC\",\"description\":\"Robotica Tecnologia Mecatronica en Ecuador\",\"publisher\":{\"@id\":\"https:\\\/\\\/www.electronicajnc.com\\\/web\\\/#organization\"},\"potentialAction\":[{\"@type\":\"SearchAction\",\"target\":{\"@type\":\"EntryPoint\",\"urlTemplate\":\"https:\\\/\\\/www.electronicajnc.com\\\/web\\\/?s={search_term_string}\"},\"query-input\":{\"@type\":\"PropertyValueSpecification\",\"valueRequired\":true,\"valueName\":\"search_term_string\"}}],\"inLanguage\":\"es\"},{\"@type\":\"Organization\",\"@id\":\"https:\\\/\\\/www.electronicajnc.com\\\/web\\\/#organization\",\"name\":\"Electronica JNC\",\"url\":\"https:\\\/\\\/www.electronicajnc.com\\\/web\\\/\",\"logo\":{\"@type\":\"ImageObject\",\"inLanguage\":\"es\",\"@id\":\"https:\\\/\\\/www.electronicajnc.com\\\/web\\\/#\\\/schema\\\/logo\\\/image\\\/\",\"url\":\"https:\\\/\\\/www.electronicajnc.com\\\/web\\\/wp-content\\\/uploads\\\/2023\\\/06\\\/nuevo-logo.jpg\",\"contentUrl\":\"https:\\\/\\\/www.electronicajnc.com\\\/web\\\/wp-content\\\/uploads\\\/2023\\\/06\\\/nuevo-logo.jpg\",\"width\":1256,\"height\":612,\"caption\":\"Electronica JNC\"},\"image\":{\"@id\":\"https:\\\/\\\/www.electronicajnc.com\\\/web\\\/#\\\/schema\\\/logo\\\/image\\\/\"}}]}<\/script>\n<!-- \/ Yoast SEO plugin. -->","yoast_head_json":{"title":"Cables Dupont Macho-Macho - Electronica JNC","description":"Cables Dupont Macho-Macho 40 cables conectores planos perfectos para hacer conexiones en la PROTOBOARD y en placas de desarrollo como ARDUINO RASPBERRY\u00a0","robots":{"index":"index","follow":"follow","max-snippet":"max-snippet:-1","max-image-preview":"max-image-preview:large","max-video-preview":"max-video-preview:-1"},"canonical":"https:\/\/www.electronicajnc.com\/web\/producto\/cables-dupont-macho-macho\/","og_locale":"es_ES","og_type":"article","og_title":"Cables Dupont Macho-Macho - Electronica JNC","og_description":"Cables Dupont Macho-Macho 40 cables conectores planos perfectos para hacer conexiones en la PROTOBOARD y en placas de desarrollo como ARDUINO RASPBERRY\u00a0","og_url":"https:\/\/www.electronicajnc.com\/web\/producto\/cables-dupont-macho-macho\/","og_site_name":"Electronica JNC","article_modified_time":"2023-03-30T15:26:04+00:00","og_image":[{"width":1028,"height":876,"url":"https:\/\/www.electronicajnc.com\/web\/wp-content\/uploads\/2023\/03\/JUMPER-M-M-1-2.jpg","type":"image\/jpeg"}],"twitter_card":"summary_large_image","twitter_misc":{"Tiempo de lectura":"1 minuto"},"schema":{"@context":"https:\/\/schema.org","@graph":[{"@type":"WebPage","@id":"https:\/\/www.electronicajnc.com\/web\/producto\/cables-dupont-macho-macho\/","url":"https:\/\/www.electronicajnc.com\/web\/producto\/cables-dupont-macho-macho\/","name":"Cables Dupont Macho-Macho - Electronica JNC","isPartOf":{"@id":"https:\/\/www.electronicajnc.com\/web\/#website"},"primaryImageOfPage":{"@id":"https:\/\/www.electronicajnc.com\/web\/producto\/cables-dupont-macho-macho\/#primaryimage"},"image":{"@id":"https:\/\/www.electronicajnc.com\/web\/producto\/cables-dupont-macho-macho\/#primaryimage"},"thumbnailUrl":"https:\/\/www.electronicajnc.com\/web\/wp-content\/uploads\/2023\/03\/JUMPER-M-M-1-2.jpg","datePublished":"2023-03-30T15:20:31+00:00","dateModified":"2023-03-30T15:26:04+00:00","description":"Cables Dupont Macho-Macho 40 cables conectores planos perfectos para hacer conexiones en la PROTOBOARD y en placas de desarrollo como ARDUINO RASPBERRY\u00a0","breadcrumb":{"@id":"https:\/\/www.electronicajnc.com\/web\/producto\/cables-dupont-macho-macho\/#breadcrumb"},"inLanguage":"es","potentialAction":[{"@type":"ReadAction","target":["https:\/\/www.electronicajnc.com\/web\/producto\/cables-dupont-macho-macho\/"]}]},{"@type":"ImageObject","inLanguage":"es","@id":"https:\/\/www.electronicajnc.com\/web\/producto\/cables-dupont-macho-macho\/#primaryimage","url":"https:\/\/www.electronicajnc.com\/web\/wp-content\/uploads\/2023\/03\/JUMPER-M-M-1-2.jpg","contentUrl":"https:\/\/www.electronicajnc.com\/web\/wp-content\/uploads\/2023\/03\/JUMPER-M-M-1-2.jpg","width":1028,"height":876,"caption":"KIT DE 40 CABLES DUPONT 20CM MACHO - MACHO"},{"@type":"BreadcrumbList","@id":"https:\/\/www.electronicajnc.com\/web\/producto\/cables-dupont-macho-macho\/#breadcrumb","itemListElement":[{"@type":"ListItem","position":1,"name":"Portada","item":"https:\/\/www.electronicajnc.com\/web\/"},{"@type":"ListItem","position":2,"name":"TIENDA","item":"https:\/\/www.electronicajnc.com\/web\/tienda\/"},{"@type":"ListItem","position":3,"name":"Cables Dupont Macho-Macho"}]},{"@type":"WebSite","@id":"https:\/\/www.electronicajnc.com\/web\/#website","url":"https:\/\/www.electronicajnc.com\/web\/","name":"Electronica JNC","description":"Robotica Tecnologia Mecatronica en Ecuador","publisher":{"@id":"https:\/\/www.electronicajnc.com\/web\/#organization"},"potentialAction":[{"@type":"SearchAction","target":{"@type":"EntryPoint","urlTemplate":"https:\/\/www.electronicajnc.com\/web\/?s={search_term_string}"},"query-input":{"@type":"PropertyValueSpecification","valueRequired":true,"valueName":"search_term_string"}}],"inLanguage":"es"},{"@type":"Organization","@id":"https:\/\/www.electronicajnc.com\/web\/#organization","name":"Electronica JNC","url":"https:\/\/www.electronicajnc.com\/web\/","logo":{"@type":"ImageObject","inLanguage":"es","@id":"https:\/\/www.electronicajnc.com\/web\/#\/schema\/logo\/image\/","url":"https:\/\/www.electronicajnc.com\/web\/wp-content\/uploads\/2023\/06\/nuevo-logo.jpg","contentUrl":"https:\/\/www.electronicajnc.com\/web\/wp-content\/uploads\/2023\/06\/nuevo-logo.jpg","width":1256,"height":612,"caption":"Electronica JNC"},"image":{"@id":"https:\/\/www.electronicajnc.com\/web\/#\/schema\/logo\/image\/"}}]}},"_links":{"self":[{"href":"https:\/\/www.electronicajnc.com\/web\/wp-json\/wp\/v2\/product\/382","targetHints":{"allow":["GET"]}}],"collection":[{"href":"https:\/\/www.electronicajnc.com\/web\/wp-json\/wp\/v2\/product"}],"about":[{"href":"https:\/\/www.electronicajnc.com\/web\/wp-json\/wp\/v2\/types\/product"}],"replies":[{"embeddable":true,"href":"https:\/\/www.electronicajnc.com\/web\/wp-json\/wp\/v2\/comments?post=382"}],"wp:featuredmedia":[{"embeddable":true,"href":"https:\/\/www.electronicajnc.com\/web\/wp-json\/wp\/v2\/media\/389"}],"wp:attachment":[{"href":"https:\/\/www.electronicajnc.com\/web\/wp-json\/wp\/v2\/media?parent=382"}],"wp:term":[{"taxonomy":"product_brand","embeddable":true,"href":"https:\/\/www.electronicajnc.com\/web\/wp-json\/wp\/v2\/product_brand?post=382"},{"taxonomy":"product_cat","embeddable":true,"href":"https:\/\/www.electronicajnc.com\/web\/wp-json\/wp\/v2\/product_cat?post=382"},{"taxonomy":"product_tag","embeddable":true,"href":"https:\/\/www.electronicajnc.com\/web\/wp-json\/wp\/v2\/product_tag?post=382"}],"curies":[{"name":"wp","href":"https:\/\/api.w.org\/{rel}","templated":true}]}}