{"id":444,"date":"2023-03-31T21:17:51","date_gmt":"2023-03-31T21:17:51","guid":{"rendered":"https:\/\/www.electronicajnc.com\/web\/?post_type=product&#038;p=444"},"modified":"2025-05-07T16:21:58","modified_gmt":"2025-05-07T16:21:58","slug":"protoboard-3220-puntos-4regletas","status":"publish","type":"product","link":"https:\/\/www.electronicajnc.com\/web\/producto\/protoboard-3220-puntos-4regletas\/","title":{"rendered":"PROTOBOARD 3220 PUNTOS 4REGLETAS"},"content":{"rendered":"<p>PROTOBOARD 3220 PUNTOS 4REGLETAS<\/p>\n<p id=\"title\" class=\"a-size-large a-spacing-none\"><span id=\"productTitle\" class=\"a-size-large product-title-word-break\">Sin Soldadura Prueba de Circuito Protoboard 3220 Punto de pl\u00e1stico para circuitos electr\u00f3nicos Componentes electr\u00f3nicos<\/span><\/p>\n<h1 class=\"product_title entry-title\">PROTOBOARD 3220 PUNTOS 4 REGLETAS 4T7D BB-4T7D<\/h1>\n<ul class=\"a-unordered-list a-vertical a-spacing-mini\">\n<li><span class=\"a-list-item\">Protoboard de alta calidad dise\u00f1ado para pruebas sin soldadura de circuitos electr\u00f3nicos.<\/span><\/li>\n<li><span class=\"a-list-item\">Cree r\u00e1pidamente un prototipo de circuito electr\u00f3nico que se pueda modificar o modificar f\u00e1cilmente.<\/span><\/li>\n<li><span class=\"a-list-item\">Material pl\u00e1stico y met\u00e1lico, reutilizable, reciclado ambiental.<\/span><\/li>\n<li><span class=\"a-list-item\">No requiere soldadura, lo que ahorra tiempo de montaje del circuito.<\/span><\/li>\n<li><span class=\"a-list-item\">Perfecto para montaje, depuraci\u00f3n y formaci\u00f3n de circuitos electr\u00f3nicos.<\/span><\/li>\n<\/ul>\n<h2>PROTOBOARD 3220 PUNTOS 4REGLETAS<\/h2>\n<p>Caracter\u00edsticas:<br \/>\nDe alta calidad dise\u00f1ado para pruebas sin soldadura de circuitos electr\u00f3nicos.<br \/>\nCree r\u00e1pidamente un prototipo de circuito electr\u00f3nico que se pueda modificar o modificar f\u00e1cilmente.<br \/>\nMaterial pl\u00e1stico y met\u00e1lico, reutilizable, reciclado ambiental.<br \/>\nNo requiere soldadura, lo que ahorra tiempo de montaje del circuito.<br \/>\nPerfecto para montaje, depuraci\u00f3n y formaci\u00f3n de circuitos electr\u00f3nicos.<\/p>\n<p>Especificaci\u00f3n:<br \/>\nEstado: 100 % nuevo<br \/>\nModelo: ZY-208<br \/>\nMaterial: ABS<br \/>\nZonas terminales 2-Ne: 3220 puntos de uni\u00f3n<br \/>\n4 tiras de distribuci\u00f3n: 700 puntos de uni\u00f3n<br \/>\nTama\u00f1o: 240 * 210 * 11 mm \/ 9,4 * 8,3 * 0,4 pulgadas<\/p>\n<p>Lista de paquetes:<br \/>\n1 placa de pruebas<\/p>\n<div class=\"x11i5rnm xat24cr x1mh8g0r x1vvkbs xtlvy1s x126k92a\">\n<div dir=\"auto\"><a class=\"x1i10hfl xjbqb8w x6umtig x1b1mbwd xaqea5y xav7gou x9f619 x1ypdohk xt0psk2 xe8uvvx xdj266r x11i5rnm xat24cr x1mh8g0r xexx8yu x4uap5 x18d9i69 xkhd6sd x16tdsg8 x1hl2dhg xggy1nq x1a2a7pz xt0b8zv x1qq9wsj xo1l8bm\" role=\"link\" href=\"https:\/\/www.facebook.com\/electronica.jnc?__cft__[0]=AZUZfBwO0gTImNXyBLemoAdXCeMw6yegyV1Llbld01ZuqlJmGMXyr0JVpy6bIcez3HfKNWOzdJoxkT8hRDb8cuIpWNW1ieSsTN2-fQT7bVyeuIqmfyQWEN22lxJ6DafIkKASTVwAumXmx3MRRkAVr_DGONSgXe6D8--fb1sEG-y7mw&amp;__tn__=-]K-R\"><span class=\"xt0psk2\">Electronica Jnc<\/span><\/a>TU MEJOR ALIADO<\/div>\n<div dir=\"auto\">COTIZA CON NOSOTROS<\/div>\n<\/div>\n<div class=\"x11i5rnm xat24cr x1mh8g0r x1vvkbs xtlvy1s x126k92a\">\n<div dir=\"auto\"><\/div>\n<div dir=\"auto\">Electronica Jnc<\/div>\n<div dir=\"auto\">SERVICIO, EXPERIENCIA, CALIDAD Y CONFIANZA<\/div>\n<\/div>\n<div class=\"x11i5rnm xat24cr x1mh8g0r x1vvkbs xtlvy1s x126k92a\">\n<div dir=\"auto\">\u00abTodo lo que buscas en un solo lugar\u00bb<\/div>\n<div dir=\"auto\"><\/div>\n<div dir=\"auto\">Para mayor informaci\u00f3n:<\/div>\n<div dir=\"auto\">whatsapp:<\/div>\n<div dir=\"auto\">haga clic en el enlace:<\/div>\n<div dir=\"auto\"><a class=\"x1i10hfl xjbqb8w x6umtig x1b1mbwd xaqea5y xav7gou x9f619 x1ypdohk xt0psk2 xe8uvvx xdj266r x11i5rnm xat24cr x1mh8g0r xexx8yu x4uap5 x18d9i69 xkhd6sd x16tdsg8 x1hl2dhg xggy1nq x1a2a7pz xt0b8zv x1fey0fg\" role=\"link\" href=\"https:\/\/wa.me\/593958753126?fbclid=IwAR03oJhNCwgUeEOYkOYjyLNW0NDJo8x682NMrkRi_91sgvvlD8ednZe1e-c\" target=\"_blank\" rel=\"nofollow noopener\">https:\/\/wa.me\/593958753126<\/a><\/div>\n<\/div>\n<div class=\"ui-box-body\">\n<div><\/div>\n<div>\u00a1No te quedes sin el tuyo!<\/div>\n<div><\/div>\n<\/div>\n<div>\n<p>Puede retirar sus pedidos en nuestra\u00a0<a href=\"https:\/\/www.electronicajnc.com\/web\/contactos\" target=\"_blank\" rel=\"noopener\">TIENDA F\u00cdSICA<\/a>\u00a0o realizar sus pedidos\u00a0<a href=\"https:\/\/www.electronicajnc.com\/web\/mi-cuenta\" target=\"_blank\" rel=\"noopener\">ONLINE<\/a>\u00a0o por\u00a0<a href=\"https:\/\/api.whatsapp.com\/send?phone=593958753126\" target=\"_blank\" rel=\"noopener\">WHATSAPP<\/a>.<\/p>\n<\/div>\n","protected":false},"excerpt":{"rendered":"<p class=\"product_title entry-title\">PROTOBOARD 3220 PUNTOS 4 REGLETAS 4T7D BB-4T7D Tablilla de conexi\u00f3n (Protoboard), con 4 bloques, 4 tiras, sin bornes, 3220 perforaciones y base de metal,\u00a0ideal para armar prototipos de circuitos electr\u00f3nicos.<\/p>\n","protected":false},"featured_media":445,"comment_status":"closed","ping_status":"closed","template":"","meta":{"saved_in_kubio":false,"_joinchat":[]},"product_brand":[],"product_cat":[15],"product_tag":[46,148,37,152,153,154,155,156,149,150,151,31],"class_list":{"0":"post-444","1":"product","2":"type-product","3":"status-publish","4":"has-post-thumbnail","6":"product_cat-sin-categorizar","7":"product_tag-electronica","8":"product_tag-placa","9":"product_tag-protoboard","10":"product_tag-protoboard-3-terminales-1890-puntos","11":"product_tag-protoboard-3-terminales-1890-puntos-5-distribuidores","12":"product_tag-protoboard-para-proyectos-3-terminales-1890-puntos","13":"product_tag-protoboard-para-proyectos-3-terminales-1890-puntos-5-distribuidores","14":"product_tag-protoboard-proyectos-3-terminales-1890-puntos-5-distribuidores","15":"product_tag-protoboards","16":"product_tag-prueba","17":"product_tag-robootica","18":"product_tag-robotica","20":"first","21":"instock","22":"taxable","23":"shipping-taxable","24":"product-type-simple"},"yoast_head":"<!-- This site is optimized with the Yoast SEO plugin v27.4 - https:\/\/yoast.com\/product\/yoast-seo-wordpress\/ -->\n<title>PROTOBOARD 3220 PUNTOS 4REGLETAS - Electronica JNC<\/title>\n<meta name=\"description\" content=\"PROTOBOARD 3220 PUNTOS 4REGLETAS, 4 tiras, sin bornes, 3220 perforaciones y base de metal, ideal para armar prototipos de circuitos electr\u00f3nicos.\" \/>\n<meta name=\"robots\" content=\"index, follow, max-snippet:-1, max-image-preview:large, max-video-preview:-1\" \/>\n<link rel=\"canonical\" href=\"https:\/\/www.electronicajnc.com\/web\/producto\/protoboard-3220-puntos-4regletas\/\" \/>\n<meta property=\"og:locale\" content=\"es_ES\" \/>\n<meta property=\"og:type\" content=\"article\" \/>\n<meta property=\"og:title\" content=\"PROTOBOARD 3220 PUNTOS 4REGLETAS - Electronica JNC\" \/>\n<meta property=\"og:description\" content=\"PROTOBOARD 3220 PUNTOS 4REGLETAS, 4 tiras, sin bornes, 3220 perforaciones y base de metal, ideal para armar prototipos de circuitos electr\u00f3nicos.\" \/>\n<meta property=\"og:url\" content=\"https:\/\/www.electronicajnc.com\/web\/producto\/protoboard-3220-puntos-4regletas\/\" \/>\n<meta property=\"og:site_name\" content=\"Electronica JNC\" \/>\n<meta property=\"article:modified_time\" content=\"2025-05-07T16:21:58+00:00\" \/>\n<meta property=\"og:image\" content=\"https:\/\/www.electronicajnc.com\/web\/wp-content\/uploads\/2023\/03\/PROTO-DE-4T.jpg\" \/>\n\t<meta property=\"og:image:width\" content=\"893\" \/>\n\t<meta property=\"og:image:height\" content=\"851\" \/>\n\t<meta property=\"og:image:type\" content=\"image\/jpeg\" \/>\n<meta name=\"twitter:card\" content=\"summary_large_image\" \/>\n<meta name=\"twitter:label1\" content=\"Tiempo de lectura\" \/>\n\t<meta name=\"twitter:data1\" content=\"2 minutos\" \/>\n<script type=\"application\/ld+json\" class=\"yoast-schema-graph\">{\"@context\":\"https:\\\/\\\/schema.org\",\"@graph\":[{\"@type\":\"WebPage\",\"@id\":\"https:\\\/\\\/www.electronicajnc.com\\\/web\\\/producto\\\/protoboard-3220-puntos-4regletas\\\/\",\"url\":\"https:\\\/\\\/www.electronicajnc.com\\\/web\\\/producto\\\/protoboard-3220-puntos-4regletas\\\/\",\"name\":\"PROTOBOARD 3220 PUNTOS 4REGLETAS - Electronica JNC\",\"isPartOf\":{\"@id\":\"https:\\\/\\\/www.electronicajnc.com\\\/web\\\/#website\"},\"primaryImageOfPage\":{\"@id\":\"https:\\\/\\\/www.electronicajnc.com\\\/web\\\/producto\\\/protoboard-3220-puntos-4regletas\\\/#primaryimage\"},\"image\":{\"@id\":\"https:\\\/\\\/www.electronicajnc.com\\\/web\\\/producto\\\/protoboard-3220-puntos-4regletas\\\/#primaryimage\"},\"thumbnailUrl\":\"https:\\\/\\\/www.electronicajnc.com\\\/web\\\/wp-content\\\/uploads\\\/2023\\\/03\\\/PROTO-DE-4T.jpg\",\"datePublished\":\"2023-03-31T21:17:51+00:00\",\"dateModified\":\"2025-05-07T16:21:58+00:00\",\"description\":\"PROTOBOARD 3220 PUNTOS 4REGLETAS, 4 tiras, sin bornes, 3220 perforaciones y base de metal, ideal para armar prototipos de circuitos electr\u00f3nicos.\",\"breadcrumb\":{\"@id\":\"https:\\\/\\\/www.electronicajnc.com\\\/web\\\/producto\\\/protoboard-3220-puntos-4regletas\\\/#breadcrumb\"},\"inLanguage\":\"es\",\"potentialAction\":[{\"@type\":\"ReadAction\",\"target\":[\"https:\\\/\\\/www.electronicajnc.com\\\/web\\\/producto\\\/protoboard-3220-puntos-4regletas\\\/\"]}]},{\"@type\":\"ImageObject\",\"inLanguage\":\"es\",\"@id\":\"https:\\\/\\\/www.electronicajnc.com\\\/web\\\/producto\\\/protoboard-3220-puntos-4regletas\\\/#primaryimage\",\"url\":\"https:\\\/\\\/www.electronicajnc.com\\\/web\\\/wp-content\\\/uploads\\\/2023\\\/03\\\/PROTO-DE-4T.jpg\",\"contentUrl\":\"https:\\\/\\\/www.electronicajnc.com\\\/web\\\/wp-content\\\/uploads\\\/2023\\\/03\\\/PROTO-DE-4T.jpg\",\"width\":893,\"height\":851,\"caption\":\"PROTOBOARD 3220 PUNTOS 4 REGLETAS 4T7D BB-4T7D\"},{\"@type\":\"BreadcrumbList\",\"@id\":\"https:\\\/\\\/www.electronicajnc.com\\\/web\\\/producto\\\/protoboard-3220-puntos-4regletas\\\/#breadcrumb\",\"itemListElement\":[{\"@type\":\"ListItem\",\"position\":1,\"name\":\"Portada\",\"item\":\"https:\\\/\\\/www.electronicajnc.com\\\/web\\\/\"},{\"@type\":\"ListItem\",\"position\":2,\"name\":\"TIENDA\",\"item\":\"https:\\\/\\\/www.electronicajnc.com\\\/web\\\/tienda\\\/\"},{\"@type\":\"ListItem\",\"position\":3,\"name\":\"PROTOBOARD 3220 PUNTOS 4REGLETAS\"}]},{\"@type\":\"WebSite\",\"@id\":\"https:\\\/\\\/www.electronicajnc.com\\\/web\\\/#website\",\"url\":\"https:\\\/\\\/www.electronicajnc.com\\\/web\\\/\",\"name\":\"Electronica JNC\",\"description\":\"Robotica Tecnologia Mecatronica en Ecuador\",\"publisher\":{\"@id\":\"https:\\\/\\\/www.electronicajnc.com\\\/web\\\/#organization\"},\"potentialAction\":[{\"@type\":\"SearchAction\",\"target\":{\"@type\":\"EntryPoint\",\"urlTemplate\":\"https:\\\/\\\/www.electronicajnc.com\\\/web\\\/?s={search_term_string}\"},\"query-input\":{\"@type\":\"PropertyValueSpecification\",\"valueRequired\":true,\"valueName\":\"search_term_string\"}}],\"inLanguage\":\"es\"},{\"@type\":\"Organization\",\"@id\":\"https:\\\/\\\/www.electronicajnc.com\\\/web\\\/#organization\",\"name\":\"Electronica JNC\",\"url\":\"https:\\\/\\\/www.electronicajnc.com\\\/web\\\/\",\"logo\":{\"@type\":\"ImageObject\",\"inLanguage\":\"es\",\"@id\":\"https:\\\/\\\/www.electronicajnc.com\\\/web\\\/#\\\/schema\\\/logo\\\/image\\\/\",\"url\":\"https:\\\/\\\/www.electronicajnc.com\\\/web\\\/wp-content\\\/uploads\\\/2023\\\/06\\\/nuevo-logo.jpg\",\"contentUrl\":\"https:\\\/\\\/www.electronicajnc.com\\\/web\\\/wp-content\\\/uploads\\\/2023\\\/06\\\/nuevo-logo.jpg\",\"width\":1256,\"height\":612,\"caption\":\"Electronica JNC\"},\"image\":{\"@id\":\"https:\\\/\\\/www.electronicajnc.com\\\/web\\\/#\\\/schema\\\/logo\\\/image\\\/\"}}]}<\/script>\n<!-- \/ Yoast SEO plugin. -->","yoast_head_json":{"title":"PROTOBOARD 3220 PUNTOS 4REGLETAS - Electronica JNC","description":"PROTOBOARD 3220 PUNTOS 4REGLETAS, 4 tiras, sin bornes, 3220 perforaciones y base de metal, ideal para armar prototipos de circuitos electr\u00f3nicos.","robots":{"index":"index","follow":"follow","max-snippet":"max-snippet:-1","max-image-preview":"max-image-preview:large","max-video-preview":"max-video-preview:-1"},"canonical":"https:\/\/www.electronicajnc.com\/web\/producto\/protoboard-3220-puntos-4regletas\/","og_locale":"es_ES","og_type":"article","og_title":"PROTOBOARD 3220 PUNTOS 4REGLETAS - Electronica JNC","og_description":"PROTOBOARD 3220 PUNTOS 4REGLETAS, 4 tiras, sin bornes, 3220 perforaciones y base de metal, ideal para armar prototipos de circuitos electr\u00f3nicos.","og_url":"https:\/\/www.electronicajnc.com\/web\/producto\/protoboard-3220-puntos-4regletas\/","og_site_name":"Electronica JNC","article_modified_time":"2025-05-07T16:21:58+00:00","og_image":[{"width":893,"height":851,"url":"https:\/\/www.electronicajnc.com\/web\/wp-content\/uploads\/2023\/03\/PROTO-DE-4T.jpg","type":"image\/jpeg"}],"twitter_card":"summary_large_image","twitter_misc":{"Tiempo de lectura":"2 minutos"},"schema":{"@context":"https:\/\/schema.org","@graph":[{"@type":"WebPage","@id":"https:\/\/www.electronicajnc.com\/web\/producto\/protoboard-3220-puntos-4regletas\/","url":"https:\/\/www.electronicajnc.com\/web\/producto\/protoboard-3220-puntos-4regletas\/","name":"PROTOBOARD 3220 PUNTOS 4REGLETAS - Electronica JNC","isPartOf":{"@id":"https:\/\/www.electronicajnc.com\/web\/#website"},"primaryImageOfPage":{"@id":"https:\/\/www.electronicajnc.com\/web\/producto\/protoboard-3220-puntos-4regletas\/#primaryimage"},"image":{"@id":"https:\/\/www.electronicajnc.com\/web\/producto\/protoboard-3220-puntos-4regletas\/#primaryimage"},"thumbnailUrl":"https:\/\/www.electronicajnc.com\/web\/wp-content\/uploads\/2023\/03\/PROTO-DE-4T.jpg","datePublished":"2023-03-31T21:17:51+00:00","dateModified":"2025-05-07T16:21:58+00:00","description":"PROTOBOARD 3220 PUNTOS 4REGLETAS, 4 tiras, sin bornes, 3220 perforaciones y base de metal, ideal para armar prototipos de circuitos electr\u00f3nicos.","breadcrumb":{"@id":"https:\/\/www.electronicajnc.com\/web\/producto\/protoboard-3220-puntos-4regletas\/#breadcrumb"},"inLanguage":"es","potentialAction":[{"@type":"ReadAction","target":["https:\/\/www.electronicajnc.com\/web\/producto\/protoboard-3220-puntos-4regletas\/"]}]},{"@type":"ImageObject","inLanguage":"es","@id":"https:\/\/www.electronicajnc.com\/web\/producto\/protoboard-3220-puntos-4regletas\/#primaryimage","url":"https:\/\/www.electronicajnc.com\/web\/wp-content\/uploads\/2023\/03\/PROTO-DE-4T.jpg","contentUrl":"https:\/\/www.electronicajnc.com\/web\/wp-content\/uploads\/2023\/03\/PROTO-DE-4T.jpg","width":893,"height":851,"caption":"PROTOBOARD 3220 PUNTOS 4 REGLETAS 4T7D BB-4T7D"},{"@type":"BreadcrumbList","@id":"https:\/\/www.electronicajnc.com\/web\/producto\/protoboard-3220-puntos-4regletas\/#breadcrumb","itemListElement":[{"@type":"ListItem","position":1,"name":"Portada","item":"https:\/\/www.electronicajnc.com\/web\/"},{"@type":"ListItem","position":2,"name":"TIENDA","item":"https:\/\/www.electronicajnc.com\/web\/tienda\/"},{"@type":"ListItem","position":3,"name":"PROTOBOARD 3220 PUNTOS 4REGLETAS"}]},{"@type":"WebSite","@id":"https:\/\/www.electronicajnc.com\/web\/#website","url":"https:\/\/www.electronicajnc.com\/web\/","name":"Electronica JNC","description":"Robotica Tecnologia Mecatronica en Ecuador","publisher":{"@id":"https:\/\/www.electronicajnc.com\/web\/#organization"},"potentialAction":[{"@type":"SearchAction","target":{"@type":"EntryPoint","urlTemplate":"https:\/\/www.electronicajnc.com\/web\/?s={search_term_string}"},"query-input":{"@type":"PropertyValueSpecification","valueRequired":true,"valueName":"search_term_string"}}],"inLanguage":"es"},{"@type":"Organization","@id":"https:\/\/www.electronicajnc.com\/web\/#organization","name":"Electronica JNC","url":"https:\/\/www.electronicajnc.com\/web\/","logo":{"@type":"ImageObject","inLanguage":"es","@id":"https:\/\/www.electronicajnc.com\/web\/#\/schema\/logo\/image\/","url":"https:\/\/www.electronicajnc.com\/web\/wp-content\/uploads\/2023\/06\/nuevo-logo.jpg","contentUrl":"https:\/\/www.electronicajnc.com\/web\/wp-content\/uploads\/2023\/06\/nuevo-logo.jpg","width":1256,"height":612,"caption":"Electronica JNC"},"image":{"@id":"https:\/\/www.electronicajnc.com\/web\/#\/schema\/logo\/image\/"}}]}},"_links":{"self":[{"href":"https:\/\/www.electronicajnc.com\/web\/wp-json\/wp\/v2\/product\/444","targetHints":{"allow":["GET"]}}],"collection":[{"href":"https:\/\/www.electronicajnc.com\/web\/wp-json\/wp\/v2\/product"}],"about":[{"href":"https:\/\/www.electronicajnc.com\/web\/wp-json\/wp\/v2\/types\/product"}],"replies":[{"embeddable":true,"href":"https:\/\/www.electronicajnc.com\/web\/wp-json\/wp\/v2\/comments?post=444"}],"wp:featuredmedia":[{"embeddable":true,"href":"https:\/\/www.electronicajnc.com\/web\/wp-json\/wp\/v2\/media\/445"}],"wp:attachment":[{"href":"https:\/\/www.electronicajnc.com\/web\/wp-json\/wp\/v2\/media?parent=444"}],"wp:term":[{"taxonomy":"product_brand","embeddable":true,"href":"https:\/\/www.electronicajnc.com\/web\/wp-json\/wp\/v2\/product_brand?post=444"},{"taxonomy":"product_cat","embeddable":true,"href":"https:\/\/www.electronicajnc.com\/web\/wp-json\/wp\/v2\/product_cat?post=444"},{"taxonomy":"product_tag","embeddable":true,"href":"https:\/\/www.electronicajnc.com\/web\/wp-json\/wp\/v2\/product_tag?post=444"}],"curies":[{"name":"wp","href":"https:\/\/api.w.org\/{rel}","templated":true}]}}