{"id":568,"date":"2023-04-25T00:16:43","date_gmt":"2023-04-25T00:16:43","guid":{"rendered":"https:\/\/www.electronicajnc.com\/web\/?post_type=product&#038;p=568"},"modified":"2025-05-06T16:42:07","modified_gmt":"2025-05-06T16:42:07","slug":"kit-raspberry-pi4-4gb","status":"publish","type":"product","link":"https:\/\/www.electronicajnc.com\/web\/producto\/kit-raspberry-pi4-4gb\/","title":{"rendered":"KIT RASPBERRY Pi4 \/ 4GB"},"content":{"rendered":"<p>KIT RASPBERRY Pi4 \/ 4GB La velocidad y el rendimiento del nuevo Raspberry\u00a0 Pi 4 est\u00e1n un paso adelante de los modelos anteriores, haci\u00e9ndolo una poderosa herramienta que te da la posibilidad de crear todo tipo de proyectos de electr\u00f3nica, rob\u00f3tica, mecatr\u00f3nica y m\u00e1s.<\/p>\n<p><img fetchpriority=\"high\" decoding=\"async\" class=\"aligncenter\" src=\"https:\/\/www.electronicajnc.com\/web\/wp-content\/uploads\/2023\/04\/KIT-RASPBERRY-64.jpg\" alt=\"KIT RASPBERRY\" width=\"499\" height=\"495\" \/><\/p>\n<p>Por primera vez, hemos creado una experiencia de escritorio completa. Ya sea que est\u00e9 editando documentos, navegando por la web con un mont\u00f3n de pesta\u00f1as abiertas, haciendo malabarismos con hojas de c\u00e1lculo o redactando una presentaci\u00f3n, encontrar\u00e1 la experiencia fluida y muy reconocible, pero en una forma m\u00e1s peque\u00f1a, m\u00e1s eficiente en energ\u00eda y mucho m\u00e1s rentable m\u00e1quina.<\/p>\n<h4>DETALLE:<\/h4>\n<ul class=\"a-unordered-list a-vertical a-spacing-mini\">\n<li><span class=\"a-list-item\">Potente CPU del Raspberry Pi 4 modelo B adopta la \u00faltima arquitectura Arm Cortex-a72, que tambi\u00e9n se utiliza en tel\u00e9fonos inteligentes de alto rendimiento, y se ha convertido en una PC real. El reloj de funcionamiento se ha cambiado de 1.2 GHz a 1.5 GHz, y la velocidad se ha convertido en una dimensi\u00f3n diferente con la arquitectura actualizada.<\/span><\/li>\n<li><span class=\"a-list-item\">Salida de v\u00eddeo\/gputhe gpu a bordo del raspberry pi 4 soporta 4kp@60 y reci\u00e9n soporta decodificaci\u00f3n h.265, opengl es 3.0, etc. En cuanto a la salida de video, se instalan dos micro hdmis con conectores m\u00e1s peque\u00f1os, y el Raspberry Pi 4 tambi\u00e9n soporta salida de pantalla dual.<\/span><\/li>\n<li><span class=\"a-list-item\">USB 3.0 con un nuevo soc, la velocidad del Raspberry Pi 4 alrededor de i\/o se ha mejorado, y finalmente se admite USB 3.0. El arranque USB es m\u00e1s r\u00e1pido y conveniente.<\/span><\/li>\n<li><span class=\"a-list-item\">network&amp;bluetoothgigabit Ethernet (cable de lan) tambi\u00e9n se ha acelerado significativamente de 300 mbps de pi 3b + a 1000 mbps (valor l\u00f3gico). Adem\u00e1s, la versi\u00f3n compatible con Bluetooth se ha actualizado a 5.0, y la velocidad de transferencia de pi 4 se ha duplicado.<\/span><\/li>\n<li><span class=\"a-list-item\">Conector de entrada de alimentaci\u00f3n: el conector de entrada de alimentaci\u00f3n del Raspberry Pi 4 se ha cambiado a USB tipo C. Es m\u00e1s f\u00e1cil de usar que el micro USB y puede suministrar una corriente m\u00e1s grande de forma fiable. El requisito de alimentaci\u00f3n del Raspberry Pi 4 modelo B es 5V 3.0a, que es m\u00e1s alto que el modelo anterior.<\/span><\/li>\n<\/ul>\n<div class=\"container-tech-description\">\n<h2><span style=\"font-size: 2em;\">KIT RASPBERRY Pi4 \/ 4G<\/span><\/h2>\n<p id=\"title\" class=\"a-size-large a-spacing-none\"><span id=\"productTitle\" class=\"a-size-large product-title-word-break\">Raspberry Pi 4 computadoras modelo B de 4 GB de una sola placa de computadora adecuada para construir mini PC, robot inteligente, consola de juegos, estaci\u00f3n de trabajo, centro de medios, etc.<\/span><\/p>\n<\/div>\n<p><strong>\u00bfD\u00f3nde conseguir ?<\/strong><\/p>\n<p>Puedes conseguir este producto y mucho mas en nuestra tienda de electr\u00f3nica \u201cElectr\u00f3nica JNC\u201d a un excelente precio, de igual manera puedes preguntar por otros productos que tenemos para ti y as\u00ed adquirirlos seg\u00fan tu necesidad para\u00a0 tus proyectos.<\/p>\n<p>Puede retirar sus pedidos en nuestra\u00a0<a href=\"https:\/\/www.electronicajnc.com\/web\/contactos\" target=\"_blank\" rel=\"noopener\">TIENDA F\u00cdSICA<\/a>\u00a0o realizar sus pedidos\u00a0<a href=\"https:\/\/www.electronicajnc.com\/web\/mi-cuenta\" target=\"_blank\" rel=\"noopener\">ONLINE<\/a>\u00a0o por\u00a0<a href=\"https:\/\/api.whatsapp.com\/send?phone=593958753126\" target=\"_blank\" rel=\"noopener\">WHATSAPP<\/a>.<\/p>\n","protected":false},"excerpt":{"rendered":"<p>KIT RASPBERRY Pi4 \/ 4GB, una poderosa herramienta que te da la posibilidad de crear todo tipo de proyectos de electr\u00f3nica, rob\u00f3tica, mecatr\u00f3nica y m\u00e1s.<\/p>\n","protected":false},"featured_media":1069,"comment_status":"closed","ping_status":"closed","template":"","meta":{"saved_in_kubio":false,"_joinchat":[]},"product_brand":[],"product_cat":[310],"product_tag":[315,316,317,46,278,312,313,311,318,319,320,148,321,314,80,31,322],"class_list":{"0":"post-568","1":"product","2":"type-product","3":"status-publish","4":"has-post-thumbnail","6":"product_cat-raspberry","7":"product_tag-computador","8":"product_tag-computadora","9":"product_tag-controlador","10":"product_tag-electronica","11":"product_tag-kit","12":"product_tag-kit-full-raspberry-pi-4-4gb","13":"product_tag-kit-raspberry-pi-4-4gb-ram","14":"product_tag-kit-raspberry-pi4-b-4gb","15":"product_tag-microcontrolador","16":"product_tag-pi","17":"product_tag-pi4","18":"product_tag-placa","19":"product_tag-raspberry","20":"product_tag-raspberry-pi-4-4gb","21":"product_tag-robot","22":"product_tag-robotica","23":"product_tag-tarjeta","25":"first","26":"instock","27":"taxable","28":"shipping-taxable","29":"purchasable","30":"product-type-simple"},"yoast_head":"<!-- This site is optimized with the Yoast SEO plugin v27.4 - https:\/\/yoast.com\/product\/yoast-seo-wordpress\/ -->\n<title>KIT RASPBERRY Pi4 \/ 4GB - Electronica JNC<\/title>\n<meta name=\"description\" content=\"KIT RASPBERRY Pi4 \/ 4GB, una poderosa herramienta que te da la posibilidad de crear todo tipo de proyectos de electr\u00f3nica, rob\u00f3tica, mecatr\u00f3nica y m\u00e1s.\" \/>\n<meta name=\"robots\" content=\"index, follow, max-snippet:-1, max-image-preview:large, max-video-preview:-1\" \/>\n<link rel=\"canonical\" href=\"https:\/\/www.electronicajnc.com\/web\/producto\/kit-raspberry-pi4-4gb\/\" \/>\n<meta property=\"og:locale\" content=\"es_ES\" \/>\n<meta property=\"og:type\" content=\"article\" \/>\n<meta property=\"og:title\" content=\"KIT RASPBERRY Pi4 \/ 4GB - Electronica JNC\" \/>\n<meta property=\"og:description\" content=\"KIT RASPBERRY Pi4 \/ 4GB, una poderosa herramienta que te da la posibilidad de crear todo tipo de proyectos de electr\u00f3nica, rob\u00f3tica, mecatr\u00f3nica y m\u00e1s.\" \/>\n<meta property=\"og:url\" content=\"https:\/\/www.electronicajnc.com\/web\/producto\/kit-raspberry-pi4-4gb\/\" \/>\n<meta property=\"og:site_name\" content=\"Electronica JNC\" \/>\n<meta property=\"article:modified_time\" content=\"2025-05-06T16:42:07+00:00\" \/>\n<meta property=\"og:image\" content=\"https:\/\/www.electronicajnc.com\/web\/wp-content\/uploads\/2023\/04\/KIT-RASPBERRY-64.jpg\" \/>\n\t<meta property=\"og:image:width\" content=\"1053\" \/>\n\t<meta property=\"og:image:height\" content=\"1044\" \/>\n\t<meta property=\"og:image:type\" content=\"image\/jpeg\" \/>\n<meta name=\"twitter:card\" content=\"summary_large_image\" \/>\n<meta name=\"twitter:label1\" content=\"Tiempo de lectura\" \/>\n\t<meta name=\"twitter:data1\" content=\"3 minutos\" \/>\n<script type=\"application\/ld+json\" class=\"yoast-schema-graph\">{\"@context\":\"https:\\\/\\\/schema.org\",\"@graph\":[{\"@type\":\"WebPage\",\"@id\":\"https:\\\/\\\/www.electronicajnc.com\\\/web\\\/producto\\\/kit-raspberry-pi4-4gb\\\/\",\"url\":\"https:\\\/\\\/www.electronicajnc.com\\\/web\\\/producto\\\/kit-raspberry-pi4-4gb\\\/\",\"name\":\"KIT RASPBERRY Pi4 \\\/ 4GB - Electronica JNC\",\"isPartOf\":{\"@id\":\"https:\\\/\\\/www.electronicajnc.com\\\/web\\\/#website\"},\"primaryImageOfPage\":{\"@id\":\"https:\\\/\\\/www.electronicajnc.com\\\/web\\\/producto\\\/kit-raspberry-pi4-4gb\\\/#primaryimage\"},\"image\":{\"@id\":\"https:\\\/\\\/www.electronicajnc.com\\\/web\\\/producto\\\/kit-raspberry-pi4-4gb\\\/#primaryimage\"},\"thumbnailUrl\":\"https:\\\/\\\/www.electronicajnc.com\\\/web\\\/wp-content\\\/uploads\\\/2023\\\/04\\\/KIT-RASPBERRY-64.jpg\",\"datePublished\":\"2023-04-25T00:16:43+00:00\",\"dateModified\":\"2025-05-06T16:42:07+00:00\",\"description\":\"KIT RASPBERRY Pi4 \\\/ 4GB, una poderosa herramienta que te da la posibilidad de crear todo tipo de proyectos de electr\u00f3nica, rob\u00f3tica, mecatr\u00f3nica y m\u00e1s.\",\"breadcrumb\":{\"@id\":\"https:\\\/\\\/www.electronicajnc.com\\\/web\\\/producto\\\/kit-raspberry-pi4-4gb\\\/#breadcrumb\"},\"inLanguage\":\"es\",\"potentialAction\":[{\"@type\":\"ReadAction\",\"target\":[\"https:\\\/\\\/www.electronicajnc.com\\\/web\\\/producto\\\/kit-raspberry-pi4-4gb\\\/\"]}]},{\"@type\":\"ImageObject\",\"inLanguage\":\"es\",\"@id\":\"https:\\\/\\\/www.electronicajnc.com\\\/web\\\/producto\\\/kit-raspberry-pi4-4gb\\\/#primaryimage\",\"url\":\"https:\\\/\\\/www.electronicajnc.com\\\/web\\\/wp-content\\\/uploads\\\/2023\\\/04\\\/KIT-RASPBERRY-64.jpg\",\"contentUrl\":\"https:\\\/\\\/www.electronicajnc.com\\\/web\\\/wp-content\\\/uploads\\\/2023\\\/04\\\/KIT-RASPBERRY-64.jpg\",\"width\":1053,\"height\":1044,\"caption\":\"kit_raspberry_pi4\"},{\"@type\":\"BreadcrumbList\",\"@id\":\"https:\\\/\\\/www.electronicajnc.com\\\/web\\\/producto\\\/kit-raspberry-pi4-4gb\\\/#breadcrumb\",\"itemListElement\":[{\"@type\":\"ListItem\",\"position\":1,\"name\":\"Portada\",\"item\":\"https:\\\/\\\/www.electronicajnc.com\\\/web\\\/\"},{\"@type\":\"ListItem\",\"position\":2,\"name\":\"TIENDA\",\"item\":\"https:\\\/\\\/www.electronicajnc.com\\\/web\\\/tienda\\\/\"},{\"@type\":\"ListItem\",\"position\":3,\"name\":\"KIT RASPBERRY Pi4 \\\/ 4GB\"}]},{\"@type\":\"WebSite\",\"@id\":\"https:\\\/\\\/www.electronicajnc.com\\\/web\\\/#website\",\"url\":\"https:\\\/\\\/www.electronicajnc.com\\\/web\\\/\",\"name\":\"Electronica JNC\",\"description\":\"Robotica Tecnologia Mecatronica en Ecuador\",\"publisher\":{\"@id\":\"https:\\\/\\\/www.electronicajnc.com\\\/web\\\/#organization\"},\"potentialAction\":[{\"@type\":\"SearchAction\",\"target\":{\"@type\":\"EntryPoint\",\"urlTemplate\":\"https:\\\/\\\/www.electronicajnc.com\\\/web\\\/?s={search_term_string}\"},\"query-input\":{\"@type\":\"PropertyValueSpecification\",\"valueRequired\":true,\"valueName\":\"search_term_string\"}}],\"inLanguage\":\"es\"},{\"@type\":\"Organization\",\"@id\":\"https:\\\/\\\/www.electronicajnc.com\\\/web\\\/#organization\",\"name\":\"Electronica JNC\",\"url\":\"https:\\\/\\\/www.electronicajnc.com\\\/web\\\/\",\"logo\":{\"@type\":\"ImageObject\",\"inLanguage\":\"es\",\"@id\":\"https:\\\/\\\/www.electronicajnc.com\\\/web\\\/#\\\/schema\\\/logo\\\/image\\\/\",\"url\":\"https:\\\/\\\/www.electronicajnc.com\\\/web\\\/wp-content\\\/uploads\\\/2023\\\/06\\\/nuevo-logo.jpg\",\"contentUrl\":\"https:\\\/\\\/www.electronicajnc.com\\\/web\\\/wp-content\\\/uploads\\\/2023\\\/06\\\/nuevo-logo.jpg\",\"width\":1256,\"height\":612,\"caption\":\"Electronica JNC\"},\"image\":{\"@id\":\"https:\\\/\\\/www.electronicajnc.com\\\/web\\\/#\\\/schema\\\/logo\\\/image\\\/\"}}]}<\/script>\n<!-- \/ Yoast SEO plugin. -->","yoast_head_json":{"title":"KIT RASPBERRY Pi4 \/ 4GB - Electronica JNC","description":"KIT RASPBERRY Pi4 \/ 4GB, una poderosa herramienta que te da la posibilidad de crear todo tipo de proyectos de electr\u00f3nica, rob\u00f3tica, mecatr\u00f3nica y m\u00e1s.","robots":{"index":"index","follow":"follow","max-snippet":"max-snippet:-1","max-image-preview":"max-image-preview:large","max-video-preview":"max-video-preview:-1"},"canonical":"https:\/\/www.electronicajnc.com\/web\/producto\/kit-raspberry-pi4-4gb\/","og_locale":"es_ES","og_type":"article","og_title":"KIT RASPBERRY Pi4 \/ 4GB - Electronica JNC","og_description":"KIT RASPBERRY Pi4 \/ 4GB, una poderosa herramienta que te da la posibilidad de crear todo tipo de proyectos de electr\u00f3nica, rob\u00f3tica, mecatr\u00f3nica y m\u00e1s.","og_url":"https:\/\/www.electronicajnc.com\/web\/producto\/kit-raspberry-pi4-4gb\/","og_site_name":"Electronica JNC","article_modified_time":"2025-05-06T16:42:07+00:00","og_image":[{"width":1053,"height":1044,"url":"https:\/\/www.electronicajnc.com\/web\/wp-content\/uploads\/2023\/04\/KIT-RASPBERRY-64.jpg","type":"image\/jpeg"}],"twitter_card":"summary_large_image","twitter_misc":{"Tiempo de lectura":"3 minutos"},"schema":{"@context":"https:\/\/schema.org","@graph":[{"@type":"WebPage","@id":"https:\/\/www.electronicajnc.com\/web\/producto\/kit-raspberry-pi4-4gb\/","url":"https:\/\/www.electronicajnc.com\/web\/producto\/kit-raspberry-pi4-4gb\/","name":"KIT RASPBERRY Pi4 \/ 4GB - Electronica JNC","isPartOf":{"@id":"https:\/\/www.electronicajnc.com\/web\/#website"},"primaryImageOfPage":{"@id":"https:\/\/www.electronicajnc.com\/web\/producto\/kit-raspberry-pi4-4gb\/#primaryimage"},"image":{"@id":"https:\/\/www.electronicajnc.com\/web\/producto\/kit-raspberry-pi4-4gb\/#primaryimage"},"thumbnailUrl":"https:\/\/www.electronicajnc.com\/web\/wp-content\/uploads\/2023\/04\/KIT-RASPBERRY-64.jpg","datePublished":"2023-04-25T00:16:43+00:00","dateModified":"2025-05-06T16:42:07+00:00","description":"KIT RASPBERRY Pi4 \/ 4GB, una poderosa herramienta que te da la posibilidad de crear todo tipo de proyectos de electr\u00f3nica, rob\u00f3tica, mecatr\u00f3nica y m\u00e1s.","breadcrumb":{"@id":"https:\/\/www.electronicajnc.com\/web\/producto\/kit-raspberry-pi4-4gb\/#breadcrumb"},"inLanguage":"es","potentialAction":[{"@type":"ReadAction","target":["https:\/\/www.electronicajnc.com\/web\/producto\/kit-raspberry-pi4-4gb\/"]}]},{"@type":"ImageObject","inLanguage":"es","@id":"https:\/\/www.electronicajnc.com\/web\/producto\/kit-raspberry-pi4-4gb\/#primaryimage","url":"https:\/\/www.electronicajnc.com\/web\/wp-content\/uploads\/2023\/04\/KIT-RASPBERRY-64.jpg","contentUrl":"https:\/\/www.electronicajnc.com\/web\/wp-content\/uploads\/2023\/04\/KIT-RASPBERRY-64.jpg","width":1053,"height":1044,"caption":"kit_raspberry_pi4"},{"@type":"BreadcrumbList","@id":"https:\/\/www.electronicajnc.com\/web\/producto\/kit-raspberry-pi4-4gb\/#breadcrumb","itemListElement":[{"@type":"ListItem","position":1,"name":"Portada","item":"https:\/\/www.electronicajnc.com\/web\/"},{"@type":"ListItem","position":2,"name":"TIENDA","item":"https:\/\/www.electronicajnc.com\/web\/tienda\/"},{"@type":"ListItem","position":3,"name":"KIT RASPBERRY Pi4 \/ 4GB"}]},{"@type":"WebSite","@id":"https:\/\/www.electronicajnc.com\/web\/#website","url":"https:\/\/www.electronicajnc.com\/web\/","name":"Electronica JNC","description":"Robotica Tecnologia Mecatronica en Ecuador","publisher":{"@id":"https:\/\/www.electronicajnc.com\/web\/#organization"},"potentialAction":[{"@type":"SearchAction","target":{"@type":"EntryPoint","urlTemplate":"https:\/\/www.electronicajnc.com\/web\/?s={search_term_string}"},"query-input":{"@type":"PropertyValueSpecification","valueRequired":true,"valueName":"search_term_string"}}],"inLanguage":"es"},{"@type":"Organization","@id":"https:\/\/www.electronicajnc.com\/web\/#organization","name":"Electronica JNC","url":"https:\/\/www.electronicajnc.com\/web\/","logo":{"@type":"ImageObject","inLanguage":"es","@id":"https:\/\/www.electronicajnc.com\/web\/#\/schema\/logo\/image\/","url":"https:\/\/www.electronicajnc.com\/web\/wp-content\/uploads\/2023\/06\/nuevo-logo.jpg","contentUrl":"https:\/\/www.electronicajnc.com\/web\/wp-content\/uploads\/2023\/06\/nuevo-logo.jpg","width":1256,"height":612,"caption":"Electronica JNC"},"image":{"@id":"https:\/\/www.electronicajnc.com\/web\/#\/schema\/logo\/image\/"}}]}},"_links":{"self":[{"href":"https:\/\/www.electronicajnc.com\/web\/wp-json\/wp\/v2\/product\/568","targetHints":{"allow":["GET"]}}],"collection":[{"href":"https:\/\/www.electronicajnc.com\/web\/wp-json\/wp\/v2\/product"}],"about":[{"href":"https:\/\/www.electronicajnc.com\/web\/wp-json\/wp\/v2\/types\/product"}],"replies":[{"embeddable":true,"href":"https:\/\/www.electronicajnc.com\/web\/wp-json\/wp\/v2\/comments?post=568"}],"wp:featuredmedia":[{"embeddable":true,"href":"https:\/\/www.electronicajnc.com\/web\/wp-json\/wp\/v2\/media\/1069"}],"wp:attachment":[{"href":"https:\/\/www.electronicajnc.com\/web\/wp-json\/wp\/v2\/media?parent=568"}],"wp:term":[{"taxonomy":"product_brand","embeddable":true,"href":"https:\/\/www.electronicajnc.com\/web\/wp-json\/wp\/v2\/product_brand?post=568"},{"taxonomy":"product_cat","embeddable":true,"href":"https:\/\/www.electronicajnc.com\/web\/wp-json\/wp\/v2\/product_cat?post=568"},{"taxonomy":"product_tag","embeddable":true,"href":"https:\/\/www.electronicajnc.com\/web\/wp-json\/wp\/v2\/product_tag?post=568"}],"curies":[{"name":"wp","href":"https:\/\/api.w.org\/{rel}","templated":true}]}}