{"id":630,"date":"2023-05-31T20:16:27","date_gmt":"2023-05-31T20:16:27","guid":{"rendered":"https:\/\/www.electronicajnc.com\/web\/?post_type=product&#038;p=630"},"modified":"2023-12-13T20:59:59","modified_gmt":"2023-12-13T20:59:59","slug":"modulo-sensor-de-sonido-ky037","status":"publish","type":"product","link":"https:\/\/www.electronicajnc.com\/web\/producto\/modulo-sensor-de-sonido-ky037\/","title":{"rendered":"Modulo Sensor de sonido ky037"},"content":{"rendered":"<p style=\"text-align: left;\">Modulo Sensor de sonido ky037<img fetchpriority=\"high\" decoding=\"async\" class=\"aligncenter\" src=\"https:\/\/scontent.fuio19-1.fna.fbcdn.net\/v\/t39.30808-6\/385920225_698983672250405_2496542801239934682_n.jpg?_nc_cat=109&amp;ccb=1-7&amp;_nc_sid=5f2048&amp;_nc_ohc=YWfkbjGvXE4AX9uoFmn&amp;_nc_ht=scontent.fuio19-1.fna&amp;oh=00_AfDlp7-dBB25KuuGpGL0bZP6ohF7zzT1rkWnOxOWfzwRqw&amp;oe=653553ED\" alt=\"Puede ser una imagen de texto\" width=\"376\" height=\"376\" \/><\/p>\n<div class=\"d-c\">Este m\u00f3dulo especialmente dise\u00f1ado para Arduino te permitir\u00e1 detectar de forma f\u00e1cil y r\u00e1pida cualquier sonido.<\/div>\n<div class=\"d-c\"><\/div>\n<div class=\"d-c\">Adicionalmente te permitir\u00e1 obtener dos salidas; una an\u00e1loga que lleva toda la informaci\u00f3n que est\u00e1 detectando el micr\u00f3fono y otra digital que es una salida de encendido o apagado que se activa cuando el sonido supera un cierto volumen previamente ajustado con el potenci\u00f3metro.<\/div>\n<div class=\"d-c\"><\/div>\n<div class=\"d-c\">Este m\u00f3dulo est\u00e1 compuesto por: un Micr\u00f3fono sensible KY-037, dos salidas: una llamada \u00abAO\u00bb, que es una salida anal\u00f3gica, se\u00f1al de tensi\u00f3n de salida en tiempo real de micr\u00f3fono y otra llamada \u00abDo\u00bb, que es una se\u00f1al digital que se activa cuando la intensidad del sonido a alcanzado un cierto umbral previamente configurado, dicha salida de alta o baja se puede configurar mediante el ajuste del umbral de sensibilidad que puede configurar a trav\u00e9s del potenci\u00f3metro.<\/div>\n<div><\/div>\n<div>\n<div class=\"d-c\">Este detector de sonido puede usarse, por ejemplo, para la activaci\u00f3n de luces por sonido, incluye indicador luminoso de activaci\u00f3n.<\/div>\n<\/div>\n<h1>&#8230;Modulo Sensor de sonido ky037&#8230;<\/h1>\n<h3><strong>Caracter\u00edsticas:<\/strong><\/h3>\n<ul>\n<li>Chip principal: LM393<\/li>\n<li>Voltaje de operaci\u00f3n: 4V ~ 6V<\/li>\n<li>Pines de salida anal\u00f3gica: 1<\/li>\n<li>Pines de salida digital: 1<\/li>\n<li>Temperatura de operaci\u00f3n: -40\u00b0C ~ 85\u00b0C<\/li>\n<li>LED(2): LED Indicador de alimentaci\u00f3n y LED Indicador de salida digital.<\/li>\n<li>Dimensiones: 4.3 x 1.5 x 1.4 cm<\/li>\n<li>Peso: 5 gramos<\/li>\n<li>Color: rojo<\/li>\n<\/ul>\n<p><strong>\u00bfD\u00f3nde conseguir ?<\/strong><\/p>\n<p>Puedes conseguir este producto y mucho mas en nuestra tienda de electr\u00f3nica \u201cElectr\u00f3nica JNC\u201d a un excelente precio, de igual manera puedes preguntar por otros productos que tenemos para ti y as\u00ed adquirirlos seg\u00fan tu necesidad para\u00a0 tus proyectos.<\/p>\n<p>Adem\u00e1s de vender realizamos todo tipo de proyectos de Rob\u00f3tica Electr\u00f3nica y de Programaci\u00f3n en Arduino-Raspberry, brindamos asesoramiento en la elaboraci\u00f3n de proyectos y personalizamos sus clases cuando deseas armar un robot.<\/p>\n<div class=\"xdj266r x11i5rnm xat24cr x1mh8g0r x1vvkbs x126k92a\">\n<div dir=\"auto\">En Electr\u00f3nica Jnc te ayudamos no pierdas esta oportunidad y d\u00e9jalo en manos de profesionales.<\/div>\n<\/div>\n<div class=\"x11i5rnm xat24cr x1mh8g0r x1vvkbs xtlvy1s x126k92a\">\n<div dir=\"auto\">Dise\u00f1amos maquetas, proyectos electr\u00f3nicos, circuitos en proteus simulaciones en electr\u00f3nica digital, anal\u00f3gica o potencia, y programaci\u00f3n en arduino<\/div>\n<\/div>\n<p>&nbsp;<\/p>\n<p>\u00a1\u00a1\u00a1\u00a1 PREGUNTANOS!!!!<\/p>\n<p>Puede retirar sus pedidos en nuestra\u00a0<a href=\"https:\/\/www.electronicajnc.com\/web\/contactos\" target=\"_blank\" rel=\"noopener\">TIENDA F\u00cdSICA<\/a>\u00a0o realizar sus pedidos\u00a0<a href=\"https:\/\/www.electronicajnc.com\/web\/mi-cuenta\" target=\"_blank\" rel=\"noopener\">ONLINE<\/a>\u00a0o por\u00a0<a href=\"https:\/\/api.whatsapp.com\/send?phone=593958753126\" target=\"_blank\" rel=\"noopener\">WHATSAPP<\/a>.<\/p>\n","protected":false},"excerpt":{"rendered":"<p>El sensor de sonido es \u00fatil para para encender o apagar alguna lampara, para detector de ruido en alg\u00fan lugar de trabajo u hogar.<\/p>\n","protected":false},"featured_media":631,"comment_status":"closed","ping_status":"closed","template":"","meta":{"saved_in_kubio":false,"_joinchat":[]},"product_brand":[],"product_cat":[21],"product_tag":[408,406,407,409,410,411,405,404,198],"class_list":{"0":"post-630","1":"product","2":"type-product","3":"status-publish","4":"has-post-thumbnail","6":"product_cat-modulos_sensores","7":"product_tag-modulo","8":"product_tag-modulo-detector-de-sonido-para-arduino-ky-037","9":"product_tag-modulo-ky-037-microfono-sensor-de-sonido-alta-sensibilidad","10":"product_tag-reconocimiento","11":"product_tag-ruido","12":"product_tag-sensible","13":"product_tag-sensor-de-sonido-ky037","14":"product_tag-sensor-de-sonido-microfono-con-salida-analoga-digital","15":"product_tag-sonido","17":"first","18":"instock","19":"taxable","20":"shipping-taxable","21":"purchasable","22":"product-type-simple"},"yoast_head":"<!-- This site is optimized with the Yoast SEO plugin v27.4 - https:\/\/yoast.com\/product\/yoast-seo-wordpress\/ -->\n<title>Modulo Sensor de sonido ky037 - Electronica JNC<\/title>\n<meta name=\"description\" content=\"Modulo Sensor de sonido ky037 Este detector de sonido puede usarse, para la activaci\u00f3n de luces por sonido, incluye indicador luminoso de activaci\u00f3n.\" \/>\n<meta name=\"robots\" content=\"index, follow, max-snippet:-1, max-image-preview:large, max-video-preview:-1\" \/>\n<link rel=\"canonical\" href=\"https:\/\/www.electronicajnc.com\/web\/producto\/modulo-sensor-de-sonido-ky037\/\" \/>\n<meta property=\"og:locale\" content=\"es_ES\" \/>\n<meta property=\"og:type\" content=\"article\" \/>\n<meta property=\"og:title\" content=\"Modulo Sensor de sonido ky037 - Electronica JNC\" \/>\n<meta property=\"og:description\" content=\"Modulo Sensor de sonido ky037 Este detector de sonido puede usarse, para la activaci\u00f3n de luces por sonido, incluye indicador luminoso de activaci\u00f3n.\" \/>\n<meta property=\"og:url\" content=\"https:\/\/www.electronicajnc.com\/web\/producto\/modulo-sensor-de-sonido-ky037\/\" \/>\n<meta property=\"og:site_name\" content=\"Electronica JNC\" \/>\n<meta property=\"article:modified_time\" content=\"2023-12-13T20:59:59+00:00\" \/>\n<meta property=\"og:image\" content=\"https:\/\/www.electronicajnc.com\/web\/wp-content\/uploads\/2023\/05\/SONIDO.jpg\" \/>\n\t<meta property=\"og:image:width\" content=\"1037\" \/>\n\t<meta property=\"og:image:height\" content=\"1000\" \/>\n\t<meta property=\"og:image:type\" content=\"image\/jpeg\" \/>\n<meta name=\"twitter:card\" content=\"summary_large_image\" \/>\n<meta name=\"twitter:label1\" content=\"Tiempo de lectura\" \/>\n\t<meta name=\"twitter:data1\" content=\"2 minutos\" \/>\n<script type=\"application\/ld+json\" class=\"yoast-schema-graph\">{\"@context\":\"https:\\\/\\\/schema.org\",\"@graph\":[{\"@type\":\"WebPage\",\"@id\":\"https:\\\/\\\/www.electronicajnc.com\\\/web\\\/producto\\\/modulo-sensor-de-sonido-ky037\\\/\",\"url\":\"https:\\\/\\\/www.electronicajnc.com\\\/web\\\/producto\\\/modulo-sensor-de-sonido-ky037\\\/\",\"name\":\"Modulo Sensor de sonido ky037 - Electronica JNC\",\"isPartOf\":{\"@id\":\"https:\\\/\\\/www.electronicajnc.com\\\/web\\\/#website\"},\"primaryImageOfPage\":{\"@id\":\"https:\\\/\\\/www.electronicajnc.com\\\/web\\\/producto\\\/modulo-sensor-de-sonido-ky037\\\/#primaryimage\"},\"image\":{\"@id\":\"https:\\\/\\\/www.electronicajnc.com\\\/web\\\/producto\\\/modulo-sensor-de-sonido-ky037\\\/#primaryimage\"},\"thumbnailUrl\":\"https:\\\/\\\/www.electronicajnc.com\\\/web\\\/wp-content\\\/uploads\\\/2023\\\/05\\\/SONIDO.jpg\",\"datePublished\":\"2023-05-31T20:16:27+00:00\",\"dateModified\":\"2023-12-13T20:59:59+00:00\",\"description\":\"Modulo Sensor de sonido ky037 Este detector de sonido puede usarse, para la activaci\u00f3n de luces por sonido, incluye indicador luminoso de activaci\u00f3n.\",\"breadcrumb\":{\"@id\":\"https:\\\/\\\/www.electronicajnc.com\\\/web\\\/producto\\\/modulo-sensor-de-sonido-ky037\\\/#breadcrumb\"},\"inLanguage\":\"es\",\"potentialAction\":[{\"@type\":\"ReadAction\",\"target\":[\"https:\\\/\\\/www.electronicajnc.com\\\/web\\\/producto\\\/modulo-sensor-de-sonido-ky037\\\/\"]}]},{\"@type\":\"ImageObject\",\"inLanguage\":\"es\",\"@id\":\"https:\\\/\\\/www.electronicajnc.com\\\/web\\\/producto\\\/modulo-sensor-de-sonido-ky037\\\/#primaryimage\",\"url\":\"https:\\\/\\\/www.electronicajnc.com\\\/web\\\/wp-content\\\/uploads\\\/2023\\\/05\\\/SONIDO.jpg\",\"contentUrl\":\"https:\\\/\\\/www.electronicajnc.com\\\/web\\\/wp-content\\\/uploads\\\/2023\\\/05\\\/SONIDO.jpg\",\"width\":1037,\"height\":1000,\"caption\":\"SENSOR DE SONIDO MICR\u00d3FONO CON SALIDA AN\u00c1LOGA DIGITAL\"},{\"@type\":\"BreadcrumbList\",\"@id\":\"https:\\\/\\\/www.electronicajnc.com\\\/web\\\/producto\\\/modulo-sensor-de-sonido-ky037\\\/#breadcrumb\",\"itemListElement\":[{\"@type\":\"ListItem\",\"position\":1,\"name\":\"Portada\",\"item\":\"https:\\\/\\\/www.electronicajnc.com\\\/web\\\/\"},{\"@type\":\"ListItem\",\"position\":2,\"name\":\"TIENDA\",\"item\":\"https:\\\/\\\/www.electronicajnc.com\\\/web\\\/tienda\\\/\"},{\"@type\":\"ListItem\",\"position\":3,\"name\":\"Modulo Sensor de sonido ky037\"}]},{\"@type\":\"WebSite\",\"@id\":\"https:\\\/\\\/www.electronicajnc.com\\\/web\\\/#website\",\"url\":\"https:\\\/\\\/www.electronicajnc.com\\\/web\\\/\",\"name\":\"Electronica JNC\",\"description\":\"Robotica Tecnologia Mecatronica en Ecuador\",\"publisher\":{\"@id\":\"https:\\\/\\\/www.electronicajnc.com\\\/web\\\/#organization\"},\"potentialAction\":[{\"@type\":\"SearchAction\",\"target\":{\"@type\":\"EntryPoint\",\"urlTemplate\":\"https:\\\/\\\/www.electronicajnc.com\\\/web\\\/?s={search_term_string}\"},\"query-input\":{\"@type\":\"PropertyValueSpecification\",\"valueRequired\":true,\"valueName\":\"search_term_string\"}}],\"inLanguage\":\"es\"},{\"@type\":\"Organization\",\"@id\":\"https:\\\/\\\/www.electronicajnc.com\\\/web\\\/#organization\",\"name\":\"Electronica JNC\",\"url\":\"https:\\\/\\\/www.electronicajnc.com\\\/web\\\/\",\"logo\":{\"@type\":\"ImageObject\",\"inLanguage\":\"es\",\"@id\":\"https:\\\/\\\/www.electronicajnc.com\\\/web\\\/#\\\/schema\\\/logo\\\/image\\\/\",\"url\":\"https:\\\/\\\/www.electronicajnc.com\\\/web\\\/wp-content\\\/uploads\\\/2023\\\/06\\\/nuevo-logo.jpg\",\"contentUrl\":\"https:\\\/\\\/www.electronicajnc.com\\\/web\\\/wp-content\\\/uploads\\\/2023\\\/06\\\/nuevo-logo.jpg\",\"width\":1256,\"height\":612,\"caption\":\"Electronica JNC\"},\"image\":{\"@id\":\"https:\\\/\\\/www.electronicajnc.com\\\/web\\\/#\\\/schema\\\/logo\\\/image\\\/\"}}]}<\/script>\n<!-- \/ Yoast SEO plugin. -->","yoast_head_json":{"title":"Modulo Sensor de sonido ky037 - Electronica JNC","description":"Modulo Sensor de sonido ky037 Este detector de sonido puede usarse, para la activaci\u00f3n de luces por sonido, incluye indicador luminoso de activaci\u00f3n.","robots":{"index":"index","follow":"follow","max-snippet":"max-snippet:-1","max-image-preview":"max-image-preview:large","max-video-preview":"max-video-preview:-1"},"canonical":"https:\/\/www.electronicajnc.com\/web\/producto\/modulo-sensor-de-sonido-ky037\/","og_locale":"es_ES","og_type":"article","og_title":"Modulo Sensor de sonido ky037 - Electronica JNC","og_description":"Modulo Sensor de sonido ky037 Este detector de sonido puede usarse, para la activaci\u00f3n de luces por sonido, incluye indicador luminoso de activaci\u00f3n.","og_url":"https:\/\/www.electronicajnc.com\/web\/producto\/modulo-sensor-de-sonido-ky037\/","og_site_name":"Electronica JNC","article_modified_time":"2023-12-13T20:59:59+00:00","og_image":[{"width":1037,"height":1000,"url":"https:\/\/www.electronicajnc.com\/web\/wp-content\/uploads\/2023\/05\/SONIDO.jpg","type":"image\/jpeg"}],"twitter_card":"summary_large_image","twitter_misc":{"Tiempo de lectura":"2 minutos"},"schema":{"@context":"https:\/\/schema.org","@graph":[{"@type":"WebPage","@id":"https:\/\/www.electronicajnc.com\/web\/producto\/modulo-sensor-de-sonido-ky037\/","url":"https:\/\/www.electronicajnc.com\/web\/producto\/modulo-sensor-de-sonido-ky037\/","name":"Modulo Sensor de sonido ky037 - Electronica JNC","isPartOf":{"@id":"https:\/\/www.electronicajnc.com\/web\/#website"},"primaryImageOfPage":{"@id":"https:\/\/www.electronicajnc.com\/web\/producto\/modulo-sensor-de-sonido-ky037\/#primaryimage"},"image":{"@id":"https:\/\/www.electronicajnc.com\/web\/producto\/modulo-sensor-de-sonido-ky037\/#primaryimage"},"thumbnailUrl":"https:\/\/www.electronicajnc.com\/web\/wp-content\/uploads\/2023\/05\/SONIDO.jpg","datePublished":"2023-05-31T20:16:27+00:00","dateModified":"2023-12-13T20:59:59+00:00","description":"Modulo Sensor de sonido ky037 Este detector de sonido puede usarse, para la activaci\u00f3n de luces por sonido, incluye indicador luminoso de activaci\u00f3n.","breadcrumb":{"@id":"https:\/\/www.electronicajnc.com\/web\/producto\/modulo-sensor-de-sonido-ky037\/#breadcrumb"},"inLanguage":"es","potentialAction":[{"@type":"ReadAction","target":["https:\/\/www.electronicajnc.com\/web\/producto\/modulo-sensor-de-sonido-ky037\/"]}]},{"@type":"ImageObject","inLanguage":"es","@id":"https:\/\/www.electronicajnc.com\/web\/producto\/modulo-sensor-de-sonido-ky037\/#primaryimage","url":"https:\/\/www.electronicajnc.com\/web\/wp-content\/uploads\/2023\/05\/SONIDO.jpg","contentUrl":"https:\/\/www.electronicajnc.com\/web\/wp-content\/uploads\/2023\/05\/SONIDO.jpg","width":1037,"height":1000,"caption":"SENSOR DE SONIDO MICR\u00d3FONO CON SALIDA AN\u00c1LOGA DIGITAL"},{"@type":"BreadcrumbList","@id":"https:\/\/www.electronicajnc.com\/web\/producto\/modulo-sensor-de-sonido-ky037\/#breadcrumb","itemListElement":[{"@type":"ListItem","position":1,"name":"Portada","item":"https:\/\/www.electronicajnc.com\/web\/"},{"@type":"ListItem","position":2,"name":"TIENDA","item":"https:\/\/www.electronicajnc.com\/web\/tienda\/"},{"@type":"ListItem","position":3,"name":"Modulo Sensor de sonido ky037"}]},{"@type":"WebSite","@id":"https:\/\/www.electronicajnc.com\/web\/#website","url":"https:\/\/www.electronicajnc.com\/web\/","name":"Electronica JNC","description":"Robotica Tecnologia Mecatronica en Ecuador","publisher":{"@id":"https:\/\/www.electronicajnc.com\/web\/#organization"},"potentialAction":[{"@type":"SearchAction","target":{"@type":"EntryPoint","urlTemplate":"https:\/\/www.electronicajnc.com\/web\/?s={search_term_string}"},"query-input":{"@type":"PropertyValueSpecification","valueRequired":true,"valueName":"search_term_string"}}],"inLanguage":"es"},{"@type":"Organization","@id":"https:\/\/www.electronicajnc.com\/web\/#organization","name":"Electronica JNC","url":"https:\/\/www.electronicajnc.com\/web\/","logo":{"@type":"ImageObject","inLanguage":"es","@id":"https:\/\/www.electronicajnc.com\/web\/#\/schema\/logo\/image\/","url":"https:\/\/www.electronicajnc.com\/web\/wp-content\/uploads\/2023\/06\/nuevo-logo.jpg","contentUrl":"https:\/\/www.electronicajnc.com\/web\/wp-content\/uploads\/2023\/06\/nuevo-logo.jpg","width":1256,"height":612,"caption":"Electronica JNC"},"image":{"@id":"https:\/\/www.electronicajnc.com\/web\/#\/schema\/logo\/image\/"}}]}},"_links":{"self":[{"href":"https:\/\/www.electronicajnc.com\/web\/wp-json\/wp\/v2\/product\/630","targetHints":{"allow":["GET"]}}],"collection":[{"href":"https:\/\/www.electronicajnc.com\/web\/wp-json\/wp\/v2\/product"}],"about":[{"href":"https:\/\/www.electronicajnc.com\/web\/wp-json\/wp\/v2\/types\/product"}],"replies":[{"embeddable":true,"href":"https:\/\/www.electronicajnc.com\/web\/wp-json\/wp\/v2\/comments?post=630"}],"wp:featuredmedia":[{"embeddable":true,"href":"https:\/\/www.electronicajnc.com\/web\/wp-json\/wp\/v2\/media\/631"}],"wp:attachment":[{"href":"https:\/\/www.electronicajnc.com\/web\/wp-json\/wp\/v2\/media?parent=630"}],"wp:term":[{"taxonomy":"product_brand","embeddable":true,"href":"https:\/\/www.electronicajnc.com\/web\/wp-json\/wp\/v2\/product_brand?post=630"},{"taxonomy":"product_cat","embeddable":true,"href":"https:\/\/www.electronicajnc.com\/web\/wp-json\/wp\/v2\/product_cat?post=630"},{"taxonomy":"product_tag","embeddable":true,"href":"https:\/\/www.electronicajnc.com\/web\/wp-json\/wp\/v2\/product_tag?post=630"}],"curies":[{"name":"wp","href":"https:\/\/api.w.org\/{rel}","templated":true}]}}