{"id":677,"date":"2023-06-22T18:35:42","date_gmt":"2023-06-22T18:35:42","guid":{"rendered":"https:\/\/www.electronicajnc.com\/web\/?post_type=product&#038;p=677"},"modified":"2025-05-19T21:26:36","modified_gmt":"2025-05-19T21:26:36","slug":"kit-robot-seguidor-de-linea","status":"publish","type":"product","link":"https:\/\/www.electronicajnc.com\/web\/producto\/kit-robot-seguidor-de-linea\/","title":{"rendered":"\u00a0Kit Robot seguidor de linea"},"content":{"rendered":"<p class=\"product_title entry-title\">\u00a0Kit Robot seguidor de linea Este kit incluye todos los componentes necesarios para ensamblar y poner en marcha un carrito seguidor de linea. Utiliza los componentes mas b\u00e1sicos para funcionar y dar buen resultado en el rastreo de linea negra. Funciona excelente como kit de aprendizaje para aquellas personas que comienzan a iniciarse en el mundo de la electr\u00f3nica.<\/p>\n<p><img decoding=\"async\" class=\"aligncenter\" src=\"https:\/\/ssdielect.com\/15045-medium_default\/d2-1-robot.jpg\" alt=\"KIT D2-1 ROBOT SEGUIDOR DE LINEA BASICO PARA ARMAR\" \/><\/p>\n<p>&nbsp;<\/p>\n<h1 class=\"product_title entry-title\">\u00a0Kit Robot seguidor de linea<\/h1>\n<p>Se trata de un kit rob\u00f3tico seguidor de l\u00ednea de introducci\u00f3n para ni\u00f1os, aficionados y estudiantes de electr\u00f3nica. Es \u00fatil para aprender habilidades b\u00e1sicas como soldar y obtener conocimientos sobre circuitos b\u00e1sicos, como sensores fotoel\u00e9ctricos, comparadores de voltaje, control de motores, etc.<\/p>\n<p>El principio b\u00e1sico de este robot es un sensor fotoel\u00e9ctrico que responde al cambio en la intensidad de luz reflejada en una superficie blanca o negra. Este sensor esta compuesto por una fotocelda, foto resistencia o LDR como se le conoce en ingles y un led; cuando el led emite su luz esta es reflejada a la fotocelda, el circuito por medio de esto detecta si el robot esta sobre el color blanco o negro y as\u00ed mismo establece su direcci\u00f3n para andar.<\/p>\n<p>Este kit se compone de todos los componentes necesarios para realizar la construcci\u00f3n de un\u00a0<strong>robot inteligente seguidor de l\u00ednea<\/strong>\u00a0que\u00a0<strong>no requiere programaci\u00f3n<\/strong>\u00a0con microcontroladores. El seguidor de l\u00ednea incorpora sensores que permiten detectar la diferencia de color entre un piso blanco y una l\u00ednea negra pintada en la pista y con esta informaci\u00f3n controla la trayectoria del robot permiti\u00e9ndole seguir la l\u00ednea sin importar que tenga giros en uno u otro sentido o el \u00e1ngulo de dichos giros.<\/p>\n<p>Es un\u00a0<strong>proyecto de ciencias<\/strong>\u00a0genial, muy interesante y de\u00a0<strong>f\u00e1cil construcci\u00f3n<\/strong>\u00a0ya que los componentes solo requieren ser montados seg\u00fan la gu\u00eda de ensamble. Adicionalmente puede servir como plataforma base para modificarlo o personalizarlo, cambi\u00e1ndole los motores o las llantas por otros de diferentes caracter\u00edsticas, lo cual otorgar\u00e1 al proyecto un comportamiento distinto al original en su desplazamiento, velocidad o incluso su fuente de alimentaci\u00f3n de energ\u00eda, eliminando las bater\u00edas y agreg\u00e1ndole un panel solar.<\/p>\n<h2>Caracter\u00edstica:<\/h2>\n<p>Potencia: 3V (dos bater\u00edas AA) (No incluye baterias).<\/p>\n<p>Los pasos de montaje:<\/p>\n<p>1. El circuito b\u00e1sico de soldadura: 8 soldadura por resistencia, preste atenci\u00f3n a la resistencia y la direcci\u00f3n.<\/p>\n<p>2. montaje mec\u00e1nico<\/p>\n<p>3. La instalaci\u00f3n del circuito optoelectr\u00f3nico.<\/p>\n<p>4. La depuraci\u00f3n del veh\u00edculo<\/p>\n<p>&nbsp;<\/p>\n<p>Nota:<\/p>\n<p>Debe tener algunos conocimientos de electr\u00f3nica.<\/p>\n<p>F\u00e1cil de hacer, no le proporcionamos un manual, sino que le proporcionamos el esquema.<\/p>\n<p>&nbsp;<\/p>\n<p>El paquete incluye:<\/p>\n<p>1 x kit de carrito armable<\/p>\n<p>&nbsp;<\/p>\n<p><strong>\u00bfD\u00f3nde conseguir ?<\/strong><\/p>\n<p>Puedes conseguir este producto y mucho mas en nuestra tienda de electr\u00f3nica \u201cElectr\u00f3nica JNC\u201d a un excelente precio, de igual manera puedes preguntar por otros productos que tenemos para ti y as\u00ed adquirirlos seg\u00fan tu necesidad para\u00a0 tus proyectos.<\/p>\n<p>Adem\u00e1s de vender realizamos todo tipo de proyectos de Rob\u00f3tica Electr\u00f3nica y de Programaci\u00f3n en Arduino-Raspberry, brindamos asesoramiento en la elaboraci\u00f3n de proyectos y personalizamos sus clases cuando deseas armar un robot.<\/p>\n<p>\u00a1\u00a1\u00a1\u00a1 PREGUNTANOS!!!!<\/p>\n<p>Puede retirar sus pedidos en nuestra\u00a0<a href=\"https:\/\/www.electronicajnc.com\/web\/contactos\" target=\"_blank\" rel=\"noopener\">TIENDA F\u00cdSICA<\/a>\u00a0o realizar sus pedidos\u00a0<a href=\"https:\/\/www.electronicajnc.com\/web\/mi-cuenta\" target=\"_blank\" rel=\"noopener\">ONLINE<\/a>\u00a0o por\u00a0<a href=\"https:\/\/api.whatsapp.com\/send?phone=593958753126\" target=\"_blank\" rel=\"noopener\">WHATSAPP<\/a>.<\/p>\n","protected":false},"excerpt":{"rendered":"<p>Los robots seguidores de l\u00ednea son robots muy sencillos, que cumplen una \u00fanica misi\u00f3n: seguir una l\u00ednea marcada en el suelo, normalmente de color negro sobre un fondo blanco. El funcionamiento del seguidor de l\u00ednea es muy sencillo, utiliza 2 sensores ubicados en la parte inferior de la estructura, uno junto al otro, cuando uno de los dos sensores detecta el color blanco, significa que el robot est\u00e1 saliendo de la l\u00ednea negra por ese lado. En ese momento, el robot gira hacia el lado contrario hasta que vuelve a estar sobre la l\u00ednea.<\/p>\n","protected":false},"featured_media":678,"comment_status":"closed","ping_status":"closed","template":"","meta":{"saved_in_kubio":false,"_joinchat":[]},"product_brand":[],"product_cat":[53],"product_tag":[501,502,500,42],"class_list":{"0":"post-677","1":"product","2":"type-product","3":"status-publish","4":"has-post-thumbnail","6":"product_cat-kits-de-robotica","7":"product_tag-kit-de-robot-seguidor-de-linea-para-ensamblar-no-requiere-programacion","8":"product_tag-kit-diy-robot-d2-1-seguidor-lineas-line-tracking-car-2wd","9":"product_tag-kit-seguidor-de-linea-d2-1","10":"product_tag-robot-seguidor-de-linea","12":"first","13":"instock","14":"taxable","15":"shipping-taxable","16":"purchasable","17":"product-type-simple"},"yoast_head":"<!-- This site is optimized with the Yoast SEO plugin v27.5 - https:\/\/yoast.com\/product\/yoast-seo-wordpress\/ -->\n<title>\u00a0Kit Robot seguidor de linea - Electronica JNC<\/title>\n<meta name=\"description\" content=\"\u00a0Kit Robot seguidor de linea \u00fatil para aprender habilidades b\u00e1sicas como soldar y conocer sobre circuitos b\u00e1sicos, e iniciar el mundo de Rob\u00f3tica Electr\u00f3nica\" \/>\n<meta name=\"robots\" content=\"index, follow, max-snippet:-1, max-image-preview:large, max-video-preview:-1\" \/>\n<link rel=\"canonical\" href=\"https:\/\/www.electronicajnc.com\/web\/producto\/kit-robot-seguidor-de-linea\/\" \/>\n<meta property=\"og:locale\" content=\"es_ES\" \/>\n<meta property=\"og:type\" content=\"article\" \/>\n<meta property=\"og:title\" content=\"\u00a0Kit Robot seguidor de linea - Electronica JNC\" \/>\n<meta property=\"og:description\" content=\"\u00a0Kit Robot seguidor de linea \u00fatil para aprender habilidades b\u00e1sicas como soldar y conocer sobre circuitos b\u00e1sicos, e iniciar el mundo de Rob\u00f3tica Electr\u00f3nica\" \/>\n<meta property=\"og:url\" content=\"https:\/\/www.electronicajnc.com\/web\/producto\/kit-robot-seguidor-de-linea\/\" \/>\n<meta property=\"og:site_name\" content=\"Electronica JNC\" \/>\n<meta property=\"article:modified_time\" content=\"2025-05-19T21:26:36+00:00\" \/>\n<meta property=\"og:image\" content=\"https:\/\/www.electronicajnc.com\/web\/wp-content\/uploads\/2023\/06\/seguidor-soldar-portada.jpg\" \/>\n\t<meta property=\"og:image:width\" content=\"1092\" \/>\n\t<meta property=\"og:image:height\" content=\"880\" \/>\n\t<meta property=\"og:image:type\" content=\"image\/jpeg\" \/>\n<meta name=\"twitter:card\" content=\"summary_large_image\" \/>\n<meta name=\"twitter:label1\" content=\"Tiempo de lectura\" \/>\n\t<meta name=\"twitter:data1\" content=\"3 minutos\" \/>\n<script type=\"application\/ld+json\" class=\"yoast-schema-graph\">{\"@context\":\"https:\\\/\\\/schema.org\",\"@graph\":[{\"@type\":\"WebPage\",\"@id\":\"https:\\\/\\\/www.electronicajnc.com\\\/web\\\/producto\\\/kit-robot-seguidor-de-linea\\\/\",\"url\":\"https:\\\/\\\/www.electronicajnc.com\\\/web\\\/producto\\\/kit-robot-seguidor-de-linea\\\/\",\"name\":\"\u00a0Kit Robot seguidor de linea - Electronica JNC\",\"isPartOf\":{\"@id\":\"https:\\\/\\\/www.electronicajnc.com\\\/web\\\/#website\"},\"primaryImageOfPage\":{\"@id\":\"https:\\\/\\\/www.electronicajnc.com\\\/web\\\/producto\\\/kit-robot-seguidor-de-linea\\\/#primaryimage\"},\"image\":{\"@id\":\"https:\\\/\\\/www.electronicajnc.com\\\/web\\\/producto\\\/kit-robot-seguidor-de-linea\\\/#primaryimage\"},\"thumbnailUrl\":\"https:\\\/\\\/www.electronicajnc.com\\\/web\\\/wp-content\\\/uploads\\\/2023\\\/06\\\/seguidor-soldar-portada.jpg\",\"datePublished\":\"2023-06-22T18:35:42+00:00\",\"dateModified\":\"2025-05-19T21:26:36+00:00\",\"description\":\"\u00a0Kit Robot seguidor de linea \u00fatil para aprender habilidades b\u00e1sicas como soldar y conocer sobre circuitos b\u00e1sicos, e iniciar el mundo de Rob\u00f3tica Electr\u00f3nica\",\"breadcrumb\":{\"@id\":\"https:\\\/\\\/www.electronicajnc.com\\\/web\\\/producto\\\/kit-robot-seguidor-de-linea\\\/#breadcrumb\"},\"inLanguage\":\"es\",\"potentialAction\":[{\"@type\":\"ReadAction\",\"target\":[\"https:\\\/\\\/www.electronicajnc.com\\\/web\\\/producto\\\/kit-robot-seguidor-de-linea\\\/\"]}]},{\"@type\":\"ImageObject\",\"inLanguage\":\"es\",\"@id\":\"https:\\\/\\\/www.electronicajnc.com\\\/web\\\/producto\\\/kit-robot-seguidor-de-linea\\\/#primaryimage\",\"url\":\"https:\\\/\\\/www.electronicajnc.com\\\/web\\\/wp-content\\\/uploads\\\/2023\\\/06\\\/seguidor-soldar-portada.jpg\",\"contentUrl\":\"https:\\\/\\\/www.electronicajnc.com\\\/web\\\/wp-content\\\/uploads\\\/2023\\\/06\\\/seguidor-soldar-portada.jpg\",\"width\":1092,\"height\":880,\"caption\":\"Kit Seguidor de L\u00ednea D2-1\"},{\"@type\":\"BreadcrumbList\",\"@id\":\"https:\\\/\\\/www.electronicajnc.com\\\/web\\\/producto\\\/kit-robot-seguidor-de-linea\\\/#breadcrumb\",\"itemListElement\":[{\"@type\":\"ListItem\",\"position\":1,\"name\":\"Portada\",\"item\":\"https:\\\/\\\/www.electronicajnc.com\\\/web\\\/\"},{\"@type\":\"ListItem\",\"position\":2,\"name\":\"TIENDA\",\"item\":\"https:\\\/\\\/www.electronicajnc.com\\\/web\\\/tienda\\\/\"},{\"@type\":\"ListItem\",\"position\":3,\"name\":\"\u00a0Kit Robot seguidor de linea\"}]},{\"@type\":\"WebSite\",\"@id\":\"https:\\\/\\\/www.electronicajnc.com\\\/web\\\/#website\",\"url\":\"https:\\\/\\\/www.electronicajnc.com\\\/web\\\/\",\"name\":\"Electronica JNC\",\"description\":\"Robotica Tecnologia Mecatronica en Ecuador\",\"publisher\":{\"@id\":\"https:\\\/\\\/www.electronicajnc.com\\\/web\\\/#organization\"},\"potentialAction\":[{\"@type\":\"SearchAction\",\"target\":{\"@type\":\"EntryPoint\",\"urlTemplate\":\"https:\\\/\\\/www.electronicajnc.com\\\/web\\\/?s={search_term_string}\"},\"query-input\":{\"@type\":\"PropertyValueSpecification\",\"valueRequired\":true,\"valueName\":\"search_term_string\"}}],\"inLanguage\":\"es\"},{\"@type\":\"Organization\",\"@id\":\"https:\\\/\\\/www.electronicajnc.com\\\/web\\\/#organization\",\"name\":\"Electronica JNC\",\"url\":\"https:\\\/\\\/www.electronicajnc.com\\\/web\\\/\",\"logo\":{\"@type\":\"ImageObject\",\"inLanguage\":\"es\",\"@id\":\"https:\\\/\\\/www.electronicajnc.com\\\/web\\\/#\\\/schema\\\/logo\\\/image\\\/\",\"url\":\"https:\\\/\\\/www.electronicajnc.com\\\/web\\\/wp-content\\\/uploads\\\/2023\\\/06\\\/nuevo-logo.jpg\",\"contentUrl\":\"https:\\\/\\\/www.electronicajnc.com\\\/web\\\/wp-content\\\/uploads\\\/2023\\\/06\\\/nuevo-logo.jpg\",\"width\":1256,\"height\":612,\"caption\":\"Electronica JNC\"},\"image\":{\"@id\":\"https:\\\/\\\/www.electronicajnc.com\\\/web\\\/#\\\/schema\\\/logo\\\/image\\\/\"}}]}<\/script>\n<!-- \/ Yoast SEO plugin. -->","yoast_head_json":{"title":"\u00a0Kit Robot seguidor de linea - Electronica JNC","description":"\u00a0Kit Robot seguidor de linea \u00fatil para aprender habilidades b\u00e1sicas como soldar y conocer sobre circuitos b\u00e1sicos, e iniciar el mundo de Rob\u00f3tica Electr\u00f3nica","robots":{"index":"index","follow":"follow","max-snippet":"max-snippet:-1","max-image-preview":"max-image-preview:large","max-video-preview":"max-video-preview:-1"},"canonical":"https:\/\/www.electronicajnc.com\/web\/producto\/kit-robot-seguidor-de-linea\/","og_locale":"es_ES","og_type":"article","og_title":"\u00a0Kit Robot seguidor de linea - Electronica JNC","og_description":"\u00a0Kit Robot seguidor de linea \u00fatil para aprender habilidades b\u00e1sicas como soldar y conocer sobre circuitos b\u00e1sicos, e iniciar el mundo de Rob\u00f3tica Electr\u00f3nica","og_url":"https:\/\/www.electronicajnc.com\/web\/producto\/kit-robot-seguidor-de-linea\/","og_site_name":"Electronica JNC","article_modified_time":"2025-05-19T21:26:36+00:00","og_image":[{"width":1092,"height":880,"url":"https:\/\/www.electronicajnc.com\/web\/wp-content\/uploads\/2023\/06\/seguidor-soldar-portada.jpg","type":"image\/jpeg"}],"twitter_card":"summary_large_image","twitter_misc":{"Tiempo de lectura":"3 minutos"},"schema":{"@context":"https:\/\/schema.org","@graph":[{"@type":"WebPage","@id":"https:\/\/www.electronicajnc.com\/web\/producto\/kit-robot-seguidor-de-linea\/","url":"https:\/\/www.electronicajnc.com\/web\/producto\/kit-robot-seguidor-de-linea\/","name":"\u00a0Kit Robot seguidor de linea - Electronica JNC","isPartOf":{"@id":"https:\/\/www.electronicajnc.com\/web\/#website"},"primaryImageOfPage":{"@id":"https:\/\/www.electronicajnc.com\/web\/producto\/kit-robot-seguidor-de-linea\/#primaryimage"},"image":{"@id":"https:\/\/www.electronicajnc.com\/web\/producto\/kit-robot-seguidor-de-linea\/#primaryimage"},"thumbnailUrl":"https:\/\/www.electronicajnc.com\/web\/wp-content\/uploads\/2023\/06\/seguidor-soldar-portada.jpg","datePublished":"2023-06-22T18:35:42+00:00","dateModified":"2025-05-19T21:26:36+00:00","description":"\u00a0Kit Robot seguidor de linea \u00fatil para aprender habilidades b\u00e1sicas como soldar y conocer sobre circuitos b\u00e1sicos, e iniciar el mundo de Rob\u00f3tica Electr\u00f3nica","breadcrumb":{"@id":"https:\/\/www.electronicajnc.com\/web\/producto\/kit-robot-seguidor-de-linea\/#breadcrumb"},"inLanguage":"es","potentialAction":[{"@type":"ReadAction","target":["https:\/\/www.electronicajnc.com\/web\/producto\/kit-robot-seguidor-de-linea\/"]}]},{"@type":"ImageObject","inLanguage":"es","@id":"https:\/\/www.electronicajnc.com\/web\/producto\/kit-robot-seguidor-de-linea\/#primaryimage","url":"https:\/\/www.electronicajnc.com\/web\/wp-content\/uploads\/2023\/06\/seguidor-soldar-portada.jpg","contentUrl":"https:\/\/www.electronicajnc.com\/web\/wp-content\/uploads\/2023\/06\/seguidor-soldar-portada.jpg","width":1092,"height":880,"caption":"Kit Seguidor de L\u00ednea D2-1"},{"@type":"BreadcrumbList","@id":"https:\/\/www.electronicajnc.com\/web\/producto\/kit-robot-seguidor-de-linea\/#breadcrumb","itemListElement":[{"@type":"ListItem","position":1,"name":"Portada","item":"https:\/\/www.electronicajnc.com\/web\/"},{"@type":"ListItem","position":2,"name":"TIENDA","item":"https:\/\/www.electronicajnc.com\/web\/tienda\/"},{"@type":"ListItem","position":3,"name":"\u00a0Kit Robot seguidor de linea"}]},{"@type":"WebSite","@id":"https:\/\/www.electronicajnc.com\/web\/#website","url":"https:\/\/www.electronicajnc.com\/web\/","name":"Electronica JNC","description":"Robotica Tecnologia Mecatronica en Ecuador","publisher":{"@id":"https:\/\/www.electronicajnc.com\/web\/#organization"},"potentialAction":[{"@type":"SearchAction","target":{"@type":"EntryPoint","urlTemplate":"https:\/\/www.electronicajnc.com\/web\/?s={search_term_string}"},"query-input":{"@type":"PropertyValueSpecification","valueRequired":true,"valueName":"search_term_string"}}],"inLanguage":"es"},{"@type":"Organization","@id":"https:\/\/www.electronicajnc.com\/web\/#organization","name":"Electronica JNC","url":"https:\/\/www.electronicajnc.com\/web\/","logo":{"@type":"ImageObject","inLanguage":"es","@id":"https:\/\/www.electronicajnc.com\/web\/#\/schema\/logo\/image\/","url":"https:\/\/www.electronicajnc.com\/web\/wp-content\/uploads\/2023\/06\/nuevo-logo.jpg","contentUrl":"https:\/\/www.electronicajnc.com\/web\/wp-content\/uploads\/2023\/06\/nuevo-logo.jpg","width":1256,"height":612,"caption":"Electronica JNC"},"image":{"@id":"https:\/\/www.electronicajnc.com\/web\/#\/schema\/logo\/image\/"}}]}},"_links":{"self":[{"href":"https:\/\/www.electronicajnc.com\/web\/wp-json\/wp\/v2\/product\/677","targetHints":{"allow":["GET"]}}],"collection":[{"href":"https:\/\/www.electronicajnc.com\/web\/wp-json\/wp\/v2\/product"}],"about":[{"href":"https:\/\/www.electronicajnc.com\/web\/wp-json\/wp\/v2\/types\/product"}],"replies":[{"embeddable":true,"href":"https:\/\/www.electronicajnc.com\/web\/wp-json\/wp\/v2\/comments?post=677"}],"wp:featuredmedia":[{"embeddable":true,"href":"https:\/\/www.electronicajnc.com\/web\/wp-json\/wp\/v2\/media\/678"}],"wp:attachment":[{"href":"https:\/\/www.electronicajnc.com\/web\/wp-json\/wp\/v2\/media?parent=677"}],"wp:term":[{"taxonomy":"product_brand","embeddable":true,"href":"https:\/\/www.electronicajnc.com\/web\/wp-json\/wp\/v2\/product_brand?post=677"},{"taxonomy":"product_cat","embeddable":true,"href":"https:\/\/www.electronicajnc.com\/web\/wp-json\/wp\/v2\/product_cat?post=677"},{"taxonomy":"product_tag","embeddable":true,"href":"https:\/\/www.electronicajnc.com\/web\/wp-json\/wp\/v2\/product_tag?post=677"}],"curies":[{"name":"wp","href":"https:\/\/api.w.org\/{rel}","templated":true}]}}