{"id":972,"date":"2023-10-26T21:36:13","date_gmt":"2023-10-26T21:36:13","guid":{"rendered":"https:\/\/www.electronicajnc.com\/web\/?post_type=product&#038;p=972"},"modified":"2025-08-06T19:29:11","modified_gmt":"2025-08-06T19:29:11","slug":"modulo-sensor-de-humedad-y-temperatura-aht10","status":"publish","type":"product","link":"https:\/\/www.electronicajnc.com\/web\/producto\/modulo-sensor-de-humedad-y-temperatura-aht10\/","title":{"rendered":"M\u00f3dulo Sensor de Humedad y Temperatura AHT10"},"content":{"rendered":"<p>M\u00f3dulo Sensor de Humedad y Temperatura AHT10<\/p>\n<p><img decoding=\"async\" class=\"aligncenter\" src=\"https:\/\/www.electroschematics.com\/wp-content\/uploads\/2022\/03\/0-AHT10-Module-Intro.jpg?fit=450%2C450\" \/><\/p>\n<p>El M\u00f3dulo Sensor de Humedad y Temperatura AHT10 es un sensor capaz de tomar lecturas precisas y excelente confiabilidad, perfecto para usar en proyectos que requieren lectura de humedad y temperatura, tiene f\u00e1cil integraci\u00f3n con microcontroladores de uso general a trav\u00e9s de la interfaz I2C, siendo un excelente reemplazo de sensores comunes en el mercado.<\/p>\n<p>El sensor AHT10 est\u00e1 equipado con un ASIC de nuevo dise\u00f1o, un elemento sensor de humedad capacitivo semiconductor MEMS mejorado y un elemento sensor de temperatura est\u00e1ndar en chip.\u00a0Puede emitir una se\u00f1al digital calibrada en formato est\u00e1ndar I\u00a0<sup>2<\/sup>\u00a0C.<\/p>\n<h1>M\u00f3dulo Sensor de Humedad y Temperatura AHT10<\/h1>\n<p>M\u00f3dulo sensor de humedad y temperatura AHT10 &#8211; Especificaciones:<br \/>\n&#8211; Modelo: AHT10;<br \/>\n&#8211; Voltaje de entrada: 1,8 V a 6 V;<br \/>\n&#8211; Margen de error: \u00b1 2% HR \/ \u00b1 0,3\u00b0C;<br \/>\n&#8211; Rango de funcionamiento: 0 a 100% HR;<br \/>\n&#8211; Tiempo de respuesta de humedad: 8s;<br \/>\n&#8211; Rango de funcionamiento: -40~85\u00b0C;<br \/>\n&#8211; Tiempo de respuesta de temperatura: 5 a 30s;<br \/>\n-Interfaz: I2C;<br \/>\n&#8211; Dimensiones (LxAnxAl): aprox.\u00a015x10x8mm;<br \/>\n&#8211; Peso: 0,8 g.<\/p>\n<p>&nbsp;<\/p>\n<div>\n<h2><strong>\u00bfD\u00f3nde conseguir ?<\/strong><\/h2>\n<\/div>\n<p>Puedes conseguir este producto y mucho mas en nuestra tienda de electr\u00f3nica \u201cElectr\u00f3nica JNC\u201d a un excelente precio, de igual manera puedes preguntar por otros productos que tenemos para ti y as\u00ed adquirirlos seg\u00fan tu necesidad para\u00a0 tus proyectos.<\/p>\n<p>Adem\u00e1s de vender realizamos todo tipo de proyectos de Rob\u00f3tica Electr\u00f3nica y de Programaci\u00f3n en Arduino-Raspberry, brindamos asesoramiento en la elaboraci\u00f3n de proyectos y personalizamos sus clases cuando deseas armar un robot.<\/p>\n<p>Somos importadores Directos de todo en Electr\u00f3nica y Rob\u00f3tica directamente desde los fabricantes, a los mejores precios del mercado.<\/p>\n<div class=\"x11i5rnm xat24cr x1mh8g0r x1vvkbs xtlvy1s x126k92a\">\n<div dir=\"auto\">SERVICIO PERSONALIZADO, APOYO TEORICO Y VENTA DE MATERIAL<\/div>\n<\/div>\n<div class=\"x11i5rnm xat24cr x1mh8g0r x1vvkbs xtlvy1s x126k92a\">\n<div dir=\"auto\">COTIZA CON NOSOTROS<\/div>\n<div dir=\"auto\">SERVICIO, EXPERIENCIA, CALIDAD Y CONFIANZA<\/div>\n<div dir=\"auto\">\u00abTodo lo que buscas en un solo lugar\u00bb<\/div>\n<\/div>\n<div dir=\"auto\"><\/div>\n<p><img decoding=\"async\" class=\"aligncenter\" src=\"https:\/\/images.ua.prom.st\/1494267654_1494267654.jpg?PImaGE_ID=1494267654\" \/><\/p>\n<p style=\"text-align: center;\">Realizar un pedido en la web o por \u00a0<a href=\"https:\/\/api.whatsapp.com\/send?phone=593958753126\" target=\"_blank\" rel=\"noopener\">WHATSAPP<\/a>.<\/p>\n<p><img decoding=\"async\" class=\"aligncenter\" src=\"https:\/\/images.ua.prom.st\/1494267867_1494267867.jpg?PImaGE_ID=1494267867\" \/><\/p>\n<p style=\"text-align: center;\">Consulta con un asesor\u00a0 todas tus inquietudes.<\/p>\n<p><img decoding=\"async\" class=\"aligncenter\" src=\"https:\/\/images.ua.prom.st\/1494266627_1494266627.jpg?PImaGE_ID=1494266627\" \/><\/p>\n<p style=\"text-align: center;\">Pregunta las formas de pago.<\/p>\n<p><img decoding=\"async\" class=\"aligncenter\" src=\"https:\/\/images.ua.prom.st\/1494267985_1494267985.jpg?PImaGE_ID=1494267985\" \/><\/p>\n<p style=\"text-align: center;\">Tu pedido llega a la puerta de tu casa.<\/p>\n<p>&nbsp;<\/p>\n<p><strong>\u00a1\u00a1 PREGUNTANOS Sin compromiso !!!!<\/strong><\/p>\n<p>Puede retirar sus pedidos en nuestra\u00a0<a href=\"https:\/\/www.electronicajnc.com\/web\/contactos\" target=\"_blank\" rel=\"noopener\">TIENDA F\u00cdSICA<\/a>\u00a0o realizar sus pedidos\u00a0<a href=\"https:\/\/www.electronicajnc.com\/web\/mi-cuenta\" target=\"_blank\" rel=\"noopener\">ONLINE<\/a>\u00a0o por\u00a0<a href=\"https:\/\/api.whatsapp.com\/send?phone=593958753126\" target=\"_blank\" rel=\"noopener\">WHATSAPP<\/a>.<\/p>\n","protected":false},"excerpt":{"rendered":"<p>l m\u00f3dulo es f\u00e1cil de usar y no requiere calibraci\u00f3n externa, lo que lo hace ideal para su uso en proyectos electr\u00f3nicos que requieren una medici\u00f3n precisa de la temperatura y la humedad relativa en el aire. El m\u00f3dulo tambi\u00e9n es muy compacto y tiene un bajo consumo de energ\u00eda, lo que lo hace adecuado para aplicaciones con limitaciones de espacio y energ\u00eda.<\/p>\n","protected":false},"featured_media":978,"comment_status":"closed","ping_status":"closed","template":"","meta":{"saved_in_kubio":false,"_joinchat":[]},"product_brand":[],"product_cat":[21],"product_tag":[688,691,686,719,699,710,697,706,712,692,714,711,687,708,709,713,694,685,696,701,717,715,318,703,704,700,705,702,693,698,707,32,718,31,35,695],"class_list":{"0":"post-972","1":"product","2":"type-product","3":"status-publish","4":"has-post-thumbnail","6":"product_cat-modulos_sensores","7":"product_tag-aprender-iot","8":"product_tag-compra-online-kit-arduino","9":"product_tag-comunicacion-inalambrica","10":"product_tag-control-de-motores-control-de-motores","11":"product_tag-conversion-analogica-a-digital","12":"product_tag-diseno-de-circuitos","13":"product_tag-educacion-stem","14":"product_tag-esp01-8266","15":"product_tag-internet-de-las-cosas-iot","16":"product_tag-kit-arduino","17":"product_tag-kit-arduino-ecuador","18":"product_tag-kit-arduino-mas-vendido","19":"product_tag-kit-de-electronica","20":"product_tag-kit-de-inicio-arduino","21":"product_tag-kit-de-proyecto-arduino","22":"product_tag-kit-de-robotica","23":"product_tag-kit-diy","24":"product_tag-kit-internet-de-las-cosas","25":"product_tag-kit-iot","26":"product_tag-kit-steam","27":"product_tag-kits-arduino","28":"product_tag-mejor-kit-arduino-ecuador","29":"product_tag-microcontrolador","30":"product_tag-modulo-bluetooth-hc05","31":"product_tag-modulo-sensor","32":"product_tag-nodemcu-esp8266","33":"product_tag-pantalla-i2c","34":"product_tag-pantalla-lcd","35":"product_tag-pantalla-led","36":"product_tag-placa-arduino","37":"product_tag-placa-de-pruebas","38":"product_tag-programacion","39":"product_tag-proyectos-arduino-uno-r3","40":"product_tag-robotica","41":"product_tag-sensor-de-temperatura","42":"product_tag-servomotor","44":"first","45":"instock","46":"taxable","47":"shipping-taxable","48":"purchasable","49":"product-type-simple"},"yoast_head":"<!-- This site is optimized with the Yoast SEO plugin v27.4 - https:\/\/yoast.com\/product\/yoast-seo-wordpress\/ -->\n<title>M\u00f3dulo Sensor de Humedad y Temperatura AHT10 - Electronica JNC<\/title>\n<meta name=\"description\" content=\"M\u00f3dulo Sensor de Humedad y Temperatura AHT10 es un sensor capaz de tomar lecturas precisas y excelente confiabilidad, perfecto para usar en proyectos.\" \/>\n<meta name=\"robots\" content=\"index, follow, max-snippet:-1, max-image-preview:large, max-video-preview:-1\" \/>\n<link rel=\"canonical\" href=\"https:\/\/www.electronicajnc.com\/web\/producto\/modulo-sensor-de-humedad-y-temperatura-aht10\/\" \/>\n<meta property=\"og:locale\" content=\"es_ES\" \/>\n<meta property=\"og:type\" content=\"article\" \/>\n<meta property=\"og:title\" content=\"M\u00f3dulo Sensor de Humedad y Temperatura AHT10 - Electronica JNC\" \/>\n<meta property=\"og:description\" content=\"M\u00f3dulo Sensor de Humedad y Temperatura AHT10 es un sensor capaz de tomar lecturas precisas y excelente confiabilidad, perfecto para usar en proyectos.\" \/>\n<meta property=\"og:url\" content=\"https:\/\/www.electronicajnc.com\/web\/producto\/modulo-sensor-de-humedad-y-temperatura-aht10\/\" \/>\n<meta property=\"og:site_name\" content=\"Electronica JNC\" \/>\n<meta property=\"article:modified_time\" content=\"2025-08-06T19:29:11+00:00\" \/>\n<meta property=\"og:image\" content=\"https:\/\/www.electronicajnc.com\/web\/wp-content\/uploads\/2023\/10\/humedad-y-temperatura-aht10-3.jpg\" \/>\n\t<meta property=\"og:image:width\" content=\"1299\" \/>\n\t<meta property=\"og:image:height\" content=\"1079\" \/>\n\t<meta property=\"og:image:type\" content=\"image\/jpeg\" \/>\n<meta name=\"twitter:card\" content=\"summary_large_image\" \/>\n<meta name=\"twitter:label1\" content=\"Tiempo de lectura\" \/>\n\t<meta name=\"twitter:data1\" content=\"3 minutos\" \/>\n<script type=\"application\/ld+json\" class=\"yoast-schema-graph\">{\"@context\":\"https:\\\/\\\/schema.org\",\"@graph\":[{\"@type\":\"WebPage\",\"@id\":\"https:\\\/\\\/www.electronicajnc.com\\\/web\\\/producto\\\/modulo-sensor-de-humedad-y-temperatura-aht10\\\/\",\"url\":\"https:\\\/\\\/www.electronicajnc.com\\\/web\\\/producto\\\/modulo-sensor-de-humedad-y-temperatura-aht10\\\/\",\"name\":\"M\u00f3dulo Sensor de Humedad y Temperatura AHT10 - Electronica JNC\",\"isPartOf\":{\"@id\":\"https:\\\/\\\/www.electronicajnc.com\\\/web\\\/#website\"},\"primaryImageOfPage\":{\"@id\":\"https:\\\/\\\/www.electronicajnc.com\\\/web\\\/producto\\\/modulo-sensor-de-humedad-y-temperatura-aht10\\\/#primaryimage\"},\"image\":{\"@id\":\"https:\\\/\\\/www.electronicajnc.com\\\/web\\\/producto\\\/modulo-sensor-de-humedad-y-temperatura-aht10\\\/#primaryimage\"},\"thumbnailUrl\":\"https:\\\/\\\/www.electronicajnc.com\\\/web\\\/wp-content\\\/uploads\\\/2023\\\/10\\\/humedad-y-temperatura-aht10-3.jpg\",\"datePublished\":\"2023-10-26T21:36:13+00:00\",\"dateModified\":\"2025-08-06T19:29:11+00:00\",\"description\":\"M\u00f3dulo Sensor de Humedad y Temperatura AHT10 es un sensor capaz de tomar lecturas precisas y excelente confiabilidad, perfecto para usar en proyectos.\",\"breadcrumb\":{\"@id\":\"https:\\\/\\\/www.electronicajnc.com\\\/web\\\/producto\\\/modulo-sensor-de-humedad-y-temperatura-aht10\\\/#breadcrumb\"},\"inLanguage\":\"es\",\"potentialAction\":[{\"@type\":\"ReadAction\",\"target\":[\"https:\\\/\\\/www.electronicajnc.com\\\/web\\\/producto\\\/modulo-sensor-de-humedad-y-temperatura-aht10\\\/\"]}]},{\"@type\":\"ImageObject\",\"inLanguage\":\"es\",\"@id\":\"https:\\\/\\\/www.electronicajnc.com\\\/web\\\/producto\\\/modulo-sensor-de-humedad-y-temperatura-aht10\\\/#primaryimage\",\"url\":\"https:\\\/\\\/www.electronicajnc.com\\\/web\\\/wp-content\\\/uploads\\\/2023\\\/10\\\/humedad-y-temperatura-aht10-3.jpg\",\"contentUrl\":\"https:\\\/\\\/www.electronicajnc.com\\\/web\\\/wp-content\\\/uploads\\\/2023\\\/10\\\/humedad-y-temperatura-aht10-3.jpg\",\"width\":1299,\"height\":1079,\"caption\":\"M\u00f3dulo Sensor de Humedad y Temperatura AHT10\"},{\"@type\":\"BreadcrumbList\",\"@id\":\"https:\\\/\\\/www.electronicajnc.com\\\/web\\\/producto\\\/modulo-sensor-de-humedad-y-temperatura-aht10\\\/#breadcrumb\",\"itemListElement\":[{\"@type\":\"ListItem\",\"position\":1,\"name\":\"Portada\",\"item\":\"https:\\\/\\\/www.electronicajnc.com\\\/web\\\/\"},{\"@type\":\"ListItem\",\"position\":2,\"name\":\"TIENDA\",\"item\":\"https:\\\/\\\/www.electronicajnc.com\\\/web\\\/tienda\\\/\"},{\"@type\":\"ListItem\",\"position\":3,\"name\":\"M\u00f3dulo Sensor de Humedad y Temperatura AHT10\"}]},{\"@type\":\"WebSite\",\"@id\":\"https:\\\/\\\/www.electronicajnc.com\\\/web\\\/#website\",\"url\":\"https:\\\/\\\/www.electronicajnc.com\\\/web\\\/\",\"name\":\"Electronica JNC\",\"description\":\"Robotica Tecnologia Mecatronica en Ecuador\",\"publisher\":{\"@id\":\"https:\\\/\\\/www.electronicajnc.com\\\/web\\\/#organization\"},\"potentialAction\":[{\"@type\":\"SearchAction\",\"target\":{\"@type\":\"EntryPoint\",\"urlTemplate\":\"https:\\\/\\\/www.electronicajnc.com\\\/web\\\/?s={search_term_string}\"},\"query-input\":{\"@type\":\"PropertyValueSpecification\",\"valueRequired\":true,\"valueName\":\"search_term_string\"}}],\"inLanguage\":\"es\"},{\"@type\":\"Organization\",\"@id\":\"https:\\\/\\\/www.electronicajnc.com\\\/web\\\/#organization\",\"name\":\"Electronica JNC\",\"url\":\"https:\\\/\\\/www.electronicajnc.com\\\/web\\\/\",\"logo\":{\"@type\":\"ImageObject\",\"inLanguage\":\"es\",\"@id\":\"https:\\\/\\\/www.electronicajnc.com\\\/web\\\/#\\\/schema\\\/logo\\\/image\\\/\",\"url\":\"https:\\\/\\\/www.electronicajnc.com\\\/web\\\/wp-content\\\/uploads\\\/2023\\\/06\\\/nuevo-logo.jpg\",\"contentUrl\":\"https:\\\/\\\/www.electronicajnc.com\\\/web\\\/wp-content\\\/uploads\\\/2023\\\/06\\\/nuevo-logo.jpg\",\"width\":1256,\"height\":612,\"caption\":\"Electronica JNC\"},\"image\":{\"@id\":\"https:\\\/\\\/www.electronicajnc.com\\\/web\\\/#\\\/schema\\\/logo\\\/image\\\/\"}}]}<\/script>\n<!-- \/ Yoast SEO plugin. -->","yoast_head_json":{"title":"M\u00f3dulo Sensor de Humedad y Temperatura AHT10 - Electronica JNC","description":"M\u00f3dulo Sensor de Humedad y Temperatura AHT10 es un sensor capaz de tomar lecturas precisas y excelente confiabilidad, perfecto para usar en proyectos.","robots":{"index":"index","follow":"follow","max-snippet":"max-snippet:-1","max-image-preview":"max-image-preview:large","max-video-preview":"max-video-preview:-1"},"canonical":"https:\/\/www.electronicajnc.com\/web\/producto\/modulo-sensor-de-humedad-y-temperatura-aht10\/","og_locale":"es_ES","og_type":"article","og_title":"M\u00f3dulo Sensor de Humedad y Temperatura AHT10 - Electronica JNC","og_description":"M\u00f3dulo Sensor de Humedad y Temperatura AHT10 es un sensor capaz de tomar lecturas precisas y excelente confiabilidad, perfecto para usar en proyectos.","og_url":"https:\/\/www.electronicajnc.com\/web\/producto\/modulo-sensor-de-humedad-y-temperatura-aht10\/","og_site_name":"Electronica JNC","article_modified_time":"2025-08-06T19:29:11+00:00","og_image":[{"width":1299,"height":1079,"url":"https:\/\/www.electronicajnc.com\/web\/wp-content\/uploads\/2023\/10\/humedad-y-temperatura-aht10-3.jpg","type":"image\/jpeg"}],"twitter_card":"summary_large_image","twitter_misc":{"Tiempo de lectura":"3 minutos"},"schema":{"@context":"https:\/\/schema.org","@graph":[{"@type":"WebPage","@id":"https:\/\/www.electronicajnc.com\/web\/producto\/modulo-sensor-de-humedad-y-temperatura-aht10\/","url":"https:\/\/www.electronicajnc.com\/web\/producto\/modulo-sensor-de-humedad-y-temperatura-aht10\/","name":"M\u00f3dulo Sensor de Humedad y Temperatura AHT10 - Electronica JNC","isPartOf":{"@id":"https:\/\/www.electronicajnc.com\/web\/#website"},"primaryImageOfPage":{"@id":"https:\/\/www.electronicajnc.com\/web\/producto\/modulo-sensor-de-humedad-y-temperatura-aht10\/#primaryimage"},"image":{"@id":"https:\/\/www.electronicajnc.com\/web\/producto\/modulo-sensor-de-humedad-y-temperatura-aht10\/#primaryimage"},"thumbnailUrl":"https:\/\/www.electronicajnc.com\/web\/wp-content\/uploads\/2023\/10\/humedad-y-temperatura-aht10-3.jpg","datePublished":"2023-10-26T21:36:13+00:00","dateModified":"2025-08-06T19:29:11+00:00","description":"M\u00f3dulo Sensor de Humedad y Temperatura AHT10 es un sensor capaz de tomar lecturas precisas y excelente confiabilidad, perfecto para usar en proyectos.","breadcrumb":{"@id":"https:\/\/www.electronicajnc.com\/web\/producto\/modulo-sensor-de-humedad-y-temperatura-aht10\/#breadcrumb"},"inLanguage":"es","potentialAction":[{"@type":"ReadAction","target":["https:\/\/www.electronicajnc.com\/web\/producto\/modulo-sensor-de-humedad-y-temperatura-aht10\/"]}]},{"@type":"ImageObject","inLanguage":"es","@id":"https:\/\/www.electronicajnc.com\/web\/producto\/modulo-sensor-de-humedad-y-temperatura-aht10\/#primaryimage","url":"https:\/\/www.electronicajnc.com\/web\/wp-content\/uploads\/2023\/10\/humedad-y-temperatura-aht10-3.jpg","contentUrl":"https:\/\/www.electronicajnc.com\/web\/wp-content\/uploads\/2023\/10\/humedad-y-temperatura-aht10-3.jpg","width":1299,"height":1079,"caption":"M\u00f3dulo Sensor de Humedad y Temperatura AHT10"},{"@type":"BreadcrumbList","@id":"https:\/\/www.electronicajnc.com\/web\/producto\/modulo-sensor-de-humedad-y-temperatura-aht10\/#breadcrumb","itemListElement":[{"@type":"ListItem","position":1,"name":"Portada","item":"https:\/\/www.electronicajnc.com\/web\/"},{"@type":"ListItem","position":2,"name":"TIENDA","item":"https:\/\/www.electronicajnc.com\/web\/tienda\/"},{"@type":"ListItem","position":3,"name":"M\u00f3dulo Sensor de Humedad y Temperatura AHT10"}]},{"@type":"WebSite","@id":"https:\/\/www.electronicajnc.com\/web\/#website","url":"https:\/\/www.electronicajnc.com\/web\/","name":"Electronica JNC","description":"Robotica Tecnologia Mecatronica en Ecuador","publisher":{"@id":"https:\/\/www.electronicajnc.com\/web\/#organization"},"potentialAction":[{"@type":"SearchAction","target":{"@type":"EntryPoint","urlTemplate":"https:\/\/www.electronicajnc.com\/web\/?s={search_term_string}"},"query-input":{"@type":"PropertyValueSpecification","valueRequired":true,"valueName":"search_term_string"}}],"inLanguage":"es"},{"@type":"Organization","@id":"https:\/\/www.electronicajnc.com\/web\/#organization","name":"Electronica JNC","url":"https:\/\/www.electronicajnc.com\/web\/","logo":{"@type":"ImageObject","inLanguage":"es","@id":"https:\/\/www.electronicajnc.com\/web\/#\/schema\/logo\/image\/","url":"https:\/\/www.electronicajnc.com\/web\/wp-content\/uploads\/2023\/06\/nuevo-logo.jpg","contentUrl":"https:\/\/www.electronicajnc.com\/web\/wp-content\/uploads\/2023\/06\/nuevo-logo.jpg","width":1256,"height":612,"caption":"Electronica JNC"},"image":{"@id":"https:\/\/www.electronicajnc.com\/web\/#\/schema\/logo\/image\/"}}]}},"_links":{"self":[{"href":"https:\/\/www.electronicajnc.com\/web\/wp-json\/wp\/v2\/product\/972","targetHints":{"allow":["GET"]}}],"collection":[{"href":"https:\/\/www.electronicajnc.com\/web\/wp-json\/wp\/v2\/product"}],"about":[{"href":"https:\/\/www.electronicajnc.com\/web\/wp-json\/wp\/v2\/types\/product"}],"replies":[{"embeddable":true,"href":"https:\/\/www.electronicajnc.com\/web\/wp-json\/wp\/v2\/comments?post=972"}],"wp:featuredmedia":[{"embeddable":true,"href":"https:\/\/www.electronicajnc.com\/web\/wp-json\/wp\/v2\/media\/978"}],"wp:attachment":[{"href":"https:\/\/www.electronicajnc.com\/web\/wp-json\/wp\/v2\/media?parent=972"}],"wp:term":[{"taxonomy":"product_brand","embeddable":true,"href":"https:\/\/www.electronicajnc.com\/web\/wp-json\/wp\/v2\/product_brand?post=972"},{"taxonomy":"product_cat","embeddable":true,"href":"https:\/\/www.electronicajnc.com\/web\/wp-json\/wp\/v2\/product_cat?post=972"},{"taxonomy":"product_tag","embeddable":true,"href":"https:\/\/www.electronicajnc.com\/web\/wp-json\/wp\/v2\/product_tag?post=972"}],"curies":[{"name":"wp","href":"https:\/\/api.w.org\/{rel}","templated":true}]}}